{"id":10020,"date":"2022-07-11T22:49:12","date_gmt":"2022-07-11T20:49:12","guid":{"rendered":"https:\/\/eterle.cz\/eshop\/produkt\/lampicka-auticka\/"},"modified":"2025-06-24T01:51:38","modified_gmt":"2025-06-23T23:51:38","slug":"lampicka-auticka","status":"publish","type":"product","link":"https:\/\/eterle.cz\/eshop\/produkt\/lampicka-auticka\/","title":{"rendered":"Lampi\u010dka aut\u00ed\u010dka"},"content":{"rendered":"<p>Lampi\u010dka aut\u00ed\u010dka vyrobena ze slit\u00fdch plastov\u00fdch \u00falomk\u016f. Nadchne ka\u017ed\u00e9ho mal\u00e9ho motoristu.<\/p>\n<p>Stav: dobr\u00fd, funk\u010dn\u00ed<br \/>\nRozm\u011br<br \/>\nV\u00fd\u0161ka: 13 cm<br \/>\nD\u00e9lka: 21 cm<br \/>\n\u0160\u00ed\u0159ka: 11 cm<\/p>\n","protected":false},"excerpt":{"rendered":"<p>Lampi\u010dka aut\u00ed\u010dka vyrobena ze slit\u00fdch plastov\u00fdch \u00falomk\u016f. Nadchne ka\u017ed\u00e9ho mal\u00e9ho motoristu. Stav: dobr\u00fd, funk\u010dn\u00ed Rozm\u011br V\u00fd\u0161ka: 13 cm D\u00e9lka: 21<\/p>\n","protected":false},"featured_media":10021,"template":"","meta":[],"product_brand":[153],"product_cat":[79,141],"product_tag":[],"class_list":{"0":"post-10020","1":"product","2":"type-product","3":"status-publish","4":"has-post-thumbnail","6":"product_brand-eterle-cz","7":"product_cat-svetla","8":"product_cat-stolni-lampy","10":"first","11":"instock","12":"purchasable","13":"product-type-simple"},"_links":{"self":[{"href":"https:\/\/eterle.cz\/eshop\/wp-json\/wp\/v2\/product\/10020","targetHints":{"allow":["GET"]}}],"collection":[{"href":"https:\/\/eterle.cz\/eshop\/wp-json\/wp\/v2\/product"}],"about":[{"href":"https:\/\/eterle.cz\/eshop\/wp-json\/wp\/v2\/types\/product"}],"version-history":[{"count":1,"href":"https:\/\/eterle.cz\/eshop\/wp-json\/wp\/v2\/product\/10020\/revisions"}],"predecessor-version":[{"id":26058,"href":"https:\/\/eterle.cz\/eshop\/wp-json\/wp\/v2\/product\/10020\/revisions\/26058"}],"wp:featuredmedia":[{"embeddable":true,"href":"https:\/\/eterle.cz\/eshop\/wp-json\/wp\/v2\/media\/10021"}],"wp:attachment":[{"href":"https:\/\/eterle.cz\/eshop\/wp-json\/wp\/v2\/media?parent=10020"}],"wp:term":[{"taxonomy":"product_brand","embeddable":true,"href":"https:\/\/eterle.cz\/eshop\/wp-json\/wp\/v2\/product_brand?post=10020"},{"taxonomy":"product_cat","embeddable":true,"href":"https:\/\/eterle.cz\/eshop\/wp-json\/wp\/v2\/product_cat?post=10020"},{"taxonomy":"product_tag","embeddable":true,"href":"https:\/\/eterle.cz\/eshop\/wp-json\/wp\/v2\/product_tag?post=10020"}],"curies":[{"name":"wp","href":"https:\/\/api.w.org\/{rel}","templated":true}]}}