{"id":10712,"date":"2022-09-11T23:01:40","date_gmt":"2022-09-11T21:01:40","guid":{"rendered":"https:\/\/eterle.cz\/eshop\/produkt\/snidanova-sada-freiberger\/"},"modified":"2025-02-16T02:59:24","modified_gmt":"2025-02-16T01:59:24","slug":"snidanova-sada-freiberger","status":"publish","type":"product","link":"https:\/\/eterle.cz\/eshop\/produkt\/snidanova-sada-freiberger\/","title":{"rendered":"Sn\u00edda\u0148ov\u00e1 sada \/ Freiberger"},"content":{"rendered":"<p>Kr\u00e1sn\u00e1 romantick\u00e1 sn\u00edda\u0148ov\u00e1 sada zdoben\u00e1 nejen malovan\u00fdmi kv\u011bty, ale i plastick\u00fdm dekorem po obvodu pot\u011b\u0161\u00ed ka\u017edou romantickou du\u0161i.<\/p>\n<p>Stav: perfektn\u00ed<br \/>\nZna\u010dka: Freiberger<br \/>\nRozm\u011br<br \/>\nObjem hrne\u010dku: 200 ml<br \/>\nPr\u016fm\u011br pod\u0161\u00e1lku: 14,5 cm<br \/>\nPr\u016fm\u011br tal\u00ed\u0159ku:  19 cm<\/p>\n","protected":false},"excerpt":{"rendered":"<p>Kr\u00e1sn\u00e1 romantick\u00e1 sn\u00edda\u0148ov\u00e1 sada zdoben\u00e1 nejen malovan\u00fdmi kv\u011bty, ale i plastick\u00fdm dekorem po obvodu pot\u011b\u0161\u00ed ka\u017edou romantickou du\u0161i. Stav: perfektn\u00ed<\/p>\n","protected":false},"featured_media":10713,"template":"","meta":[],"product_brand":[153],"product_cat":[91],"product_tag":[],"class_list":{"0":"post-10712","1":"product","2":"type-product","3":"status-publish","4":"has-post-thumbnail","6":"product_brand-eterle-cz","7":"product_cat-prodane","9":"first","10":"outofstock","11":"purchasable","12":"product-type-simple"},"_links":{"self":[{"href":"https:\/\/eterle.cz\/eshop\/wp-json\/wp\/v2\/product\/10712","targetHints":{"allow":["GET"]}}],"collection":[{"href":"https:\/\/eterle.cz\/eshop\/wp-json\/wp\/v2\/product"}],"about":[{"href":"https:\/\/eterle.cz\/eshop\/wp-json\/wp\/v2\/types\/product"}],"version-history":[{"count":0,"href":"https:\/\/eterle.cz\/eshop\/wp-json\/wp\/v2\/product\/10712\/revisions"}],"wp:featuredmedia":[{"embeddable":true,"href":"https:\/\/eterle.cz\/eshop\/wp-json\/wp\/v2\/media\/10713"}],"wp:attachment":[{"href":"https:\/\/eterle.cz\/eshop\/wp-json\/wp\/v2\/media?parent=10712"}],"wp:term":[{"taxonomy":"product_brand","embeddable":true,"href":"https:\/\/eterle.cz\/eshop\/wp-json\/wp\/v2\/product_brand?post=10712"},{"taxonomy":"product_cat","embeddable":true,"href":"https:\/\/eterle.cz\/eshop\/wp-json\/wp\/v2\/product_cat?post=10712"},{"taxonomy":"product_tag","embeddable":true,"href":"https:\/\/eterle.cz\/eshop\/wp-json\/wp\/v2\/product_tag?post=10712"}],"curies":[{"name":"wp","href":"https:\/\/api.w.org\/{rel}","templated":true}]}}