{"id":10869,"date":"2022-09-11T23:06:39","date_gmt":"2022-09-11T21:06:39","guid":{"rendered":"https:\/\/eterle.cz\/eshop\/produkt\/cajova-sada-pro-4-anglie\/"},"modified":"2025-02-16T02:59:17","modified_gmt":"2025-02-16T01:59:17","slug":"cajova-sada-pro-4-anglie","status":"publish","type":"product","link":"https:\/\/eterle.cz\/eshop\/produkt\/cajova-sada-pro-4-anglie\/","title":{"rendered":"\u010cajov\u00e1 sada pro 4 \/ Anglie"},"content":{"rendered":"<p>\u010cajov\u00e1 sada z \u0159ady anglick\u00e9ho porcel\u00e1nu je z tlust\u00e9ho st\u0159epu v barv\u011b slonov\u00e9 kosti a  je r\u016f\u017eov\u011b dekorov\u00e1na v\u00fdjevem venkova. Dekor na hrne\u010dk\u00e1ch je m\u00edrn\u011b jakoby rozmaz\u00e1n, nem\u00e1 siln\u00e9 kontury jako na cuk\u0159ence a ml\u00e9kovce. <\/p>\n<p>Sada obsahuje 4 hrne\u010dky, ml\u00e9kovku a cuk\u0159enku.<\/p>\n<p>Stav: dobr\u00fd<br \/>\nZna\u010dka: Anglie<br \/>\nRozm\u011br<br \/>\nObjem cuk\u0159enky: 200 ml<br \/>\nObjem hrne\u010dku: 200 ml<br \/>\nObjem ml\u00e9kovky: 200 ml<\/p>\n","protected":false},"excerpt":{"rendered":"<p>\u010cajov\u00e1 sada z \u0159ady anglick\u00e9ho porcel\u00e1nu je z tlust\u00e9ho st\u0159epu v barv\u011b slonov\u00e9 kosti a je r\u016f\u017eov\u011b dekorov\u00e1na v\u00fdjevem venkova.<\/p>\n","protected":false},"featured_media":10870,"template":"","meta":[],"product_brand":[153],"product_cat":[91],"product_tag":[],"class_list":{"0":"post-10869","1":"product","2":"type-product","3":"status-publish","4":"has-post-thumbnail","6":"product_brand-eterle-cz","7":"product_cat-prodane","9":"first","10":"outofstock","11":"purchasable","12":"product-type-simple"},"_links":{"self":[{"href":"https:\/\/eterle.cz\/eshop\/wp-json\/wp\/v2\/product\/10869","targetHints":{"allow":["GET"]}}],"collection":[{"href":"https:\/\/eterle.cz\/eshop\/wp-json\/wp\/v2\/product"}],"about":[{"href":"https:\/\/eterle.cz\/eshop\/wp-json\/wp\/v2\/types\/product"}],"version-history":[{"count":0,"href":"https:\/\/eterle.cz\/eshop\/wp-json\/wp\/v2\/product\/10869\/revisions"}],"wp:featuredmedia":[{"embeddable":true,"href":"https:\/\/eterle.cz\/eshop\/wp-json\/wp\/v2\/media\/10870"}],"wp:attachment":[{"href":"https:\/\/eterle.cz\/eshop\/wp-json\/wp\/v2\/media?parent=10869"}],"wp:term":[{"taxonomy":"product_brand","embeddable":true,"href":"https:\/\/eterle.cz\/eshop\/wp-json\/wp\/v2\/product_brand?post=10869"},{"taxonomy":"product_cat","embeddable":true,"href":"https:\/\/eterle.cz\/eshop\/wp-json\/wp\/v2\/product_cat?post=10869"},{"taxonomy":"product_tag","embeddable":true,"href":"https:\/\/eterle.cz\/eshop\/wp-json\/wp\/v2\/product_tag?post=10869"}],"curies":[{"name":"wp","href":"https:\/\/api.w.org\/{rel}","templated":true}]}}