{"id":10924,"date":"2022-09-11T23:08:22","date_gmt":"2022-09-11T21:08:22","guid":{"rendered":"https:\/\/eterle.cz\/eshop\/produkt\/kavova-sada-pro-5-rosenthal\/"},"modified":"2025-06-24T01:52:56","modified_gmt":"2025-06-23T23:52:56","slug":"kavova-sada-pro-5-rosenthal","status":"publish","type":"product","link":"https:\/\/eterle.cz\/eshop\/produkt\/kavova-sada-pro-5-rosenthal\/","title":{"rendered":"K\u00e1vov\u00e1 sada pro 5 \/ Rosenthal"},"content":{"rendered":"<p>K\u00e1vov\u00e1 souprava &#8222;Romance&#8220; od n\u011bmeck\u00e9 porcel\u00e1nky Rosenthal podle n\u00e1vrhu d\u00e1nsk\u00e9ho mal\u00ed\u0159e a design\u00e9ra Bj\u00f8rn Wiinblada. Tento designer byl v New Yorku v roce 1985 jmenov\u00e1n Mu\u017eem roku a v roce 1995 z\u00edskal kulturn\u00ed cenu Americko-skandin\u00e1vsk\u00e9 nadace. Wiinblad byl v\u00fdznamn\u00fdm n\u00e1vrh\u00e1\u0159em porcel\u00e1nky Rosenthal.<\/p>\n<p>Porcel\u00e1n je tenk\u00fd a pln\u011b pokryt plastick\u00fdm jemn\u00fdm vzorem ov\u00e1l\u016f a te\u010dek, kter\u00fd je je\u0161t\u011b dekorov\u00e1n ru\u010dn\u00ed malbou kv\u011btin. Na dn\u011b \u0161\u00e1lku \u010dek\u00e1 je\u0161t\u011b p\u0159ekvapen\u00ed v podob\u011b zelen\u00e9 kyti\u010dky.<\/p>\n<p>Sada obsahuje konvici na k\u00e1vu, cuk\u0159enku, ml\u00e9kovku a p\u011bt sn\u00edda\u0148ov\u00fdch set\u016f.<\/p>\n<p>Stav: perfektn\u00ed<br \/>\nZna\u010dka: Rosenthal<br \/>\nRozm\u011br<br \/>\nObjem konvice: 1,150 l<br \/>\nObjem hrne\u010dku: 180 ml<br \/>\nObjem cuk\u0159enky: 230 ml<br \/>\nObjem ml\u00e9kovky: 200 ml<br \/>\nPr\u016fm\u011br pod\u0161\u00e1lku: 15 cm<br \/>\nPr\u016fm\u011br tal\u00ed\u0159ku: 18,5 cm<\/p>\n","protected":false},"excerpt":{"rendered":"<p>K\u00e1vov\u00e1 souprava &#8222;Romance&#8220; od n\u011bmeck\u00e9 porcel\u00e1nky Rosenthal podle n\u00e1vrhu d\u00e1nsk\u00e9ho mal\u00ed\u0159e a design\u00e9ra Bj\u00f8rn Wiinblada. Tento designer byl v New<\/p>\n","protected":false},"featured_media":10925,"template":"","meta":[],"product_brand":[153],"product_cat":[76,111,101],"product_tag":[],"class_list":{"0":"post-10924","1":"product","2":"type-product","3":"status-publish","4":"has-post-thumbnail","6":"product_brand-eterle-cz","7":"product_cat-porcelan","8":"product_cat-porcelanove-sady","9":"product_cat-rosenthal","11":"first","12":"instock","13":"sale","14":"purchasable","15":"product-type-simple"},"_links":{"self":[{"href":"https:\/\/eterle.cz\/eshop\/wp-json\/wp\/v2\/product\/10924","targetHints":{"allow":["GET"]}}],"collection":[{"href":"https:\/\/eterle.cz\/eshop\/wp-json\/wp\/v2\/product"}],"about":[{"href":"https:\/\/eterle.cz\/eshop\/wp-json\/wp\/v2\/types\/product"}],"version-history":[{"count":1,"href":"https:\/\/eterle.cz\/eshop\/wp-json\/wp\/v2\/product\/10924\/revisions"}],"predecessor-version":[{"id":26230,"href":"https:\/\/eterle.cz\/eshop\/wp-json\/wp\/v2\/product\/10924\/revisions\/26230"}],"wp:featuredmedia":[{"embeddable":true,"href":"https:\/\/eterle.cz\/eshop\/wp-json\/wp\/v2\/media\/10925"}],"wp:attachment":[{"href":"https:\/\/eterle.cz\/eshop\/wp-json\/wp\/v2\/media?parent=10924"}],"wp:term":[{"taxonomy":"product_brand","embeddable":true,"href":"https:\/\/eterle.cz\/eshop\/wp-json\/wp\/v2\/product_brand?post=10924"},{"taxonomy":"product_cat","embeddable":true,"href":"https:\/\/eterle.cz\/eshop\/wp-json\/wp\/v2\/product_cat?post=10924"},{"taxonomy":"product_tag","embeddable":true,"href":"https:\/\/eterle.cz\/eshop\/wp-json\/wp\/v2\/product_tag?post=10924"}],"curies":[{"name":"wp","href":"https:\/\/api.w.org\/{rel}","templated":true}]}}