{"id":10932,"date":"2022-09-11T23:08:37","date_gmt":"2022-09-11T21:08:37","guid":{"rendered":"https:\/\/eterle.cz\/eshop\/produkt\/cajova-souprava-pro-6-edelstein\/"},"modified":"2025-06-24T01:52:55","modified_gmt":"2025-06-23T23:52:55","slug":"cajova-souprava-pro-6-edelstein","status":"publish","type":"product","link":"https:\/\/eterle.cz\/eshop\/produkt\/cajova-souprava-pro-6-edelstein\/","title":{"rendered":"\u010cajov\u00e1 souprava pro 6 \/ Edelstein"},"content":{"rendered":"<p>\u010cajov\u00e1 souprava od n\u011bmeck\u00e9 zna\u010dky Edelstein, kter\u00e1 existovala od roku 1919 do roku 1972. Zakladatel\u00e9 t\u00e9to porcel\u00e1nky Julius Edelstein a jeho man\u017eelka byli zavra\u017ed\u011bni nacisty v roce 1941 v Rize. <\/p>\n<p>Souprava je vyrobena z tenk\u00e9ho st\u0159epu s decentn\u00edm b\u00edl\u00fdm plastick\u00fdm vzorem. Je velmi minimalistick\u00e1 a nad\u010dasov\u00e1, tedy vhodn\u00e1 do modern\u00edho i vintage interi\u00e9ru. <\/p>\n<p>Sada obsahuje \u010dajovou konvici, \u0161est sn\u00edda\u0148ov\u00fdch sad, cuk\u0159enku, ml\u00e9kovka, kol\u00e1\u010dov\u00fd tal\u00ed\u0159.<\/p>\n<p>Stav: perfektn\u00ed<br \/>\nZna\u010dka: Edelstein<br \/>\nRozm\u011br<br \/>\nObjem konvice: 1,250 l<br \/>\nObjem hrne\u010dku: 150 ml<br \/>\nObjem cuk\u0159enky: 200 ml<br \/>\nObjem ml\u00e9kovky: 150 ml<br \/>\nPr\u016fm\u011br pod\u0161\u00e1lku: 14 cm<br \/>\nPr\u016fm\u011br dezertn\u00edho tal\u00ed\u0159ku: 19,5 cm<br \/>\nPr\u016fm\u011br kol\u00e1\u010dov\u00e9ho tal\u00ed\u0159e: 24,5 cm<\/p>\n","protected":false},"excerpt":{"rendered":"<p>\u010cajov\u00e1 souprava od n\u011bmeck\u00e9 zna\u010dky Edelstein, kter\u00e1 existovala od roku 1919 do roku 1972. Zakladatel\u00e9 t\u00e9to porcel\u00e1nky Julius Edelstein a<\/p>\n","protected":false},"featured_media":10933,"template":"","meta":[],"product_brand":[153],"product_cat":[76,111],"product_tag":[],"class_list":{"0":"post-10932","1":"product","2":"type-product","3":"status-publish","4":"has-post-thumbnail","6":"product_brand-eterle-cz","7":"product_cat-porcelan","8":"product_cat-porcelanove-sady","10":"first","11":"instock","12":"purchasable","13":"product-type-simple"},"_links":{"self":[{"href":"https:\/\/eterle.cz\/eshop\/wp-json\/wp\/v2\/product\/10932","targetHints":{"allow":["GET"]}}],"collection":[{"href":"https:\/\/eterle.cz\/eshop\/wp-json\/wp\/v2\/product"}],"about":[{"href":"https:\/\/eterle.cz\/eshop\/wp-json\/wp\/v2\/types\/product"}],"version-history":[{"count":1,"href":"https:\/\/eterle.cz\/eshop\/wp-json\/wp\/v2\/product\/10932\/revisions"}],"predecessor-version":[{"id":26229,"href":"https:\/\/eterle.cz\/eshop\/wp-json\/wp\/v2\/product\/10932\/revisions\/26229"}],"wp:featuredmedia":[{"embeddable":true,"href":"https:\/\/eterle.cz\/eshop\/wp-json\/wp\/v2\/media\/10933"}],"wp:attachment":[{"href":"https:\/\/eterle.cz\/eshop\/wp-json\/wp\/v2\/media?parent=10932"}],"wp:term":[{"taxonomy":"product_brand","embeddable":true,"href":"https:\/\/eterle.cz\/eshop\/wp-json\/wp\/v2\/product_brand?post=10932"},{"taxonomy":"product_cat","embeddable":true,"href":"https:\/\/eterle.cz\/eshop\/wp-json\/wp\/v2\/product_cat?post=10932"},{"taxonomy":"product_tag","embeddable":true,"href":"https:\/\/eterle.cz\/eshop\/wp-json\/wp\/v2\/product_tag?post=10932"}],"curies":[{"name":"wp","href":"https:\/\/api.w.org\/{rel}","templated":true}]}}

Čajová souprava pro 6 / Edelstein

<p>Čajová souprava od německé značky Edelstein, která existovala od roku 1919 do roku 1972. Zakladatelé této porcelánky Julius Edelstein a jeho manželka byli zavražděni nacisty v roce 1941 v Rize. </p>
<p>Souprava je vyrobena z tenkého střepu s decentním bílým plastickým vzorem. Je velmi minimalistická a nadčasová, tedy vhodná do moderního i vintage interiéru. </p>
<p>Sada obsahuje čajovou konvici, šest snídaňových sad, cukřenku, mlékovka, koláčový talíř.</p>
<p>Stav: perfektní<br />
Značka: Edelstein<br />
Rozměr<br />
Objem konvice: 1,250 l<br />
Objem hrnečku: 150 ml<br />
Objem cukřenky: 200 ml<br />
Objem mlékovky: 150 ml<br />
Průměr podšálku: 14 cm<br />
Průměr dezertního talířku: 19,5 cm<br />
Průměr koláčového talíře: 24,5 cm</p>

<p>Čajová souprava od německé značky Edelstein, která existovala od roku 1919 do roku 1972. Zakladatelé této porcelánky Julius Edelstein a</p>
