{"id":10950,"date":"2022-09-11T23:09:11","date_gmt":"2022-09-11T21:09:11","guid":{"rendered":"https:\/\/eterle.cz\/eshop\/produkt\/misa-s-poklopem-edelstein\/"},"modified":"2025-02-16T02:59:12","modified_gmt":"2025-02-16T01:59:12","slug":"misa-s-poklopem-edelstein","status":"publish","type":"product","link":"https:\/\/eterle.cz\/eshop\/produkt\/misa-s-poklopem-edelstein\/","title":{"rendered":"M\u00edsa s poklopem \/ Edelstein"},"content":{"rendered":"<p>M\u00edsa od n\u011bmeck\u00e9 zna\u010dky Edelstein, kter\u00e1 existovala od roku 1919 do roku 1972. Zakladatel\u00e9 t\u00e9to porcel\u00e1nky Julius Edelstein a jeho man\u017eelka byli zavra\u017ed\u011bni nacisty v roce 1941 v Rize. <\/p>\n<p>M\u00edsa, vhodn\u00e1 t\u0159eba na ovocn\u00e9 knedl\u00edky, je vyrobena z tenk\u00e9ho st\u0159epu s decentn\u00edm b\u00edl\u00fdm plastick\u00fdm vzorem. Je velmi minimalistick\u00e1 a nad\u010dasov\u00e1, tedy vhodn\u00e1 do modern\u00edho i vintage interi\u00e9ru.<\/p>\n<p>Stav: perfektn\u00ed<br \/>\nZna\u010dka: Edelstein<br \/>\nRozm\u011br<br \/>\nObjem: 1,5 l<\/p>\n","protected":false},"excerpt":{"rendered":"<p>M\u00edsa od n\u011bmeck\u00e9 zna\u010dky Edelstein, kter\u00e1 existovala od roku 1919 do roku 1972. Zakladatel\u00e9 t\u00e9to porcel\u00e1nky Julius Edelstein a jeho<\/p>\n","protected":false},"featured_media":10951,"template":"","meta":[],"product_brand":[153],"product_cat":[91],"product_tag":[],"class_list":{"0":"post-10950","1":"product","2":"type-product","3":"status-publish","4":"has-post-thumbnail","6":"product_brand-eterle-cz","7":"product_cat-prodane","9":"first","10":"outofstock","11":"purchasable","12":"product-type-simple"},"_links":{"self":[{"href":"https:\/\/eterle.cz\/eshop\/wp-json\/wp\/v2\/product\/10950","targetHints":{"allow":["GET"]}}],"collection":[{"href":"https:\/\/eterle.cz\/eshop\/wp-json\/wp\/v2\/product"}],"about":[{"href":"https:\/\/eterle.cz\/eshop\/wp-json\/wp\/v2\/types\/product"}],"version-history":[{"count":0,"href":"https:\/\/eterle.cz\/eshop\/wp-json\/wp\/v2\/product\/10950\/revisions"}],"wp:featuredmedia":[{"embeddable":true,"href":"https:\/\/eterle.cz\/eshop\/wp-json\/wp\/v2\/media\/10951"}],"wp:attachment":[{"href":"https:\/\/eterle.cz\/eshop\/wp-json\/wp\/v2\/media?parent=10950"}],"wp:term":[{"taxonomy":"product_brand","embeddable":true,"href":"https:\/\/eterle.cz\/eshop\/wp-json\/wp\/v2\/product_brand?post=10950"},{"taxonomy":"product_cat","embeddable":true,"href":"https:\/\/eterle.cz\/eshop\/wp-json\/wp\/v2\/product_cat?post=10950"},{"taxonomy":"product_tag","embeddable":true,"href":"https:\/\/eterle.cz\/eshop\/wp-json\/wp\/v2\/product_tag?post=10950"}],"curies":[{"name":"wp","href":"https:\/\/api.w.org\/{rel}","templated":true}]}}

Mísa s poklopem / Edelstein

<p>Mísa od německé značky Edelstein, která existovala od roku 1919 do roku 1972. Zakladatelé této porcelánky Julius Edelstein a jeho manželka byli zavražděni nacisty v roce 1941 v Rize. </p>
<p>Mísa, vhodná třeba na ovocné knedlíky, je vyrobena z tenkého střepu s decentním bílým plastickým vzorem. Je velmi minimalistická a nadčasová, tedy vhodná do moderního i vintage interiéru.</p>
<p>Stav: perfektní<br />
Značka: Edelstein<br />
Rozměr<br />
Objem: 1,5 l</p>

<p>Mísa od německé značky Edelstein, která existovala od roku 1919 do roku 1972. Zakladatelé této porcelánky Julius Edelstein a jeho</p>
