{"id":10961,"date":"2022-09-11T23:09:30","date_gmt":"2022-09-11T21:09:30","guid":{"rendered":"https:\/\/eterle.cz\/eshop\/produkt\/jidelni-sada-misen\/"},"modified":"2025-06-24T01:52:55","modified_gmt":"2025-06-23T23:52:55","slug":"jidelni-sada-misen","status":"publish","type":"product","link":"https:\/\/eterle.cz\/eshop\/produkt\/jidelni-sada-misen\/","title":{"rendered":"J\u00eddeln\u00ed sada \/ M\u00ed\u0161e\u0148"},"content":{"rendered":"<p>J\u00eddeln\u00ed sada M\u00ed\u0161e\u0148 zna\u010den\u00e1 sk\u0159\u00edzen\u00fdmi me\u010di. M\u00ed\u0161\u0148sk\u00fd porcel\u00e1n\u00a0je prvn\u00ed\u00a0evropsk\u00fd\u00a0porcel\u00e1n jeho\u017e vznik sah\u00e1 do roku 1708. Tento podnik pat\u0159il k nejslavn\u011bj\u0161\u00edm manufaktur\u00e1m sv\u00e9ho druhu v Evrop\u011b a funguje dodnes.V\u0161echny produkty jsou sv\u00fdm zp\u016fsobem unik\u00e1ty, pon\u011bvad\u017e jsou ru\u010dn\u011b vyr\u00e1b\u011bn\u00e9 i dekorovan\u00e9. M\u00ed\u0161e\u0148sk\u00fd porcel\u00e1n je ozna\u010dov\u00e1n logem dvou zk\u0159\u00ed\u017een\u00fdch me\u010d\u016f. Tato zna\u010dka, zaveden\u00e1 v roce 1720, se dekretem stala od roku 1731 zna\u010dkou ofici\u00e1ln\u00ed; r\u016fzn\u00e9 variace stylu me\u010d\u016f dovoluj\u00ed m\u00ed\u0161e\u0148sk\u00e9 v\u00fdrobky dob\u0159e datovat. Dle zna\u010den\u00ed poch\u00e1z\u00ed tento j\u00eddeln\u00ed tal\u00ed\u0159 z let 1860-1924. <\/p>\n<p>Sada obsahuje m\u011blk\u00fd, hlubok\u00fd a dezertn\u00ed tal\u00ed\u0159.<\/p>\n<p>Stav: asi druh\u00e1 jakost, hlubok\u00fd tal\u00ed\u0159 m\u00e1 2 cm r\u00fdhu pod glazurou<br \/>\nZna\u010dka: M\u00ed\u0161e\u0148<br \/>\nRozm\u011br<br \/>\nPr\u016fm\u011br m\u011blk\u00e9ho: 25 cm<br \/>\nPr\u016fm\u011br hlubok\u00e9ho: 23,5 cm<br \/>\nPr\u016fm\u011br dezertn\u00edho: 21 cm<\/p>\n","protected":false},"excerpt":{"rendered":"<p>J\u00eddeln\u00ed sada M\u00ed\u0161e\u0148 zna\u010den\u00e1 sk\u0159\u00edzen\u00fdmi me\u010di. M\u00ed\u0161\u0148sk\u00fd porcel\u00e1n\u00a0je prvn\u00ed\u00a0evropsk\u00fd\u00a0porcel\u00e1n jeho\u017e vznik sah\u00e1 do roku 1708. Tento podnik pat\u0159il k nejslavn\u011bj\u0161\u00edm<\/p>\n","protected":false},"featured_media":10962,"template":"","meta":[],"product_brand":[153],"product_cat":[76,111],"product_tag":[],"class_list":{"0":"post-10961","1":"product","2":"type-product","3":"status-publish","4":"has-post-thumbnail","6":"product_brand-eterle-cz","7":"product_cat-porcelan","8":"product_cat-porcelanove-sady","10":"first","11":"instock","12":"purchasable","13":"product-type-simple"},"_links":{"self":[{"href":"https:\/\/eterle.cz\/eshop\/wp-json\/wp\/v2\/product\/10961","targetHints":{"allow":["GET"]}}],"collection":[{"href":"https:\/\/eterle.cz\/eshop\/wp-json\/wp\/v2\/product"}],"about":[{"href":"https:\/\/eterle.cz\/eshop\/wp-json\/wp\/v2\/types\/product"}],"version-history":[{"count":1,"href":"https:\/\/eterle.cz\/eshop\/wp-json\/wp\/v2\/product\/10961\/revisions"}],"predecessor-version":[{"id":26227,"href":"https:\/\/eterle.cz\/eshop\/wp-json\/wp\/v2\/product\/10961\/revisions\/26227"}],"wp:featuredmedia":[{"embeddable":true,"href":"https:\/\/eterle.cz\/eshop\/wp-json\/wp\/v2\/media\/10962"}],"wp:attachment":[{"href":"https:\/\/eterle.cz\/eshop\/wp-json\/wp\/v2\/media?parent=10961"}],"wp:term":[{"taxonomy":"product_brand","embeddable":true,"href":"https:\/\/eterle.cz\/eshop\/wp-json\/wp\/v2\/product_brand?post=10961"},{"taxonomy":"product_cat","embeddable":true,"href":"https:\/\/eterle.cz\/eshop\/wp-json\/wp\/v2\/product_cat?post=10961"},{"taxonomy":"product_tag","embeddable":true,"href":"https:\/\/eterle.cz\/eshop\/wp-json\/wp\/v2\/product_tag?post=10961"}],"curies":[{"name":"wp","href":"https:\/\/api.w.org\/{rel}","templated":true}]}}

Jídelní sada / Míšeň

<p>Jídelní sada Míšeň značená skřízenými meči. Míšňský porcelán je první evropský porcelán jehož vznik sahá do roku 1708. Tento podnik patřil k nejslavnějším manufakturám svého druhu v Evropě a funguje dodnes.Všechny produkty jsou svým způsobem unikáty, poněvadž jsou ručně vyráběné i dekorované. Míšeňský porcelán je označován logem dvou zkřížených mečů. Tato značka, zavedená v roce 1720, se dekretem stala od roku 1731 značkou oficiální; různé variace stylu mečů dovolují míšeňské výrobky dobře datovat. Dle značení pochází tento jídelní talíř z let 1860-1924. </p>
<p>Sada obsahuje mělký, hluboký a dezertní talíř.</p>
<p>Stav: asi druhá jakost, hluboký talíř má 2 cm rýhu pod glazurou<br />
Značka: Míšeň<br />
Rozměr<br />
Průměr mělkého: 25 cm<br />
Průměr hlubokého: 23,5 cm<br />
Průměr dezertního: 21 cm</p>

<p>Jídelní sada Míšeň značená skřízenými meči. Míšňský porcelán je první evropský porcelán jehož vznik sahá do roku 1708. Tento podnik patřil k nejslavnějším</p>
