{"id":10977,"date":"2022-09-11T23:09:59","date_gmt":"2022-09-11T21:09:59","guid":{"rendered":"https:\/\/eterle.cz\/eshop\/produkt\/dezertni-talirek-rosenthal-2\/"},"modified":"2026-03-05T18:44:23","modified_gmt":"2026-03-05T17:44:23","slug":"dezertni-talirek-rosenthal-2","status":"publish","type":"product","link":"https:\/\/eterle.cz\/eshop\/produkt\/dezertni-talirek-rosenthal-2\/","title":{"rendered":"Dezertn\u00ed tal\u00ed\u0159ek \/ Rosenthal"},"content":{"rendered":"<p>Velmi jednoduch\u00fd dezertn\u00ed tal\u00ed\u0159ek, zdoben \u0161edou linkou na okraji byl navr\u017een Richardem Lathamem a Raymondem Loewy pro n\u011bmeckou porcle\u00e1nku Rosenthal.<\/p>\n<p>Stav: perfektn\u00ed<br \/>\nZna\u010dka: Rosenthal<br \/>\nRozm\u011br<br \/>\nPr\u016fm\u011br tal\u00ed\u0159ku: 18,5 cm<\/p>\n","protected":false},"excerpt":{"rendered":"<p>Velmi jednoduch\u00fd dezertn\u00ed tal\u00ed\u0159ek, zdoben \u0161edou linkou na okraji byl navr\u017een Richardem Lathamem a Raymondem Loewy pro n\u011bmeckou porcle\u00e1nku Rosenthal.<\/p>\n","protected":false},"featured_media":10978,"template":"","meta":[],"product_brand":[153],"product_cat":[76,109,101],"product_tag":[],"class_list":{"0":"post-10977","1":"product","2":"type-product","3":"status-publish","4":"has-post-thumbnail","6":"product_brand-eterle-cz","7":"product_cat-porcelan","8":"product_cat-talire","9":"product_cat-rosenthal","11":"first","12":"instock","13":"purchasable","14":"product-type-simple"},"_links":{"self":[{"href":"https:\/\/eterle.cz\/eshop\/wp-json\/wp\/v2\/product\/10977","targetHints":{"allow":["GET"]}}],"collection":[{"href":"https:\/\/eterle.cz\/eshop\/wp-json\/wp\/v2\/product"}],"about":[{"href":"https:\/\/eterle.cz\/eshop\/wp-json\/wp\/v2\/types\/product"}],"version-history":[{"count":1,"href":"https:\/\/eterle.cz\/eshop\/wp-json\/wp\/v2\/product\/10977\/revisions"}],"predecessor-version":[{"id":26225,"href":"https:\/\/eterle.cz\/eshop\/wp-json\/wp\/v2\/product\/10977\/revisions\/26225"}],"wp:featuredmedia":[{"embeddable":true,"href":"https:\/\/eterle.cz\/eshop\/wp-json\/wp\/v2\/media\/10978"}],"wp:attachment":[{"href":"https:\/\/eterle.cz\/eshop\/wp-json\/wp\/v2\/media?parent=10977"}],"wp:term":[{"taxonomy":"product_brand","embeddable":true,"href":"https:\/\/eterle.cz\/eshop\/wp-json\/wp\/v2\/product_brand?post=10977"},{"taxonomy":"product_cat","embeddable":true,"href":"https:\/\/eterle.cz\/eshop\/wp-json\/wp\/v2\/product_cat?post=10977"},{"taxonomy":"product_tag","embeddable":true,"href":"https:\/\/eterle.cz\/eshop\/wp-json\/wp\/v2\/product_tag?post=10977"}],"curies":[{"name":"wp","href":"https:\/\/api.w.org\/{rel}","templated":true}]}}