{"id":11442,"date":"2022-09-11T23:25:12","date_gmt":"2022-09-11T21:25:12","guid":{"rendered":"https:\/\/eterle.cz\/eshop\/produkt\/stolni-lampa-tabera\/"},"modified":"2025-02-16T02:58:05","modified_gmt":"2025-02-16T01:58:05","slug":"stolni-lampa-tabera","status":"publish","type":"product","link":"https:\/\/eterle.cz\/eshop\/produkt\/stolni-lampa-tabera\/","title":{"rendered":"Stoln\u00ed lampa \/ \u0160. Tabery"},"content":{"rendered":"<p>Sklen\u011bn\u00e1 stoln\u00ed lampa od nyn\u00ed popul\u00e1rn\u00edho \u0160t\u011bp\u00e1na Tabery, kterou navrhl v 70. letech pro Osv\u011btlovac\u00ed sklo, st\u0159edisko podniku v Kostanech u Teplic. Jde o ikonick\u00fd, notoricky zn\u00e1m\u00fd model z op\u00e1lov\u00e9ho skla, kter\u00e9 je v jednom kuse spole\u010dn\u011b s podstavcem. P\u0159i rozsv\u00edcen\u00ed se v\u0161ak rozz\u00e1\u0159\u00ed pouze jeho horn\u00ed \u010d\u00e1st.<\/p>\n<p>Stav: velmi dobr\u00fd vintage. Kovov\u00fd prou\u017eek nese zn\u00e1mky patiny. Na horn\u00edm lemu lampy uvnit\u0159 mal\u00fd o\u0165uk (zvenku nen\u00ed vid\u011bt). Funk\u010dn\u00ed, elektroinstalace nov\u00e1<br \/>\nZna\u010dka: \u0160t\u011bp\u00e1n Tabery<br \/>\nRozm\u011br<br \/>\nPr\u016fm\u011br st\u00ednidla: 25 cm<br \/>\nV\u00fd\u0161ka: 32 cm<\/p>\n","protected":false},"excerpt":{"rendered":"<p>Sklen\u011bn\u00e1 stoln\u00ed lampa od nyn\u00ed popul\u00e1rn\u00edho \u0160t\u011bp\u00e1na Tabery, kterou navrhl v 70. letech pro Osv\u011btlovac\u00ed sklo, st\u0159edisko podniku v Kostanech<\/p>\n","protected":false},"featured_media":11443,"template":"","meta":[],"product_brand":[153],"product_cat":[91],"product_tag":[],"class_list":{"0":"post-11442","1":"product","2":"type-product","3":"status-publish","4":"has-post-thumbnail","6":"product_brand-eterle-cz","7":"product_cat-prodane","8":"product_shipping_class-nadrozmerne","10":"first","11":"outofstock","12":"purchasable","13":"product-type-simple"},"_links":{"self":[{"href":"https:\/\/eterle.cz\/eshop\/wp-json\/wp\/v2\/product\/11442","targetHints":{"allow":["GET"]}}],"collection":[{"href":"https:\/\/eterle.cz\/eshop\/wp-json\/wp\/v2\/product"}],"about":[{"href":"https:\/\/eterle.cz\/eshop\/wp-json\/wp\/v2\/types\/product"}],"version-history":[{"count":1,"href":"https:\/\/eterle.cz\/eshop\/wp-json\/wp\/v2\/product\/11442\/revisions"}],"predecessor-version":[{"id":11516,"href":"https:\/\/eterle.cz\/eshop\/wp-json\/wp\/v2\/product\/11442\/revisions\/11516"}],"wp:featuredmedia":[{"embeddable":true,"href":"https:\/\/eterle.cz\/eshop\/wp-json\/wp\/v2\/media\/11443"}],"wp:attachment":[{"href":"https:\/\/eterle.cz\/eshop\/wp-json\/wp\/v2\/media?parent=11442"}],"wp:term":[{"taxonomy":"product_brand","embeddable":true,"href":"https:\/\/eterle.cz\/eshop\/wp-json\/wp\/v2\/product_brand?post=11442"},{"taxonomy":"product_cat","embeddable":true,"href":"https:\/\/eterle.cz\/eshop\/wp-json\/wp\/v2\/product_cat?post=11442"},{"taxonomy":"product_tag","embeddable":true,"href":"https:\/\/eterle.cz\/eshop\/wp-json\/wp\/v2\/product_tag?post=11442"}],"curies":[{"name":"wp","href":"https:\/\/api.w.org\/{rel}","templated":true}]}}