{"id":11721,"date":"2022-10-11T22:22:42","date_gmt":"2022-10-11T20:22:42","guid":{"rendered":"https:\/\/eterle.cz\/eshop\/produkt\/keramicky-lustr\/"},"modified":"2025-02-16T02:57:55","modified_gmt":"2025-02-16T01:57:55","slug":"keramicky-lustr","status":"publish","type":"product","link":"https:\/\/eterle.cz\/eshop\/produkt\/keramicky-lustr\/","title":{"rendered":"Keramick\u00fd lustr"},"content":{"rendered":"<p>Keramick\u00fd lustr v kr\u00e1sn\u011b \u010derven\u00e9 barv\u011b bude v\u00fdraznou ozdobou nad kuchy\u0148sk\u00fdm stolem jak na chalup\u011b tak v m\u011bstsk\u00e9 kuchyni, kde pot\u0159ebujete v\u00fdrazn\u00fd prvek.<\/p>\n<p>Stav: funk\u010dn\u00ed, elektroinstalace p\u016fvodn\u00ed. St\u00ednidlo v dobr\u00e9m stavu, uzel na lanu trochu \u0161pinav\u00fd.<br \/>\nRozm\u011br<br \/>\nPr\u016fm\u011br: 32,5 cm<br \/>\nV\u00fd\u0161ka: 24 cm<\/p>\n","protected":false},"excerpt":{"rendered":"<p>Keramick\u00fd lustr v kr\u00e1sn\u011b \u010derven\u00e9 barv\u011b bude v\u00fdraznou ozdobou nad kuchy\u0148sk\u00fdm stolem jak na chalup\u011b tak v m\u011bstsk\u00e9 kuchyni, kde<\/p>\n","protected":false},"featured_media":11722,"template":"","meta":[],"product_brand":[153],"product_cat":[91],"product_tag":[],"class_list":{"0":"post-11721","1":"product","2":"type-product","3":"status-publish","4":"has-post-thumbnail","6":"product_brand-eterle-cz","7":"product_cat-prodane","8":"product_shipping_class-nadrozmerne","10":"first","11":"outofstock","12":"purchasable","13":"product-type-simple"},"_links":{"self":[{"href":"https:\/\/eterle.cz\/eshop\/wp-json\/wp\/v2\/product\/11721","targetHints":{"allow":["GET"]}}],"collection":[{"href":"https:\/\/eterle.cz\/eshop\/wp-json\/wp\/v2\/product"}],"about":[{"href":"https:\/\/eterle.cz\/eshop\/wp-json\/wp\/v2\/types\/product"}],"version-history":[{"count":0,"href":"https:\/\/eterle.cz\/eshop\/wp-json\/wp\/v2\/product\/11721\/revisions"}],"wp:featuredmedia":[{"embeddable":true,"href":"https:\/\/eterle.cz\/eshop\/wp-json\/wp\/v2\/media\/11722"}],"wp:attachment":[{"href":"https:\/\/eterle.cz\/eshop\/wp-json\/wp\/v2\/media?parent=11721"}],"wp:term":[{"taxonomy":"product_brand","embeddable":true,"href":"https:\/\/eterle.cz\/eshop\/wp-json\/wp\/v2\/product_brand?post=11721"},{"taxonomy":"product_cat","embeddable":true,"href":"https:\/\/eterle.cz\/eshop\/wp-json\/wp\/v2\/product_cat?post=11721"},{"taxonomy":"product_tag","embeddable":true,"href":"https:\/\/eterle.cz\/eshop\/wp-json\/wp\/v2\/product_tag?post=11721"}],"curies":[{"name":"wp","href":"https:\/\/api.w.org\/{rel}","templated":true}]}}