{"id":11728,"date":"2022-10-11T22:22:57","date_gmt":"2022-10-11T20:22:57","guid":{"rendered":"https:\/\/eterle.cz\/eshop\/produkt\/lustr-koule-2\/"},"modified":"2025-02-16T02:57:55","modified_gmt":"2025-02-16T01:57:55","slug":"lustr-koule-2","status":"publish","type":"product","link":"https:\/\/eterle.cz\/eshop\/produkt\/lustr-koule-2\/","title":{"rendered":"Lustr koule"},"content":{"rendered":"<p>Jednoduch\u00e9, minimalistick\u00e9 sv\u011btlo v kombinaci op\u00e1lov\u00e9ho skla a zlat\u00e9ho kovu. Tento typ sv\u011btla je velmi neutr\u00e1ln\u00ed a hod\u00ed se t\u00e9m\u011b\u0159 kamkoliv. Osobn\u011b je m\u00e1me r\u00e1di t\u0159eba na chodb\u00e1ch.<\/p>\n<p>Stav: funk\u010dn\u00ed, elektroinstalace nov\u00e1. Kovov\u00e9 \u010d\u00e1sti \u010d\u00e1ste\u010dn\u011b st\u0159\u00edkan\u00e9.<br \/>\nRozm\u011br<br \/>\nPr\u016fm\u011br: 25 cm<br \/>\nV\u00fd\u0161ka: 66 cm<br \/>\nD\u00e9lka ty\u010de: 40 cm<\/p>\n","protected":false},"excerpt":{"rendered":"<p>Jednoduch\u00e9, minimalistick\u00e9 sv\u011btlo v kombinaci op\u00e1lov\u00e9ho skla a zlat\u00e9ho kovu. Tento typ sv\u011btla je velmi neutr\u00e1ln\u00ed a hod\u00ed se t\u00e9m\u011b\u0159<\/p>\n","protected":false},"featured_media":11729,"template":"","meta":[],"product_brand":[153],"product_cat":[91],"product_tag":[],"class_list":{"0":"post-11728","1":"product","2":"type-product","3":"status-publish","4":"has-post-thumbnail","6":"product_brand-eterle-cz","7":"product_cat-prodane","8":"product_shipping_class-nadrozmerne","10":"first","11":"outofstock","12":"purchasable","13":"product-type-simple"},"_links":{"self":[{"href":"https:\/\/eterle.cz\/eshop\/wp-json\/wp\/v2\/product\/11728","targetHints":{"allow":["GET"]}}],"collection":[{"href":"https:\/\/eterle.cz\/eshop\/wp-json\/wp\/v2\/product"}],"about":[{"href":"https:\/\/eterle.cz\/eshop\/wp-json\/wp\/v2\/types\/product"}],"version-history":[{"count":1,"href":"https:\/\/eterle.cz\/eshop\/wp-json\/wp\/v2\/product\/11728\/revisions"}],"predecessor-version":[{"id":15934,"href":"https:\/\/eterle.cz\/eshop\/wp-json\/wp\/v2\/product\/11728\/revisions\/15934"}],"wp:featuredmedia":[{"embeddable":true,"href":"https:\/\/eterle.cz\/eshop\/wp-json\/wp\/v2\/media\/11729"}],"wp:attachment":[{"href":"https:\/\/eterle.cz\/eshop\/wp-json\/wp\/v2\/media?parent=11728"}],"wp:term":[{"taxonomy":"product_brand","embeddable":true,"href":"https:\/\/eterle.cz\/eshop\/wp-json\/wp\/v2\/product_brand?post=11728"},{"taxonomy":"product_cat","embeddable":true,"href":"https:\/\/eterle.cz\/eshop\/wp-json\/wp\/v2\/product_cat?post=11728"},{"taxonomy":"product_tag","embeddable":true,"href":"https:\/\/eterle.cz\/eshop\/wp-json\/wp\/v2\/product_tag?post=11728"}],"curies":[{"name":"wp","href":"https:\/\/api.w.org\/{rel}","templated":true}]}}