{"id":11768,"date":"2022-10-11T22:24:15","date_gmt":"2022-10-11T20:24:15","guid":{"rendered":"https:\/\/eterle.cz\/eshop\/produkt\/lustr-valec\/"},"modified":"2025-06-24T01:52:50","modified_gmt":"2025-06-23T23:52:50","slug":"lustr-valec","status":"publish","type":"product","link":"https:\/\/eterle.cz\/eshop\/produkt\/lustr-valec\/","title":{"rendered":"Lustr v\u00e1lec"},"content":{"rendered":"<p>Velk\u00fd lustr v\u00e1lcovit\u00e9ho tvaru bude vhodn\u00fd zejm\u00e9na do chodby s vysok\u00fdm stropem.<\/p>\n<p>Stav: v\u00fdborn\u00fd. Funk\u010dn\u00ed, elektroinstalace p\u016fvodn\u00ed.<br \/>\nRozm\u011br<br \/>\nPr\u016fm\u011br: 24 cm<br \/>\nV\u00fd\u0161ka st\u00ednidla: 39 cm<br \/>\nV\u00fd\u0161ka: 95 cm<br \/>\nV\u00fd\u0161ka ty\u010de: 57 cm<\/p>\n","protected":false},"excerpt":{"rendered":"<p>Velk\u00fd lustr v\u00e1lcovit\u00e9ho tvaru bude vhodn\u00fd zejm\u00e9na do chodby s vysok\u00fdm stropem. Stav: v\u00fdborn\u00fd. Funk\u010dn\u00ed, elektroinstalace p\u016fvodn\u00ed. Rozm\u011br Pr\u016fm\u011br: 24<\/p>\n","protected":false},"featured_media":11769,"template":"","meta":[],"product_brand":[153],"product_cat":[79,140],"product_tag":[],"class_list":{"0":"post-11768","1":"product","2":"type-product","3":"status-publish","4":"has-post-thumbnail","6":"product_brand-eterle-cz","7":"product_cat-svetla","8":"product_cat-lustry","9":"product_shipping_class-nadrozmerne","11":"first","12":"instock","13":"purchasable","14":"product-type-simple"},"_links":{"self":[{"href":"https:\/\/eterle.cz\/eshop\/wp-json\/wp\/v2\/product\/11768","targetHints":{"allow":["GET"]}}],"collection":[{"href":"https:\/\/eterle.cz\/eshop\/wp-json\/wp\/v2\/product"}],"about":[{"href":"https:\/\/eterle.cz\/eshop\/wp-json\/wp\/v2\/types\/product"}],"version-history":[{"count":1,"href":"https:\/\/eterle.cz\/eshop\/wp-json\/wp\/v2\/product\/11768\/revisions"}],"predecessor-version":[{"id":26210,"href":"https:\/\/eterle.cz\/eshop\/wp-json\/wp\/v2\/product\/11768\/revisions\/26210"}],"wp:featuredmedia":[{"embeddable":true,"href":"https:\/\/eterle.cz\/eshop\/wp-json\/wp\/v2\/media\/11769"}],"wp:attachment":[{"href":"https:\/\/eterle.cz\/eshop\/wp-json\/wp\/v2\/media?parent=11768"}],"wp:term":[{"taxonomy":"product_brand","embeddable":true,"href":"https:\/\/eterle.cz\/eshop\/wp-json\/wp\/v2\/product_brand?post=11768"},{"taxonomy":"product_cat","embeddable":true,"href":"https:\/\/eterle.cz\/eshop\/wp-json\/wp\/v2\/product_cat?post=11768"},{"taxonomy":"product_tag","embeddable":true,"href":"https:\/\/eterle.cz\/eshop\/wp-json\/wp\/v2\/product_tag?post=11768"}],"curies":[{"name":"wp","href":"https:\/\/api.w.org\/{rel}","templated":true}]}}