{"id":11811,"date":"2022-10-11T22:25:41","date_gmt":"2022-10-11T20:25:41","guid":{"rendered":"https:\/\/eterle.cz\/eshop\/produkt\/lustr-talir-3\/"},"modified":"2025-02-16T02:57:49","modified_gmt":"2025-02-16T01:57:49","slug":"lustr-talir-3","status":"publish","type":"product","link":"https:\/\/eterle.cz\/eshop\/produkt\/lustr-talir-3\/","title":{"rendered":"Lustr tal\u00ed\u0159"},"content":{"rendered":"<p>Retro lustr &#8222;tal\u00ed\u0159&#8220; v bruselsk\u00e9m stylu z 60 let. Sklen\u011bn\u00e9 st\u00ednidlo v jantarov\u00e9 barv\u011b s nepravideln\u00fdmi p\u0159\u00edmkami v kombinaci s kovovou ty\u010d\u00ed. 250 V, 3 x 40 W<\/p>\n<p>Stav: dobr\u00fd, ty\u010d perfektn\u00ed, jen doln\u00ed zakon\u010den\u00ed ty\u010de m\u00e1 patinu. Funk\u010dn\u00ed, elektroinstalace nov\u00e1.<br \/>\nRozm\u011br<br \/>\nPr\u016fm\u011br: 49 cm<br \/>\nV\u00fd\u0161ka: 68 cm<br \/>\nV\u00fd\u0161ka ty\u010de: 60 cm<\/p>\n","protected":false},"excerpt":{"rendered":"<p>Retro lustr &#8222;tal\u00ed\u0159&#8220; v bruselsk\u00e9m stylu z 60 let. Sklen\u011bn\u00e9 st\u00ednidlo v jantarov\u00e9 barv\u011b s nepravideln\u00fdmi p\u0159\u00edmkami v kombinaci s<\/p>\n","protected":false},"featured_media":11812,"template":"","meta":[],"product_brand":[153],"product_cat":[91],"product_tag":[],"class_list":{"0":"post-11811","1":"product","2":"type-product","3":"status-publish","4":"has-post-thumbnail","6":"product_brand-eterle-cz","7":"product_cat-prodane","8":"product_shipping_class-nadrozmerne","10":"first","11":"outofstock","12":"purchasable","13":"product-type-simple"},"_links":{"self":[{"href":"https:\/\/eterle.cz\/eshop\/wp-json\/wp\/v2\/product\/11811","targetHints":{"allow":["GET"]}}],"collection":[{"href":"https:\/\/eterle.cz\/eshop\/wp-json\/wp\/v2\/product"}],"about":[{"href":"https:\/\/eterle.cz\/eshop\/wp-json\/wp\/v2\/types\/product"}],"version-history":[{"count":1,"href":"https:\/\/eterle.cz\/eshop\/wp-json\/wp\/v2\/product\/11811\/revisions"}],"predecessor-version":[{"id":13080,"href":"https:\/\/eterle.cz\/eshop\/wp-json\/wp\/v2\/product\/11811\/revisions\/13080"}],"wp:featuredmedia":[{"embeddable":true,"href":"https:\/\/eterle.cz\/eshop\/wp-json\/wp\/v2\/media\/11812"}],"wp:attachment":[{"href":"https:\/\/eterle.cz\/eshop\/wp-json\/wp\/v2\/media?parent=11811"}],"wp:term":[{"taxonomy":"product_brand","embeddable":true,"href":"https:\/\/eterle.cz\/eshop\/wp-json\/wp\/v2\/product_brand?post=11811"},{"taxonomy":"product_cat","embeddable":true,"href":"https:\/\/eterle.cz\/eshop\/wp-json\/wp\/v2\/product_cat?post=11811"},{"taxonomy":"product_tag","embeddable":true,"href":"https:\/\/eterle.cz\/eshop\/wp-json\/wp\/v2\/product_tag?post=11811"}],"curies":[{"name":"wp","href":"https:\/\/api.w.org\/{rel}","templated":true}]}}