{"id":11846,"date":"2022-10-11T22:26:54","date_gmt":"2022-10-11T20:26:54","guid":{"rendered":"https:\/\/eterle.cz\/eshop\/produkt\/plastovy-lustr\/"},"modified":"2025-02-16T02:57:47","modified_gmt":"2025-02-16T01:57:47","slug":"plastovy-lustr","status":"publish","type":"product","link":"https:\/\/eterle.cz\/eshop\/produkt\/plastovy-lustr\/","title":{"rendered":"Plastov\u00fd lustr"},"content":{"rendered":"<p>Plastov\u00fd lustr p\u0159ipom\u00ednaj\u00edc\u00ed vafle vhodn\u00fd do d\u011btsk\u00e9ho pokoje nebo do lo\u017enice.<\/p>\n<p>Stav: dobr\u00fd, funk\u010dn\u00ed, elektroinstalace p\u016fvodn\u00ed.<br \/>\nRozm\u011br<br \/>\nPr\u016fm\u011br: 31 cm<br \/>\nV\u00fd\u0161ka st\u00ednidla: 19 cm<br \/>\nV\u00fd\u0161ka: 60 cm<br \/>\nV\u00fd\u0161ka ty\u010de (kabel): 38 cm<\/p>\n","protected":false},"excerpt":{"rendered":"<p>Plastov\u00fd lustr p\u0159ipom\u00ednaj\u00edc\u00ed vafle vhodn\u00fd do d\u011btsk\u00e9ho pokoje nebo do lo\u017enice. Stav: dobr\u00fd, funk\u010dn\u00ed, elektroinstalace p\u016fvodn\u00ed. Rozm\u011br Pr\u016fm\u011br: 31 cm<\/p>\n","protected":false},"featured_media":11847,"template":"","meta":[],"product_brand":[153],"product_cat":[91],"product_tag":[],"class_list":{"0":"post-11846","1":"product","2":"type-product","3":"status-publish","4":"has-post-thumbnail","6":"product_brand-eterle-cz","7":"product_cat-prodane","8":"product_shipping_class-nadrozmerne","10":"first","11":"outofstock","12":"purchasable","13":"product-type-simple"},"_links":{"self":[{"href":"https:\/\/eterle.cz\/eshop\/wp-json\/wp\/v2\/product\/11846","targetHints":{"allow":["GET"]}}],"collection":[{"href":"https:\/\/eterle.cz\/eshop\/wp-json\/wp\/v2\/product"}],"about":[{"href":"https:\/\/eterle.cz\/eshop\/wp-json\/wp\/v2\/types\/product"}],"version-history":[{"count":0,"href":"https:\/\/eterle.cz\/eshop\/wp-json\/wp\/v2\/product\/11846\/revisions"}],"wp:featuredmedia":[{"embeddable":true,"href":"https:\/\/eterle.cz\/eshop\/wp-json\/wp\/v2\/media\/11847"}],"wp:attachment":[{"href":"https:\/\/eterle.cz\/eshop\/wp-json\/wp\/v2\/media?parent=11846"}],"wp:term":[{"taxonomy":"product_brand","embeddable":true,"href":"https:\/\/eterle.cz\/eshop\/wp-json\/wp\/v2\/product_brand?post=11846"},{"taxonomy":"product_cat","embeddable":true,"href":"https:\/\/eterle.cz\/eshop\/wp-json\/wp\/v2\/product_cat?post=11846"},{"taxonomy":"product_tag","embeddable":true,"href":"https:\/\/eterle.cz\/eshop\/wp-json\/wp\/v2\/product_tag?post=11846"}],"curies":[{"name":"wp","href":"https:\/\/api.w.org\/{rel}","templated":true}]}}