{"id":12666,"date":"2022-12-30T10:22:16","date_gmt":"2022-12-30T09:22:16","guid":{"rendered":"https:\/\/eterle.cz\/eshop\/produkt\/sada-na-caj-pro-6\/"},"modified":"2025-06-24T01:52:46","modified_gmt":"2025-06-23T23:52:46","slug":"sada-na-caj-pro-6","status":"publish","type":"product","link":"https:\/\/eterle.cz\/eshop\/produkt\/sada-na-caj-pro-6\/","title":{"rendered":"Sada na \u010daj pro 6"},"content":{"rendered":"<p>Neobvykl\u00e1 keramick\u00e1 \u010dajov\u00e1 sada ve stylu art deco. Na prvn\u00ed pohled zaujme barevn\u00e1 kombinace blankytn\u011b modr\u00e9 a lomen\u00e9 b\u00edl\u00e9, kter\u00e1 je zdobena plastick\u00fdm prou\u017ekem.<\/p>\n<p>Stav: velmi dobr\u00fd stav. Konvi\u010dka mal\u00e9 o\u0165uky na lemu hubi\u010dky.<br \/>\nRozm\u011br<br \/>\nPr\u016fm\u011br pod\u0161\u00e1lku:  17 cm<br \/>\nObjem hrne\u010dku: 180 cm<br \/>\nObjem konvice: 1,100 l<br \/>\nObjem ml\u00e9kovky: 350 ml<br \/>\nCuk\u0159enka v\u00fd\u0161ka: 8 cm<br \/>\nCuk\u0159enka pr\u016fm\u011br: 12 cm<\/p>\n","protected":false},"excerpt":{"rendered":"<p>Neobvykl\u00e1 keramick\u00e1 \u010dajov\u00e1 sada ve stylu art deco. Na prvn\u00ed pohled zaujme barevn\u00e1 kombinace blankytn\u011b modr\u00e9 a lomen\u00e9 b\u00edl\u00e9, kter\u00e1<\/p>\n","protected":false},"featured_media":12270,"template":"","meta":[],"product_brand":[153],"product_cat":[76,111],"product_tag":[],"class_list":{"0":"post-12666","1":"product","2":"type-product","3":"status-publish","4":"has-post-thumbnail","6":"product_brand-eterle-cz","7":"product_cat-porcelan","8":"product_cat-porcelanove-sady","10":"first","11":"instock","12":"sale","13":"purchasable","14":"product-type-simple"},"_links":{"self":[{"href":"https:\/\/eterle.cz\/eshop\/wp-json\/wp\/v2\/product\/12666","targetHints":{"allow":["GET"]}}],"collection":[{"href":"https:\/\/eterle.cz\/eshop\/wp-json\/wp\/v2\/product"}],"about":[{"href":"https:\/\/eterle.cz\/eshop\/wp-json\/wp\/v2\/types\/product"}],"version-history":[{"count":1,"href":"https:\/\/eterle.cz\/eshop\/wp-json\/wp\/v2\/product\/12666\/revisions"}],"predecessor-version":[{"id":26197,"href":"https:\/\/eterle.cz\/eshop\/wp-json\/wp\/v2\/product\/12666\/revisions\/26197"}],"wp:featuredmedia":[{"embeddable":true,"href":"https:\/\/eterle.cz\/eshop\/wp-json\/wp\/v2\/media\/12270"}],"wp:attachment":[{"href":"https:\/\/eterle.cz\/eshop\/wp-json\/wp\/v2\/media?parent=12666"}],"wp:term":[{"taxonomy":"product_brand","embeddable":true,"href":"https:\/\/eterle.cz\/eshop\/wp-json\/wp\/v2\/product_brand?post=12666"},{"taxonomy":"product_cat","embeddable":true,"href":"https:\/\/eterle.cz\/eshop\/wp-json\/wp\/v2\/product_cat?post=12666"},{"taxonomy":"product_tag","embeddable":true,"href":"https:\/\/eterle.cz\/eshop\/wp-json\/wp\/v2\/product_tag?post=12666"}],"curies":[{"name":"wp","href":"https:\/\/api.w.org\/{rel}","templated":true}]}}