{"id":12682,"date":"2022-12-30T10:22:39","date_gmt":"2022-12-30T09:22:39","guid":{"rendered":"https:\/\/eterle.cz\/eshop\/produkt\/snidanova-sada-s-platinou-rosenthal\/"},"modified":"2025-02-16T02:56:06","modified_gmt":"2025-02-16T01:56:06","slug":"snidanova-sada-s-platinou-rosenthal","status":"publish","type":"product","link":"https:\/\/eterle.cz\/eshop\/produkt\/snidanova-sada-s-platinou-rosenthal\/","title":{"rendered":"Sn\u00edda\u0148ov\u00e1 sada s platinou \/ Rosenthal"},"content":{"rendered":"<p>Exkluzivn\u00ed sn\u00edda\u0148ov\u00e1 sada od v\u011bhlasn\u00e9 porcel\u00e1nky Rosenthal s \u0161ir\u0161\u00edm platinov\u00fdm prou\u0161kem na kter\u00e9m se je\u0161t\u011b st\u0159\u00eddaj\u00ed matn\u00e9 a leskl\u00e9 plochy. Tato sada je velmi nad\u010dasov\u00e1 a vhodn\u00e1 i do modern\u00edho interi\u00e9ru.<\/p>\n<p>Stav: perfektn\u00ed, nepou\u017eit\u00e1<br \/>\nZna\u010dka: Rosenthal<br \/>\nRozm\u011br<br \/>\nPr\u016fm\u011br pod\u0161\u00e1lku: 15,5 cm<br \/>\nPr\u016fm\u011br dezertn\u00edho tal\u00ed\u0159ku: 19 cm<br \/>\nObjem hrne\u010dku: 160 ml<\/p>\n","protected":false},"excerpt":{"rendered":"<p>Exkluzivn\u00ed sn\u00edda\u0148ov\u00e1 sada od v\u011bhlasn\u00e9 porcel\u00e1nky Rosenthal s \u0161ir\u0161\u00edm platinov\u00fdm prou\u0161kem na kter\u00e9m se je\u0161t\u011b st\u0159\u00eddaj\u00ed matn\u00e9 a leskl\u00e9 plochy.<\/p>\n","protected":false},"featured_media":12302,"template":"","meta":[],"product_brand":[153],"product_cat":[91],"product_tag":[],"class_list":{"0":"post-12682","1":"product","2":"type-product","3":"status-publish","4":"has-post-thumbnail","6":"product_brand-eterle-cz","7":"product_cat-prodane","9":"first","10":"outofstock","11":"purchasable","12":"product-type-simple"},"_links":{"self":[{"href":"https:\/\/eterle.cz\/eshop\/wp-json\/wp\/v2\/product\/12682","targetHints":{"allow":["GET"]}}],"collection":[{"href":"https:\/\/eterle.cz\/eshop\/wp-json\/wp\/v2\/product"}],"about":[{"href":"https:\/\/eterle.cz\/eshop\/wp-json\/wp\/v2\/types\/product"}],"version-history":[{"count":1,"href":"https:\/\/eterle.cz\/eshop\/wp-json\/wp\/v2\/product\/12682\/revisions"}],"predecessor-version":[{"id":12772,"href":"https:\/\/eterle.cz\/eshop\/wp-json\/wp\/v2\/product\/12682\/revisions\/12772"}],"wp:featuredmedia":[{"embeddable":true,"href":"https:\/\/eterle.cz\/eshop\/wp-json\/wp\/v2\/media\/12302"}],"wp:attachment":[{"href":"https:\/\/eterle.cz\/eshop\/wp-json\/wp\/v2\/media?parent=12682"}],"wp:term":[{"taxonomy":"product_brand","embeddable":true,"href":"https:\/\/eterle.cz\/eshop\/wp-json\/wp\/v2\/product_brand?post=12682"},{"taxonomy":"product_cat","embeddable":true,"href":"https:\/\/eterle.cz\/eshop\/wp-json\/wp\/v2\/product_cat?post=12682"},{"taxonomy":"product_tag","embeddable":true,"href":"https:\/\/eterle.cz\/eshop\/wp-json\/wp\/v2\/product_tag?post=12682"}],"curies":[{"name":"wp","href":"https:\/\/api.w.org\/{rel}","templated":true}]}}