{"id":12684,"date":"2022-12-30T10:22:42","date_gmt":"2022-12-30T09:22:42","guid":{"rendered":"https:\/\/eterle.cz\/eshop\/produkt\/talir-s-hlavou-kpm\/"},"modified":"2025-02-16T02:56:06","modified_gmt":"2025-02-16T01:56:06","slug":"talir-s-hlavou-kpm","status":"publish","type":"product","link":"https:\/\/eterle.cz\/eshop\/produkt\/talir-s-hlavou-kpm\/","title":{"rendered":"Tal\u00ed\u0159 s hlavou \/ KPM"},"content":{"rendered":"<p>Dekorativn\u00ed tal\u00ed\u0159 od n\u011bmeck\u00e9 velmi \u00fasp\u011b\u0161n\u00e9 porcel\u00e1nky KPM, kter\u00e1 p\u016fsob\u00ed na trhu ji\u017e v\u00edce ne\u017e 250 let a specializuje se na v\u00fdrobu vysoce kvalitn\u00edho dekorativn\u00edho um\u011bn\u00ed. Produkty t\u00e9to zna\u010dky jsou cen\u011bny tak\u00e9 pro sv\u00e9 vazby na pruskou kr\u00e1lovskou rodinu a n\u011bmeck\u00fd st\u00e1t, stejn\u011b jako pro jejich siln\u00fd d\u016fraz na kvalitu a ru\u010dn\u00ed design.<\/p>\n<p>Tal\u00ed\u0159 je \u010dist\u011b b\u00edl\u00fd ve st\u0159edu s plastick\u00fdm portr\u00e9tem d\u00e1my v klobouky z 30. let. Obli\u010dej d\u00e1my evokuje karnevaovou masku. Zaj\u00edmav\u00e1 je kombinace leskl\u00e9ho porcel\u00e1nu s bisquitem (matnou \u010d\u00e1st\u00ed).<\/p>\n<p>Stav: perfektn\u00ed, jen vzadu poutko na zav\u011b\u0161en\u00ed je nefunk\u010dn\u00ed<br \/>\nZna\u010dka: KPM<br \/>\nRozm\u011br<br \/>\nPr\u016fm\u011br: 24,5 cm<\/p>\n","protected":false},"excerpt":{"rendered":"<p>Dekorativn\u00ed tal\u00ed\u0159 od n\u011bmeck\u00e9 velmi \u00fasp\u011b\u0161n\u00e9 porcel\u00e1nky KPM, kter\u00e1 p\u016fsob\u00ed na trhu ji\u017e v\u00edce ne\u017e 250 let a specializuje se<\/p>\n","protected":false},"featured_media":12306,"template":"","meta":[],"product_brand":[153],"product_cat":[91],"product_tag":[],"class_list":{"0":"post-12684","1":"product","2":"type-product","3":"status-publish","4":"has-post-thumbnail","6":"product_brand-eterle-cz","7":"product_cat-prodane","9":"first","10":"outofstock","11":"purchasable","12":"product-type-simple"},"_links":{"self":[{"href":"https:\/\/eterle.cz\/eshop\/wp-json\/wp\/v2\/product\/12684","targetHints":{"allow":["GET"]}}],"collection":[{"href":"https:\/\/eterle.cz\/eshop\/wp-json\/wp\/v2\/product"}],"about":[{"href":"https:\/\/eterle.cz\/eshop\/wp-json\/wp\/v2\/types\/product"}],"version-history":[{"count":1,"href":"https:\/\/eterle.cz\/eshop\/wp-json\/wp\/v2\/product\/12684\/revisions"}],"predecessor-version":[{"id":16747,"href":"https:\/\/eterle.cz\/eshop\/wp-json\/wp\/v2\/product\/12684\/revisions\/16747"}],"wp:featuredmedia":[{"embeddable":true,"href":"https:\/\/eterle.cz\/eshop\/wp-json\/wp\/v2\/media\/12306"}],"wp:attachment":[{"href":"https:\/\/eterle.cz\/eshop\/wp-json\/wp\/v2\/media?parent=12684"}],"wp:term":[{"taxonomy":"product_brand","embeddable":true,"href":"https:\/\/eterle.cz\/eshop\/wp-json\/wp\/v2\/product_brand?post=12684"},{"taxonomy":"product_cat","embeddable":true,"href":"https:\/\/eterle.cz\/eshop\/wp-json\/wp\/v2\/product_cat?post=12684"},{"taxonomy":"product_tag","embeddable":true,"href":"https:\/\/eterle.cz\/eshop\/wp-json\/wp\/v2\/product_tag?post=12684"}],"curies":[{"name":"wp","href":"https:\/\/api.w.org\/{rel}","templated":true}]}}

Talíř s hlavou / KPM

<p>Dekorativní talíř od německé velmi úspěšné porcelánky KPM, která působí na trhu již více než 250 let a specializuje se na výrobu vysoce kvalitního dekorativního umění. Produkty této značky jsou ceněny také pro své vazby na pruskou královskou rodinu a německý stát, stejně jako pro jejich silný důraz na kvalitu a ruční design.</p>
<p>Talíř je čistě bílý ve středu s plastickým portrétem dámy v klobouky z 30. let. Obličej dámy evokuje karnevaovou masku. Zajímavá je kombinace lesklého porcelánu s bisquitem (matnou částí).</p>
<p>Stav: perfektní, jen vzadu poutko na zavěšení je nefunkční<br />
Značka: KPM<br />
Rozměr<br />
Průměr: 24,5 cm</p>

<p>Dekorativní talíř od německé velmi úspěšné porcelánky KPM, která působí na trhu již více než 250 let a specializuje se</p>
