{"id":12685,"date":"2022-12-30T10:22:43","date_gmt":"2022-12-30T09:22:43","guid":{"rendered":"https:\/\/eterle.cz\/eshop\/produkt\/jidelni-sada-pro-6-orion\/"},"modified":"2025-02-16T02:56:05","modified_gmt":"2025-02-16T01:56:05","slug":"jidelni-sada-pro-6-orion","status":"publish","type":"product","link":"https:\/\/eterle.cz\/eshop\/produkt\/jidelni-sada-pro-6-orion\/","title":{"rendered":"J\u00eddeln\u00ed sada  pro 6 \/ Orion"},"content":{"rendered":"<p>Kompletn\u00ed j\u00eddeln\u00ed sada pro 6 osob v obl\u00edben\u00e9m vzoru modr\u00fdch r\u016f\u017e\u00ed. Tento styl byl obl\u00edben ji\u017e za socialismu, ale byl pova\u017eov\u00e1n za sv\u00e1te\u010dn\u00ed a po v\u011bt\u0161inu \u010dasu byl vystaven ve vitr\u00edn\u011b. Jeho obliba nezmizela, ale lid\u00e9 se ho ji\u017e neboj\u00ed pou\u017e\u00edvat ka\u017edoden\u011bn. Sada obsahuje hlubok\u00e9 tal\u00ed\u0159e, m\u011blk\u00e9 tal\u00ed\u0159e, dezertn\u00ed tal\u00ed\u0159e, pol\u00e9vkovou m\u00edsu, sl\u00e1nku, ov\u00e1lnou m\u00edsu, m\u00edsu na sal\u00e1t.<\/p>\n<p>Stav: perfektn\u00ed<br \/>\nZna\u010dka: Orion, \u010ceskoslovensko<br \/>\nRozm\u011br<br \/>\nPr\u016fm\u011br m\u011blk\u00e9ho tal\u00ed\u0159e: 25 cm<br \/>\nPr\u016fm\u011br hlubok\u00e9ho tal\u00ed\u0159e: 23 cm<br \/>\nPr\u016fm\u011br dezertn\u00edho tal\u00ed\u0159e: 19 cm<br \/>\nV\u00fd\u0161ka pol\u00e9vkov\u00e9 m\u00edsy: 15,5 cm<br \/>\nObjem pol\u00e9vkov\u00e9 m\u00edsy: 2 l<br \/>\nOv\u00e1ln\u00e1 m\u00edsa: 35 x 22 cm<br \/>\nSal\u00e1tov\u00e1 m\u00edsa pr\u016fm\u011br: 25,5 cm<\/p>\n","protected":false},"excerpt":{"rendered":"<p>Kompletn\u00ed j\u00eddeln\u00ed sada pro 6 osob v obl\u00edben\u00e9m vzoru modr\u00fdch r\u016f\u017e\u00ed. Tento styl byl obl\u00edben ji\u017e za socialismu, ale byl<\/p>\n","protected":false},"featured_media":12308,"template":"","meta":[],"product_brand":[153],"product_cat":[91],"product_tag":[],"class_list":{"0":"post-12685","1":"product","2":"type-product","3":"status-publish","4":"has-post-thumbnail","6":"product_brand-eterle-cz","7":"product_cat-prodane","8":"product_shipping_class-nadrozmerne","10":"first","11":"outofstock","12":"purchasable","13":"product-type-simple"},"_links":{"self":[{"href":"https:\/\/eterle.cz\/eshop\/wp-json\/wp\/v2\/product\/12685","targetHints":{"allow":["GET"]}}],"collection":[{"href":"https:\/\/eterle.cz\/eshop\/wp-json\/wp\/v2\/product"}],"about":[{"href":"https:\/\/eterle.cz\/eshop\/wp-json\/wp\/v2\/types\/product"}],"version-history":[{"count":0,"href":"https:\/\/eterle.cz\/eshop\/wp-json\/wp\/v2\/product\/12685\/revisions"}],"wp:featuredmedia":[{"embeddable":true,"href":"https:\/\/eterle.cz\/eshop\/wp-json\/wp\/v2\/media\/12308"}],"wp:attachment":[{"href":"https:\/\/eterle.cz\/eshop\/wp-json\/wp\/v2\/media?parent=12685"}],"wp:term":[{"taxonomy":"product_brand","embeddable":true,"href":"https:\/\/eterle.cz\/eshop\/wp-json\/wp\/v2\/product_brand?post=12685"},{"taxonomy":"product_cat","embeddable":true,"href":"https:\/\/eterle.cz\/eshop\/wp-json\/wp\/v2\/product_cat?post=12685"},{"taxonomy":"product_tag","embeddable":true,"href":"https:\/\/eterle.cz\/eshop\/wp-json\/wp\/v2\/product_tag?post=12685"}],"curies":[{"name":"wp","href":"https:\/\/api.w.org\/{rel}","templated":true}]}}