{"id":12691,"date":"2022-12-30T10:22:51","date_gmt":"2022-12-30T09:22:51","guid":{"rendered":"https:\/\/eterle.cz\/eshop\/produkt\/sada-sklenic-na-konak-zlaty-prouzek-6-ks\/"},"modified":"2025-02-16T02:56:03","modified_gmt":"2025-02-16T01:56:03","slug":"sada-sklenic-na-konak-zlaty-prouzek-6-ks","status":"publish","type":"product","link":"https:\/\/eterle.cz\/eshop\/produkt\/sada-sklenic-na-konak-zlaty-prouzek-6-ks\/","title":{"rendered":"Sada sklenic na ko\u0148ak zlat\u00fd prou\u017eek (6 ks)"},"content":{"rendered":"<p>Sada skleni\u010dek na \u0161ampa\u0148sk\u00e9 ru\u010dn\u00ed v\u00fdroby s dobru\u0161ovan\u00fdm vzorem. Horn\u00ed lem skleni\u010dek je zdoben zlatou linkou. Do sady je mo\u017eno dokoupit ve stejn\u00e9m stlyu i skleni\u010dky na \u0161ampa\u0148sk\u00e9.<\/p>\n<p>Stav: v\u00fdborn\u00fd<br \/>\nRozm\u011br<br \/>\nObjem: 200 ml<br \/>\nV\u00fd\u0161ka: 11,5 cm<\/p>\n","protected":false},"excerpt":{"rendered":"<p>Sada skleni\u010dek na \u0161ampa\u0148sk\u00e9 ru\u010dn\u00ed v\u00fdroby s dobru\u0161ovan\u00fdm vzorem. Horn\u00ed lem skleni\u010dek je zdoben zlatou linkou. Do sady je mo\u017eno<\/p>\n","protected":false},"featured_media":12320,"template":"","meta":[],"product_brand":[153],"product_cat":[91],"product_tag":[],"class_list":{"0":"post-12691","1":"product","2":"type-product","3":"status-publish","4":"has-post-thumbnail","6":"product_brand-eterle-cz","7":"product_cat-prodane","9":"first","10":"outofstock","11":"purchasable","12":"product-type-simple"},"_links":{"self":[{"href":"https:\/\/eterle.cz\/eshop\/wp-json\/wp\/v2\/product\/12691","targetHints":{"allow":["GET"]}}],"collection":[{"href":"https:\/\/eterle.cz\/eshop\/wp-json\/wp\/v2\/product"}],"about":[{"href":"https:\/\/eterle.cz\/eshop\/wp-json\/wp\/v2\/types\/product"}],"version-history":[{"count":0,"href":"https:\/\/eterle.cz\/eshop\/wp-json\/wp\/v2\/product\/12691\/revisions"}],"wp:featuredmedia":[{"embeddable":true,"href":"https:\/\/eterle.cz\/eshop\/wp-json\/wp\/v2\/media\/12320"}],"wp:attachment":[{"href":"https:\/\/eterle.cz\/eshop\/wp-json\/wp\/v2\/media?parent=12691"}],"wp:term":[{"taxonomy":"product_brand","embeddable":true,"href":"https:\/\/eterle.cz\/eshop\/wp-json\/wp\/v2\/product_brand?post=12691"},{"taxonomy":"product_cat","embeddable":true,"href":"https:\/\/eterle.cz\/eshop\/wp-json\/wp\/v2\/product_cat?post=12691"},{"taxonomy":"product_tag","embeddable":true,"href":"https:\/\/eterle.cz\/eshop\/wp-json\/wp\/v2\/product_tag?post=12691"}],"curies":[{"name":"wp","href":"https:\/\/api.w.org\/{rel}","templated":true}]}}