{"id":12704,"date":"2022-12-30T10:23:07","date_gmt":"2022-12-30T09:23:07","guid":{"rendered":"https:\/\/eterle.cz\/eshop\/produkt\/porcelanova-vaza-gerold-tettau\/"},"modified":"2025-02-16T02:55:59","modified_gmt":"2025-02-16T01:55:59","slug":"porcelanova-vaza-gerold-tettau","status":"publish","type":"product","link":"https:\/\/eterle.cz\/eshop\/produkt\/porcelanova-vaza-gerold-tettau\/","title":{"rendered":"Porcel\u00e1nov\u00e1 v\u00e1za \/ Gerold Tettau"},"content":{"rendered":"<p>V\u00e1za od vysoce elegantn\u00ed porcel\u00e1nky Tettau, jej\u00ed\u017e ko\u0159eny sahaj\u00ed do roku 1794. Od za\u010d\u00e1tku 19. stolet\u00ed je tato zna\u010dka pokl\u00e1d\u00e1na za sou\u010d\u00e1st slavnostn\u00edho stolov\u00e1n\u00ed s nejvy\u0161\u0161\u00ed kvalitou. Ozna\u010duje se za porcel\u00e1n kr\u00e1lovsk\u00fd, klasick\u00fd, vzne\u0161en\u00fd a elegantn\u00ed. Od roku 1957 pat\u0159\u00ed zna\u010dka Tettau do skupiny Seltmann Weiden, kter\u00e1 je zalo\u017eena na tradic\u00edch a inovaci. <\/p>\n<p>V\u00e1za m\u00e1 modern\u00ed tvar a jej\u00ed ru\u010dn\u011b malovan\u00fd dekor je neobvykl\u00fd jak motivem, tak barevnost\u00ed.<\/p>\n<p>Stav: v\u00fdborn\u00fd stav, jako nov\u00e1<br \/>\nZna\u010dka: Gerold Tettau<br \/>\nRozm\u011br<br \/>\nPr\u016fm\u011br horn\u00ed: 15,5 x 8 cm<br \/>\nV\u00fd\u0161ka: 19 cm<\/p>\n","protected":false},"excerpt":{"rendered":"<p>V\u00e1za od vysoce elegantn\u00ed porcel\u00e1nky Tettau, jej\u00ed\u017e ko\u0159eny sahaj\u00ed do roku 1794. Od za\u010d\u00e1tku 19. stolet\u00ed je tato zna\u010dka pokl\u00e1d\u00e1na<\/p>\n","protected":false},"featured_media":12346,"template":"","meta":[],"product_brand":[153],"product_cat":[91],"product_tag":[],"class_list":{"0":"post-12704","1":"product","2":"type-product","3":"status-publish","4":"has-post-thumbnail","6":"product_brand-eterle-cz","7":"product_cat-prodane","9":"first","10":"outofstock","11":"purchasable","12":"product-type-simple"},"_links":{"self":[{"href":"https:\/\/eterle.cz\/eshop\/wp-json\/wp\/v2\/product\/12704","targetHints":{"allow":["GET"]}}],"collection":[{"href":"https:\/\/eterle.cz\/eshop\/wp-json\/wp\/v2\/product"}],"about":[{"href":"https:\/\/eterle.cz\/eshop\/wp-json\/wp\/v2\/types\/product"}],"version-history":[{"count":0,"href":"https:\/\/eterle.cz\/eshop\/wp-json\/wp\/v2\/product\/12704\/revisions"}],"wp:featuredmedia":[{"embeddable":true,"href":"https:\/\/eterle.cz\/eshop\/wp-json\/wp\/v2\/media\/12346"}],"wp:attachment":[{"href":"https:\/\/eterle.cz\/eshop\/wp-json\/wp\/v2\/media?parent=12704"}],"wp:term":[{"taxonomy":"product_brand","embeddable":true,"href":"https:\/\/eterle.cz\/eshop\/wp-json\/wp\/v2\/product_brand?post=12704"},{"taxonomy":"product_cat","embeddable":true,"href":"https:\/\/eterle.cz\/eshop\/wp-json\/wp\/v2\/product_cat?post=12704"},{"taxonomy":"product_tag","embeddable":true,"href":"https:\/\/eterle.cz\/eshop\/wp-json\/wp\/v2\/product_tag?post=12704"}],"curies":[{"name":"wp","href":"https:\/\/api.w.org\/{rel}","templated":true}]}}