{"id":12902,"date":"2023-03-07T00:59:59","date_gmt":"2023-03-06T23:59:59","guid":{"rendered":"https:\/\/eterle.cz\/eshop\/produkt\/nocni-stolky-par-mezulanik\/"},"modified":"2025-02-16T02:55:51","modified_gmt":"2025-02-16T01:55:51","slug":"nocni-stolky-par-mezulanik","status":"publish","type":"product","link":"https:\/\/eterle.cz\/eshop\/produkt\/nocni-stolky-par-mezulanik\/","title":{"rendered":"No\u010dn\u00ed stolky (p\u00e1r) \/ Mezul\u00e1nik"},"content":{"rendered":"<p>Set legend\u00e1rn\u00edch no\u010dn\u00edch stolk\u016f z 60. let 20. stolet\u00ed od n\u00e1vrh\u00e1\u0159e Franti\u0161k Mezul\u00e1nika. N\u00e1vrhy tohoto zn\u00e1m\u00e9ho architekta jsou charakteristick\u00e9 svou prakti\u010dnost\u00ed, jednoduch\u00fdmi liniemi a nad\u010dasovost\u00ed. No\u010dn\u00ed stolky jsou v proveden\u00ed d\u00fdhovan\u00fd masiv, lakov\u00e1n\u00ed vysok\u00fd lesk a horn\u00ed desku tvo\u0159\u00ed opaxitov\u00e9 sklo. Jeden stolek je s \u0161upl\u00edkem a v\u00fdklopn\u00fdmi dv\u00ed\u0159ky. Druh\u00fd stolek je tvo\u0159en \u010dty\u0159mi \u0161upl\u00edky.<\/p>\n<p>Stav: velmi dobr\u00fd p\u016fvodn\u00ed stav, skla lehce \u0161t\u00edpla ze spodn\u00ed strany hrany<br \/>\nZna\u010dka: Franti\u0161ek Mezul\u00e1nik<br \/>\nRozm\u011br<br \/>\nV\u00fd\u0161ka: 65 cm<br \/>\n\u0160\u00ed\u0159ka: 55 cm<br \/>\nHloubka: 35 cm<\/p>\n","protected":false},"excerpt":{"rendered":"<p>Set legend\u00e1rn\u00edch no\u010dn\u00edch stolk\u016f z 60. let 20. stolet\u00ed od n\u00e1vrh\u00e1\u0159e Franti\u0161k Mezul\u00e1nika. N\u00e1vrhy tohoto zn\u00e1m\u00e9ho architekta jsou charakteristick\u00e9 svou<\/p>\n","protected":false},"featured_media":12903,"template":"","meta":[],"product_brand":[153],"product_cat":[91],"product_tag":[],"class_list":{"0":"post-12902","1":"product","2":"type-product","3":"status-publish","4":"has-post-thumbnail","6":"product_brand-eterle-cz","7":"product_cat-prodane","8":"product_shipping_class-nadrozmerne","10":"first","11":"outofstock","12":"purchasable","13":"product-type-simple"},"_links":{"self":[{"href":"https:\/\/eterle.cz\/eshop\/wp-json\/wp\/v2\/product\/12902","targetHints":{"allow":["GET"]}}],"collection":[{"href":"https:\/\/eterle.cz\/eshop\/wp-json\/wp\/v2\/product"}],"about":[{"href":"https:\/\/eterle.cz\/eshop\/wp-json\/wp\/v2\/types\/product"}],"version-history":[{"count":1,"href":"https:\/\/eterle.cz\/eshop\/wp-json\/wp\/v2\/product\/12902\/revisions"}],"predecessor-version":[{"id":15942,"href":"https:\/\/eterle.cz\/eshop\/wp-json\/wp\/v2\/product\/12902\/revisions\/15942"}],"wp:featuredmedia":[{"embeddable":true,"href":"https:\/\/eterle.cz\/eshop\/wp-json\/wp\/v2\/media\/12903"}],"wp:attachment":[{"href":"https:\/\/eterle.cz\/eshop\/wp-json\/wp\/v2\/media?parent=12902"}],"wp:term":[{"taxonomy":"product_brand","embeddable":true,"href":"https:\/\/eterle.cz\/eshop\/wp-json\/wp\/v2\/product_brand?post=12902"},{"taxonomy":"product_cat","embeddable":true,"href":"https:\/\/eterle.cz\/eshop\/wp-json\/wp\/v2\/product_cat?post=12902"},{"taxonomy":"product_tag","embeddable":true,"href":"https:\/\/eterle.cz\/eshop\/wp-json\/wp\/v2\/product_tag?post=12902"}],"curies":[{"name":"wp","href":"https:\/\/api.w.org\/{rel}","templated":true}]}}