{"id":12944,"date":"2023-03-07T01:01:29","date_gmt":"2023-03-07T00:01:29","guid":{"rendered":"https:\/\/eterle.cz\/eshop\/produkt\/komoda-u-452-jiroutek-2\/"},"modified":"2025-02-16T02:55:49","modified_gmt":"2025-02-16T01:55:49","slug":"komoda-u-452-jiroutek-2","status":"publish","type":"product","link":"https:\/\/eterle.cz\/eshop\/produkt\/komoda-u-452-jiroutek-2\/","title":{"rendered":"Komoda U-452 \/ Jiroutek"},"content":{"rendered":"<p>Origin\u00e1ln\u00ed retro sk\u0159\u00ed\u0148ka U-452 se \u0161oupac\u00edmi dv\u00ed\u0159ky ze s\u00e9rie sektorov\u00e9ho n\u00e1bytku vyr\u00e1b\u011bn\u00e9ho v 60. letech v n\u00e1rodn\u00edm podniku Interi\u00e9r Praha podle n\u00e1vrhu Ji\u0159\u00edho Jiroutka. Komody tohoto typu byly tak\u00e9 vystaveny na proslul\u00e9m veletrhu Expo 58 v Bruselu.<\/p>\n<p>Stav: drobn\u00e9 nedostatky viz fotografie<br \/>\nZna\u010dka: Ji\u0159\u00ed Jiroutek<br \/>\nRozm\u011br<br \/>\nV\u00fd\u0161ka: 75 cm<br \/>\nD\u00e9lka: 110 cm<br \/>\nHloubka: 43 cm<\/p>\n","protected":false},"excerpt":{"rendered":"<p>Origin\u00e1ln\u00ed retro sk\u0159\u00ed\u0148ka U-452 se \u0161oupac\u00edmi dv\u00ed\u0159ky ze s\u00e9rie sektorov\u00e9ho n\u00e1bytku vyr\u00e1b\u011bn\u00e9ho v 60. letech v n\u00e1rodn\u00edm podniku Interi\u00e9r Praha<\/p>\n","protected":false},"featured_media":12945,"template":"","meta":[],"product_brand":[153],"product_cat":[91],"product_tag":[],"class_list":{"0":"post-12944","1":"product","2":"type-product","3":"status-publish","4":"has-post-thumbnail","6":"product_brand-eterle-cz","7":"product_cat-prodane","8":"product_shipping_class-nadrozmerne","10":"first","11":"outofstock","12":"sale","13":"purchasable","14":"product-type-simple"},"_links":{"self":[{"href":"https:\/\/eterle.cz\/eshop\/wp-json\/wp\/v2\/product\/12944","targetHints":{"allow":["GET"]}}],"collection":[{"href":"https:\/\/eterle.cz\/eshop\/wp-json\/wp\/v2\/product"}],"about":[{"href":"https:\/\/eterle.cz\/eshop\/wp-json\/wp\/v2\/types\/product"}],"version-history":[{"count":0,"href":"https:\/\/eterle.cz\/eshop\/wp-json\/wp\/v2\/product\/12944\/revisions"}],"wp:featuredmedia":[{"embeddable":true,"href":"https:\/\/eterle.cz\/eshop\/wp-json\/wp\/v2\/media\/12945"}],"wp:attachment":[{"href":"https:\/\/eterle.cz\/eshop\/wp-json\/wp\/v2\/media?parent=12944"}],"wp:term":[{"taxonomy":"product_brand","embeddable":true,"href":"https:\/\/eterle.cz\/eshop\/wp-json\/wp\/v2\/product_brand?post=12944"},{"taxonomy":"product_cat","embeddable":true,"href":"https:\/\/eterle.cz\/eshop\/wp-json\/wp\/v2\/product_cat?post=12944"},{"taxonomy":"product_tag","embeddable":true,"href":"https:\/\/eterle.cz\/eshop\/wp-json\/wp\/v2\/product_tag?post=12944"}],"curies":[{"name":"wp","href":"https:\/\/api.w.org\/{rel}","templated":true}]}}