{"id":13173,"date":"2023-05-03T20:12:40","date_gmt":"2023-05-03T18:12:40","guid":{"rendered":"https:\/\/eterle.cz\/eshop\/?post_type=product&#038;p=13173"},"modified":"2026-01-15T09:12:36","modified_gmt":"2026-01-15T08:12:36","slug":"smes-kouli-oranzove-pokrok-zilina-2","status":"publish","type":"product","link":"https:\/\/eterle.cz\/eshop\/produkt\/smes-kouli-oranzove-pokrok-zilina-2\/","title":{"rendered":"Sm\u011bs koul\u00ed oran\u017eov\u00e9 \/ Pokrok \u017dilina"},"content":{"rendered":"<p><span data-sheets-value=\"{&quot;1&quot;:2,&quot;2&quot;:&quot;Lustr z 60. let je tvo\u0159en p\u011bti koulemi z granulovan\u00e9ho le\u0161t\u011bn\u00e9ho plastu zav\u011b\u0161en\u00fdmi v r\u016fzn\u00fdch d\u00e9lk\u00e1ch. P\u016fsob\u00ed vzdu\u0161n\u011b a lehce extravagantn\u011b. &quot;}\" data-sheets-userformat=\"{&quot;2&quot;:14781,&quot;3&quot;:{&quot;1&quot;:0,&quot;3&quot;:1},&quot;5&quot;:{&quot;1&quot;:[{&quot;1&quot;:2,&quot;2&quot;:0,&quot;5&quot;:{&quot;1&quot;:2,&quot;2&quot;:0}},{&quot;1&quot;:0,&quot;2&quot;:0,&quot;3&quot;:3},{&quot;1&quot;:1,&quot;2&quot;:0,&quot;4&quot;:1}]},&quot;6&quot;:{&quot;1&quot;:[{&quot;1&quot;:2,&quot;2&quot;:0,&quot;5&quot;:{&quot;1&quot;:2,&quot;2&quot;:0}},{&quot;1&quot;:0,&quot;2&quot;:0,&quot;3&quot;:3},{&quot;1&quot;:1,&quot;2&quot;:0,&quot;4&quot;:1}]},&quot;7&quot;:{&quot;1&quot;:[{&quot;1&quot;:2,&quot;2&quot;:0,&quot;5&quot;:{&quot;1&quot;:2,&quot;2&quot;:0}},{&quot;1&quot;:0,&quot;2&quot;:0,&quot;3&quot;:3},{&quot;1&quot;:1,&quot;2&quot;:0,&quot;4&quot;:1}]},&quot;8&quot;:{&quot;1&quot;:[{&quot;1&quot;:2,&quot;2&quot;:0,&quot;5&quot;:{&quot;1&quot;:2,&quot;2&quot;:0}},{&quot;1&quot;:0,&quot;2&quot;:0,&quot;3&quot;:3},{&quot;1&quot;:1,&quot;2&quot;:0,&quot;4&quot;:1}]},&quot;10&quot;:0,&quot;11&quot;:4,&quot;14&quot;:{&quot;1&quot;:2,&quot;2&quot;:0},&quot;15&quot;:&quot;Arial&quot;,&quot;16&quot;:10}\">Lustr z 60. let je tvo\u0159en p\u011bti koulemi z granulovan\u00e9ho le\u0161t\u011bn\u00e9ho plastu zav\u011b\u0161en\u00fdmi v r\u016fzn\u00fdch d\u00e9lk\u00e1ch. P\u016fsob\u00ed vzdu\u0161n\u011b a lehce extravagantn\u011b.<\/span><\/p>\n<p><span data-sheets-value=\"{&quot;1&quot;:2,&quot;2&quot;:&quot;Stav: kr\u00e1sn\u00fd p\u016fvodn\u00ed. Elektroinstalace p\u016fvodn\u00ed a funk\u010dn\u00ed, 250 V, 5 x 40 W\\nZna\u010dka: Pokrok \u017dilina\\nRozm\u011br\\nPr\u016fm\u011br tal\u00ed\u0159e: 30 cm\\nNejdel\u0161\u00ed kabel s koul\u00ed: 96 cm\\n&quot;}\" data-sheets-userformat=\"{&quot;2&quot;:14781,&quot;3&quot;:{&quot;1&quot;:0,&quot;3&quot;:1},&quot;5&quot;:{&quot;1&quot;:[{&quot;1&quot;:2,&quot;2&quot;:0,&quot;5&quot;:{&quot;1&quot;:2,&quot;2&quot;:0}},{&quot;1&quot;:0,&quot;2&quot;:0,&quot;3&quot;:3},{&quot;1&quot;:1,&quot;2&quot;:0,&quot;4&quot;:1}]},&quot;6&quot;:{&quot;1&quot;:[{&quot;1&quot;:2,&quot;2&quot;:0,&quot;5&quot;:{&quot;1&quot;:2,&quot;2&quot;:0}},{&quot;1&quot;:0,&quot;2&quot;:0,&quot;3&quot;:3},{&quot;1&quot;:1,&quot;2&quot;:0,&quot;4&quot;:1}]},&quot;7&quot;:{&quot;1&quot;:[{&quot;1&quot;:2,&quot;2&quot;:0,&quot;5&quot;:{&quot;1&quot;:2,&quot;2&quot;:0}},{&quot;1&quot;:0,&quot;2&quot;:0,&quot;3&quot;:3},{&quot;1&quot;:1,&quot;2&quot;:0,&quot;4&quot;:1}]},&quot;8&quot;:{&quot;1&quot;:[{&quot;1&quot;:2,&quot;2&quot;:0,&quot;5&quot;:{&quot;1&quot;:2,&quot;2&quot;:0}},{&quot;1&quot;:0,&quot;2&quot;:0,&quot;3&quot;:3},{&quot;1&quot;:1,&quot;2&quot;:0,&quot;4&quot;:1}]},&quot;10&quot;:0,&quot;11&quot;:4,&quot;14&quot;:{&quot;1&quot;:2,&quot;2&quot;:0},&quot;15&quot;:&quot;Arial&quot;,&quot;16&quot;:10}\">Stav: kr\u00e1sn\u00fd p\u016fvodn\u00ed. Elektroinstalace p\u016fvodn\u00ed a funk\u010dn\u00ed, 250 V, 5 x 40 W<br \/>\nZna\u010dka: Pokrok \u017dilina<br \/>\nRozm\u011br<br \/>\nPr\u016fm\u011br tal\u00ed\u0159e: 30 cm<br \/>\nNejdel\u0161\u00ed kabel s koul\u00ed: 96 cm<br \/>\n<\/span><\/p>\n","protected":false},"excerpt":{"rendered":"<p>Lustr z 60. let je tvo\u0159en p\u011bti koulemi z granulovan\u00e9ho le\u0161t\u011bn\u00e9ho plastu zav\u011b\u0161en\u00fdmi v r\u016fzn\u00fdch d\u00e9lk\u00e1ch. P\u016fsob\u00ed vzdu\u0161n\u011b a lehce<\/p>\n","protected":false},"featured_media":13174,"template":"","meta":[],"product_brand":[153],"product_cat":[91],"product_tag":[],"class_list":{"0":"post-13173","1":"product","2":"type-product","3":"status-publish","4":"has-post-thumbnail","6":"product_brand-eterle-cz","7":"product_cat-prodane","8":"product_shipping_class-nadrozmerne","10":"first","11":"outofstock","12":"purchasable","13":"product-type-simple"},"_links":{"self":[{"href":"https:\/\/eterle.cz\/eshop\/wp-json\/wp\/v2\/product\/13173","targetHints":{"allow":["GET"]}}],"collection":[{"href":"https:\/\/eterle.cz\/eshop\/wp-json\/wp\/v2\/product"}],"about":[{"href":"https:\/\/eterle.cz\/eshop\/wp-json\/wp\/v2\/types\/product"}],"version-history":[{"count":2,"href":"https:\/\/eterle.cz\/eshop\/wp-json\/wp\/v2\/product\/13173\/revisions"}],"predecessor-version":[{"id":26176,"href":"https:\/\/eterle.cz\/eshop\/wp-json\/wp\/v2\/product\/13173\/revisions\/26176"}],"wp:featuredmedia":[{"embeddable":true,"href":"https:\/\/eterle.cz\/eshop\/wp-json\/wp\/v2\/media\/13174"}],"wp:attachment":[{"href":"https:\/\/eterle.cz\/eshop\/wp-json\/wp\/v2\/media?parent=13173"}],"wp:term":[{"taxonomy":"product_brand","embeddable":true,"href":"https:\/\/eterle.cz\/eshop\/wp-json\/wp\/v2\/product_brand?post=13173"},{"taxonomy":"product_cat","embeddable":true,"href":"https:\/\/eterle.cz\/eshop\/wp-json\/wp\/v2\/product_cat?post=13173"},{"taxonomy":"product_tag","embeddable":true,"href":"https:\/\/eterle.cz\/eshop\/wp-json\/wp\/v2\/product_tag?post=13173"}],"curies":[{"name":"wp","href":"https:\/\/api.w.org\/{rel}","templated":true}]}}