{"id":13357,"date":"2023-05-21T23:46:06","date_gmt":"2023-05-21T21:46:06","guid":{"rendered":"https:\/\/eterle.cz\/eshop\/produkt\/porcelanova-vaza-kaiser-2\/"},"modified":"2026-03-25T19:49:01","modified_gmt":"2026-03-25T18:49:01","slug":"porcelanova-vaza-kaiser-2","status":"publish","type":"product","link":"https:\/\/eterle.cz\/eshop\/produkt\/porcelanova-vaza-kaiser-2\/","title":{"rendered":"Porcel\u00e1nov\u00e1 v\u00e1za \/ Kaiser"},"content":{"rendered":"<p>Porcel\u00e1nov\u00e1 v\u00e1za od n\u011bmeck\u00e9 porcel\u00e1nky Kaiser v klasick\u00e9m tvaru amfory se vzorem bodl\u00e1ku, kter\u00fd je origin\u00e1ln\u00ed jak barevnost\u00ed tak motivem. V\u00e1za je vhodn\u00e1 na men\u0161\u00ed objem kv\u011btin s vy\u0161\u0161\u00edmi stonky. Ve stejn\u00e9m dekoru m\u00e1me i <span style=\"color: #000000;\"><a style=\"color: #000000;\" href=\"https:\/\/eterle.cz\/eshop\/produkt\/porcelanova-vaza-kaiser-3\/\">v\u00e1zu ve tvaru d\u017eb\u00e1nku<\/a><\/span>.<\/p>\n<p>Stav: perfektn\u00ed<br \/>\nZna\u010dka: Kaiser<br \/>\nRozm\u011br<br \/>\nPr\u016fm\u011br horn\u00ed: 7 cm<br \/>\nV\u00fd\u0161ka: 25 cm<\/p>\n","protected":false},"excerpt":{"rendered":"<p>Porcel\u00e1nov\u00e1 v\u00e1za od n\u011bmeck\u00e9 porcel\u00e1nky Kaiser v klasick\u00e9m tvaru amfory se vzorem bodl\u00e1ku, kter\u00fd je origin\u00e1ln\u00ed jak barevnost\u00ed tak motivem.<\/p>\n","protected":false},"featured_media":13358,"template":"","meta":[],"product_brand":[153],"product_cat":[91],"product_tag":[],"class_list":{"0":"post-13357","1":"product","2":"type-product","3":"status-publish","4":"has-post-thumbnail","6":"product_brand-eterle-cz","7":"product_cat-prodane","9":"first","10":"outofstock","11":"purchasable","12":"product-type-simple"},"_links":{"self":[{"href":"https:\/\/eterle.cz\/eshop\/wp-json\/wp\/v2\/product\/13357","targetHints":{"allow":["GET"]}}],"collection":[{"href":"https:\/\/eterle.cz\/eshop\/wp-json\/wp\/v2\/product"}],"about":[{"href":"https:\/\/eterle.cz\/eshop\/wp-json\/wp\/v2\/types\/product"}],"version-history":[{"count":1,"href":"https:\/\/eterle.cz\/eshop\/wp-json\/wp\/v2\/product\/13357\/revisions"}],"predecessor-version":[{"id":26172,"href":"https:\/\/eterle.cz\/eshop\/wp-json\/wp\/v2\/product\/13357\/revisions\/26172"}],"wp:featuredmedia":[{"embeddable":true,"href":"https:\/\/eterle.cz\/eshop\/wp-json\/wp\/v2\/media\/13358"}],"wp:attachment":[{"href":"https:\/\/eterle.cz\/eshop\/wp-json\/wp\/v2\/media?parent=13357"}],"wp:term":[{"taxonomy":"product_brand","embeddable":true,"href":"https:\/\/eterle.cz\/eshop\/wp-json\/wp\/v2\/product_brand?post=13357"},{"taxonomy":"product_cat","embeddable":true,"href":"https:\/\/eterle.cz\/eshop\/wp-json\/wp\/v2\/product_cat?post=13357"},{"taxonomy":"product_tag","embeddable":true,"href":"https:\/\/eterle.cz\/eshop\/wp-json\/wp\/v2\/product_tag?post=13357"}],"curies":[{"name":"wp","href":"https:\/\/api.w.org\/{rel}","templated":true}]}}