{"id":13365,"date":"2023-05-21T23:46:49","date_gmt":"2023-05-21T21:46:49","guid":{"rendered":"https:\/\/eterle.cz\/eshop\/produkt\/porcelanova-vaza-spm-walkure\/"},"modified":"2025-02-16T02:54:56","modified_gmt":"2025-02-16T01:54:56","slug":"porcelanova-vaza-spm-walkure","status":"publish","type":"product","link":"https:\/\/eterle.cz\/eshop\/produkt\/porcelanova-vaza-spm-walkure\/","title":{"rendered":"Porcel\u00e1nov\u00e1 v\u00e1za \/ SPM Walk\u00fcre"},"content":{"rendered":"<p>Porcel\u00e1nov\u00e1 art deco v\u00e1za ve smetanov\u00e9 barv\u011b m\u00e1 klasick\u00fd tvar vhodn\u00fd na v\u011bt\u0161\u00ed pug\u00e9t. Barevnost\u00ed dekoru i porcel\u00e1nu evokuje podzimn\u00ed obdob\u00ed. Tvarem a plastick\u00fdm dekorem kv\u011btin po obvodu horn\u00edho lemu p\u0159ipom\u00edn\u00e1 Rosenthal classic rose.<\/p>\n<p>Stav: v\u00fdborn\u00fd, zlat\u00fd prou\u017eek nese lehkou zn\u00e1mku patiny<br \/>\nZna\u010dka: SPM Walk\u00fcre<br \/>\nRozm\u011br<br \/>\nPr\u016fm\u011br horn\u00ed: 15  cm<br \/>\nV\u00fd\u0161ka: 20,5 cm<\/p>\n","protected":false},"excerpt":{"rendered":"<p>Porcel\u00e1nov\u00e1 art deco v\u00e1za ve smetanov\u00e9 barv\u011b m\u00e1 klasick\u00fd tvar vhodn\u00fd na v\u011bt\u0161\u00ed pug\u00e9t. Barevnost\u00ed dekoru i porcel\u00e1nu evokuje podzimn\u00ed<\/p>\n","protected":false},"featured_media":13366,"template":"","meta":[],"product_brand":[153],"product_cat":[91],"product_tag":[],"class_list":{"0":"post-13365","1":"product","2":"type-product","3":"status-publish","4":"has-post-thumbnail","6":"product_brand-eterle-cz","7":"product_cat-prodane","9":"first","10":"outofstock","11":"purchasable","12":"product-type-simple"},"_links":{"self":[{"href":"https:\/\/eterle.cz\/eshop\/wp-json\/wp\/v2\/product\/13365","targetHints":{"allow":["GET"]}}],"collection":[{"href":"https:\/\/eterle.cz\/eshop\/wp-json\/wp\/v2\/product"}],"about":[{"href":"https:\/\/eterle.cz\/eshop\/wp-json\/wp\/v2\/types\/product"}],"version-history":[{"count":0,"href":"https:\/\/eterle.cz\/eshop\/wp-json\/wp\/v2\/product\/13365\/revisions"}],"wp:featuredmedia":[{"embeddable":true,"href":"https:\/\/eterle.cz\/eshop\/wp-json\/wp\/v2\/media\/13366"}],"wp:attachment":[{"href":"https:\/\/eterle.cz\/eshop\/wp-json\/wp\/v2\/media?parent=13365"}],"wp:term":[{"taxonomy":"product_brand","embeddable":true,"href":"https:\/\/eterle.cz\/eshop\/wp-json\/wp\/v2\/product_brand?post=13365"},{"taxonomy":"product_cat","embeddable":true,"href":"https:\/\/eterle.cz\/eshop\/wp-json\/wp\/v2\/product_cat?post=13365"},{"taxonomy":"product_tag","embeddable":true,"href":"https:\/\/eterle.cz\/eshop\/wp-json\/wp\/v2\/product_tag?post=13365"}],"curies":[{"name":"wp","href":"https:\/\/api.w.org\/{rel}","templated":true}]}}