{"id":13379,"date":"2023-05-21T23:48:01","date_gmt":"2023-05-21T21:48:01","guid":{"rendered":"https:\/\/eterle.cz\/eshop\/produkt\/porcelanova-vaza-thomas-velka-2\/"},"modified":"2025-02-16T02:54:53","modified_gmt":"2025-02-16T01:54:53","slug":"porcelanova-vaza-thomas-velka-2","status":"publish","type":"product","link":"https:\/\/eterle.cz\/eshop\/produkt\/porcelanova-vaza-thomas-velka-2\/","title":{"rendered":"Porcel\u00e1nov\u00e1 v\u00e1za \/ Thomas velk\u00e1"},"content":{"rendered":"<p>Porcel\u00e1nov\u00e1 v\u00e1za od n\u011bmeck\u00e9 porcel\u00e1nky Thomas, kter\u00fd je zna\u010dkou ze skupiny Rosenthal. Jednoduch\u00fd modern\u00ed tvar s detailn\u011b propracovanou kresbou pivon\u011bk ve zlat\u00e9 barv\u011b. V tomto proveden\u00ed m\u00e1me n\u011bkolik velikost\u00ed v\u00e1z, tak je mo\u017eno hezky kombinovat.<\/p>\n<p>Stav: perfektn\u00ed<br \/>\nZna\u010dka: Thomas<br \/>\nRozm\u011br<br \/>\nPr\u016fm\u011br horn\u00ed: 6 cm<br \/>\nV\u00fd\u0161ka: 30 cm<\/p>\n","protected":false},"excerpt":{"rendered":"<p>Porcel\u00e1nov\u00e1 v\u00e1za od n\u011bmeck\u00e9 porcel\u00e1nky Thomas, kter\u00fd je zna\u010dkou ze skupiny Rosenthal. Jednoduch\u00fd modern\u00ed tvar s detailn\u011b propracovanou kresbou pivon\u011bk<\/p>\n","protected":false},"featured_media":13380,"template":"","meta":[],"product_brand":[153],"product_cat":[91],"product_tag":[],"class_list":{"0":"post-13379","1":"product","2":"type-product","3":"status-publish","4":"has-post-thumbnail","6":"product_brand-eterle-cz","7":"product_cat-prodane","9":"first","10":"outofstock","11":"purchasable","12":"product-type-simple"},"_links":{"self":[{"href":"https:\/\/eterle.cz\/eshop\/wp-json\/wp\/v2\/product\/13379","targetHints":{"allow":["GET"]}}],"collection":[{"href":"https:\/\/eterle.cz\/eshop\/wp-json\/wp\/v2\/product"}],"about":[{"href":"https:\/\/eterle.cz\/eshop\/wp-json\/wp\/v2\/types\/product"}],"version-history":[{"count":0,"href":"https:\/\/eterle.cz\/eshop\/wp-json\/wp\/v2\/product\/13379\/revisions"}],"wp:featuredmedia":[{"embeddable":true,"href":"https:\/\/eterle.cz\/eshop\/wp-json\/wp\/v2\/media\/13380"}],"wp:attachment":[{"href":"https:\/\/eterle.cz\/eshop\/wp-json\/wp\/v2\/media?parent=13379"}],"wp:term":[{"taxonomy":"product_brand","embeddable":true,"href":"https:\/\/eterle.cz\/eshop\/wp-json\/wp\/v2\/product_brand?post=13379"},{"taxonomy":"product_cat","embeddable":true,"href":"https:\/\/eterle.cz\/eshop\/wp-json\/wp\/v2\/product_cat?post=13379"},{"taxonomy":"product_tag","embeddable":true,"href":"https:\/\/eterle.cz\/eshop\/wp-json\/wp\/v2\/product_tag?post=13379"}],"curies":[{"name":"wp","href":"https:\/\/api.w.org\/{rel}","templated":true}]}}