{"id":13393,"date":"2023-05-21T23:49:16","date_gmt":"2023-05-21T21:49:16","guid":{"rendered":"https:\/\/eterle.cz\/eshop\/produkt\/porcelanova-vaza-eschenbach-2\/"},"modified":"2025-02-16T02:54:51","modified_gmt":"2025-02-16T01:54:51","slug":"porcelanova-vaza-eschenbach-2","status":"publish","type":"product","link":"https:\/\/eterle.cz\/eshop\/produkt\/porcelanova-vaza-eschenbach-2\/","title":{"rendered":"Porcel\u00e1nov\u00e1 v\u00e1za \/ Eschenbach"},"content":{"rendered":"<p>Minimalistick\u00e1 \u00fazk\u00e1 v\u00e1za, kterou zdob\u00ed pouze plastick\u00fd vzor v pruz\u00edch padaj\u00edc\u00edch kapek. Vhodn\u00e1 na vy\u0161\u0161\u00ed jednoduchou kv\u011btinu nebo naopak kontrasn\u011b mohutn\u011bj\u0161\u00ed kv\u011bty, kter\u00e9 p\u016fjdou do stran.<\/p>\n<p>Stav: perfektn\u00ed<br \/>\nZna\u010dka: Eschenbach<br \/>\nRozm\u011br<br \/>\nPr\u016fm\u011br horn\u00ed: 4 cm<br \/>\nV\u00fd\u0161ka: 25 cm<\/p>\n","protected":false},"excerpt":{"rendered":"<p>Minimalistick\u00e1 \u00fazk\u00e1 v\u00e1za, kterou zdob\u00ed pouze plastick\u00fd vzor v pruz\u00edch padaj\u00edc\u00edch kapek. Vhodn\u00e1 na vy\u0161\u0161\u00ed jednoduchou kv\u011btinu nebo naopak kontrasn\u011b<\/p>\n","protected":false},"featured_media":13394,"template":"","meta":[],"product_brand":[153],"product_cat":[91],"product_tag":[],"class_list":{"0":"post-13393","1":"product","2":"type-product","3":"status-publish","4":"has-post-thumbnail","6":"product_brand-eterle-cz","7":"product_cat-prodane","9":"first","10":"outofstock","11":"purchasable","12":"product-type-simple"},"_links":{"self":[{"href":"https:\/\/eterle.cz\/eshop\/wp-json\/wp\/v2\/product\/13393","targetHints":{"allow":["GET"]}}],"collection":[{"href":"https:\/\/eterle.cz\/eshop\/wp-json\/wp\/v2\/product"}],"about":[{"href":"https:\/\/eterle.cz\/eshop\/wp-json\/wp\/v2\/types\/product"}],"version-history":[{"count":0,"href":"https:\/\/eterle.cz\/eshop\/wp-json\/wp\/v2\/product\/13393\/revisions"}],"wp:featuredmedia":[{"embeddable":true,"href":"https:\/\/eterle.cz\/eshop\/wp-json\/wp\/v2\/media\/13394"}],"wp:attachment":[{"href":"https:\/\/eterle.cz\/eshop\/wp-json\/wp\/v2\/media?parent=13393"}],"wp:term":[{"taxonomy":"product_brand","embeddable":true,"href":"https:\/\/eterle.cz\/eshop\/wp-json\/wp\/v2\/product_brand?post=13393"},{"taxonomy":"product_cat","embeddable":true,"href":"https:\/\/eterle.cz\/eshop\/wp-json\/wp\/v2\/product_cat?post=13393"},{"taxonomy":"product_tag","embeddable":true,"href":"https:\/\/eterle.cz\/eshop\/wp-json\/wp\/v2\/product_tag?post=13393"}],"curies":[{"name":"wp","href":"https:\/\/api.w.org\/{rel}","templated":true}]}}