{"id":13405,"date":"2023-05-21T23:50:17","date_gmt":"2023-05-21T21:50:17","guid":{"rendered":"https:\/\/eterle.cz\/eshop\/produkt\/porcelanova-vaza-bavaria-2\/"},"modified":"2025-02-16T02:54:49","modified_gmt":"2025-02-16T01:54:49","slug":"porcelanova-vaza-bavaria-2","status":"publish","type":"product","link":"https:\/\/eterle.cz\/eshop\/produkt\/porcelanova-vaza-bavaria-2\/","title":{"rendered":"Porcel\u00e1nov\u00e1 v\u00e1za \/ Bavaria"},"content":{"rendered":"<p>Buclat\u00e1 v\u00e1za smetanov\u00e9 barvy zdobena barevn\u00fdmi kv\u011bty v kr\u00e1sn\u011b jarn\u00edch barv\u00e1ch. Do v\u00e1zy se vejde st\u0159edn\u011b velk\u00fd pug\u00e9t, kter\u00fd m\u016f\u017eete ladit do barev dekoru nebo zvolit jednobarevnou variantu.<\/p>\n<p>Stav: velmi dobr\u00fd, jen na jednom m\u00edst\u011b nad kv\u011bty drobn\u00e9 &#8222;\u010dmou\u0161ky&#8220;<br \/>\nZna\u010dka: Bavaria<br \/>\nRozm\u011br<br \/>\nPr\u016fm\u011br horn\u00ed: 7,5 cm<br \/>\nV\u00fd\u0161ka: 20 cm<\/p>\n","protected":false},"excerpt":{"rendered":"<p>Buclat\u00e1 v\u00e1za smetanov\u00e9 barvy zdobena barevn\u00fdmi kv\u011bty v kr\u00e1sn\u011b jarn\u00edch barv\u00e1ch. Do v\u00e1zy se vejde st\u0159edn\u011b velk\u00fd pug\u00e9t, kter\u00fd m\u016f\u017eete<\/p>\n","protected":false},"featured_media":13406,"template":"","meta":[],"product_brand":[153],"product_cat":[91],"product_tag":[],"class_list":{"0":"post-13405","1":"product","2":"type-product","3":"status-publish","4":"has-post-thumbnail","6":"product_brand-eterle-cz","7":"product_cat-prodane","9":"first","10":"outofstock","11":"purchasable","12":"product-type-simple"},"_links":{"self":[{"href":"https:\/\/eterle.cz\/eshop\/wp-json\/wp\/v2\/product\/13405","targetHints":{"allow":["GET"]}}],"collection":[{"href":"https:\/\/eterle.cz\/eshop\/wp-json\/wp\/v2\/product"}],"about":[{"href":"https:\/\/eterle.cz\/eshop\/wp-json\/wp\/v2\/types\/product"}],"version-history":[{"count":0,"href":"https:\/\/eterle.cz\/eshop\/wp-json\/wp\/v2\/product\/13405\/revisions"}],"wp:featuredmedia":[{"embeddable":true,"href":"https:\/\/eterle.cz\/eshop\/wp-json\/wp\/v2\/media\/13406"}],"wp:attachment":[{"href":"https:\/\/eterle.cz\/eshop\/wp-json\/wp\/v2\/media?parent=13405"}],"wp:term":[{"taxonomy":"product_brand","embeddable":true,"href":"https:\/\/eterle.cz\/eshop\/wp-json\/wp\/v2\/product_brand?post=13405"},{"taxonomy":"product_cat","embeddable":true,"href":"https:\/\/eterle.cz\/eshop\/wp-json\/wp\/v2\/product_cat?post=13405"},{"taxonomy":"product_tag","embeddable":true,"href":"https:\/\/eterle.cz\/eshop\/wp-json\/wp\/v2\/product_tag?post=13405"}],"curies":[{"name":"wp","href":"https:\/\/api.w.org\/{rel}","templated":true}]}}