{"id":13413,"date":"2023-05-21T23:51:01","date_gmt":"2023-05-21T21:51:01","guid":{"rendered":"https:\/\/eterle.cz\/eshop\/produkt\/porcelanova-vaza-henrich\/"},"modified":"2025-02-16T02:54:48","modified_gmt":"2025-02-16T01:54:48","slug":"porcelanova-vaza-henrich","status":"publish","type":"product","link":"https:\/\/eterle.cz\/eshop\/produkt\/porcelanova-vaza-henrich\/","title":{"rendered":"Porcel\u00e1nov\u00e1 v\u00e1za \/ Henrich"},"content":{"rendered":"<p>St\u0159edn\u011b velk\u00e1 v\u00e1za od n\u011bmeck\u00e9 porcel\u00e1nyk Heinrich s obl\u00edben\u00fdm kobaltov\u00fdm vzorem kv\u011btin, kter\u00e9 budou slu\u0161et zejm\u00e9na b\u00edl\u00e9 nebo \u017elut\u00e9 kv\u011btiny. Ne\u0161l\u00e1pnete ale vedle t\u00e9m\u011b\u0159 s jakoukoliv barevnost\u00ed.<\/p>\n<p>Stav: perfektn\u00ed<br \/>\nZna\u010dka: Heinrich<br \/>\nRozm\u011br<br \/>\nPr\u016fm\u011br horn\u00ed: 5 cm<br \/>\nV\u00fd\u0161ka: 22 cm<\/p>\n","protected":false},"excerpt":{"rendered":"<p>St\u0159edn\u011b velk\u00e1 v\u00e1za od n\u011bmeck\u00e9 porcel\u00e1nyk Heinrich s obl\u00edben\u00fdm kobaltov\u00fdm vzorem kv\u011btin, kter\u00e9 budou slu\u0161et zejm\u00e9na b\u00edl\u00e9 nebo \u017elut\u00e9 kv\u011btiny.<\/p>\n","protected":false},"featured_media":13414,"template":"","meta":[],"product_brand":[153],"product_cat":[91],"product_tag":[],"class_list":{"0":"post-13413","1":"product","2":"type-product","3":"status-publish","4":"has-post-thumbnail","6":"product_brand-eterle-cz","7":"product_cat-prodane","9":"first","10":"outofstock","11":"purchasable","12":"product-type-simple"},"_links":{"self":[{"href":"https:\/\/eterle.cz\/eshop\/wp-json\/wp\/v2\/product\/13413","targetHints":{"allow":["GET"]}}],"collection":[{"href":"https:\/\/eterle.cz\/eshop\/wp-json\/wp\/v2\/product"}],"about":[{"href":"https:\/\/eterle.cz\/eshop\/wp-json\/wp\/v2\/types\/product"}],"version-history":[{"count":0,"href":"https:\/\/eterle.cz\/eshop\/wp-json\/wp\/v2\/product\/13413\/revisions"}],"wp:featuredmedia":[{"embeddable":true,"href":"https:\/\/eterle.cz\/eshop\/wp-json\/wp\/v2\/media\/13414"}],"wp:attachment":[{"href":"https:\/\/eterle.cz\/eshop\/wp-json\/wp\/v2\/media?parent=13413"}],"wp:term":[{"taxonomy":"product_brand","embeddable":true,"href":"https:\/\/eterle.cz\/eshop\/wp-json\/wp\/v2\/product_brand?post=13413"},{"taxonomy":"product_cat","embeddable":true,"href":"https:\/\/eterle.cz\/eshop\/wp-json\/wp\/v2\/product_cat?post=13413"},{"taxonomy":"product_tag","embeddable":true,"href":"https:\/\/eterle.cz\/eshop\/wp-json\/wp\/v2\/product_tag?post=13413"}],"curies":[{"name":"wp","href":"https:\/\/api.w.org\/{rel}","templated":true}]}}