{"id":13417,"date":"2023-05-21T23:51:19","date_gmt":"2023-05-21T21:51:19","guid":{"rendered":"https:\/\/eterle.cz\/eshop\/produkt\/porcelanova-vaza-arzberg-6\/"},"modified":"2025-02-16T02:54:47","modified_gmt":"2025-02-16T01:54:47","slug":"porcelanova-vaza-arzberg-6","status":"publish","type":"product","link":"https:\/\/eterle.cz\/eshop\/produkt\/porcelanova-vaza-arzberg-6\/","title":{"rendered":"Porcel\u00e1nov\u00e1 v\u00e1za \/ Arzberg"},"content":{"rendered":"<p>Zv\u00e1l\u0161tn\u00ed tvar v\u00e1zy p\u0159ipom\u00edna maj\u00e1k na \u00fatesu rozbou\u0159en\u00e9ho mo\u0159e. Tuto iluzi dokresluj\u00ed je\u0161t\u011b zobrzen\u00ed plasti\u010dt\u00ed rackov\u00e9. Kr\u00e1sn\u00e1 je kombinace leskl\u00e9 glazury a biscuitu.<\/p>\n<p>Stav: v\u00fdborn\u00fd, m\u00edsty na biscuitov\u00e9 \u010d\u00e1sti jsou mal\u00e9 \u010dmou\u0161ky<br \/>\nZna\u010dka: Arzberg<br \/>\nRozm\u011br<br \/>\nPr\u016fm\u011br horn\u00ed: 5 cm<br \/>\nV\u00fd\u0161ka: 19 cm<\/p>\n","protected":false},"excerpt":{"rendered":"<p>Zv\u00e1l\u0161tn\u00ed tvar v\u00e1zy p\u0159ipom\u00edna maj\u00e1k na \u00fatesu rozbou\u0159en\u00e9ho mo\u0159e. Tuto iluzi dokresluj\u00ed je\u0161t\u011b zobrzen\u00ed plasti\u010dt\u00ed rackov\u00e9. Kr\u00e1sn\u00e1 je kombinace leskl\u00e9<\/p>\n","protected":false},"featured_media":13418,"template":"","meta":[],"product_brand":[153],"product_cat":[91],"product_tag":[],"class_list":{"0":"post-13417","1":"product","2":"type-product","3":"status-publish","4":"has-post-thumbnail","6":"product_brand-eterle-cz","7":"product_cat-prodane","9":"first","10":"outofstock","11":"purchasable","12":"product-type-simple"},"_links":{"self":[{"href":"https:\/\/eterle.cz\/eshop\/wp-json\/wp\/v2\/product\/13417","targetHints":{"allow":["GET"]}}],"collection":[{"href":"https:\/\/eterle.cz\/eshop\/wp-json\/wp\/v2\/product"}],"about":[{"href":"https:\/\/eterle.cz\/eshop\/wp-json\/wp\/v2\/types\/product"}],"version-history":[{"count":0,"href":"https:\/\/eterle.cz\/eshop\/wp-json\/wp\/v2\/product\/13417\/revisions"}],"wp:featuredmedia":[{"embeddable":true,"href":"https:\/\/eterle.cz\/eshop\/wp-json\/wp\/v2\/media\/13418"}],"wp:attachment":[{"href":"https:\/\/eterle.cz\/eshop\/wp-json\/wp\/v2\/media?parent=13417"}],"wp:term":[{"taxonomy":"product_brand","embeddable":true,"href":"https:\/\/eterle.cz\/eshop\/wp-json\/wp\/v2\/product_brand?post=13417"},{"taxonomy":"product_cat","embeddable":true,"href":"https:\/\/eterle.cz\/eshop\/wp-json\/wp\/v2\/product_cat?post=13417"},{"taxonomy":"product_tag","embeddable":true,"href":"https:\/\/eterle.cz\/eshop\/wp-json\/wp\/v2\/product_tag?post=13417"}],"curies":[{"name":"wp","href":"https:\/\/api.w.org\/{rel}","templated":true}]}}