{"id":13431,"date":"2023-05-21T23:52:37","date_gmt":"2023-05-21T21:52:37","guid":{"rendered":"https:\/\/eterle.cz\/eshop\/produkt\/lita-vaza-loffelhardt\/"},"modified":"2025-02-16T02:54:45","modified_gmt":"2025-02-16T01:54:45","slug":"lita-vaza-loffelhardt","status":"publish","type":"product","link":"https:\/\/eterle.cz\/eshop\/produkt\/lita-vaza-loffelhardt\/","title":{"rendered":"Lit\u00e1 v\u00e1za \/ L\u00f6ffelhardt"},"content":{"rendered":"<p>Lit\u00e1 v\u00e1za od n\u011bmeck\u00e9ho design\u00e9ra Heinricha L\u00f6ffelhardta (1901-1979) pro zna\u010dku Schott Zwiesel. Dekor evokuje vodu a to jak barvou tak velk\u00fdm mno\u017estv\u00edm bublin stoupaj\u00edc\u00edch k hladin\u011b.<\/p>\n<p>Stav: v\u00fdborn\u00fd<br \/>\nZna\u010dka: H. L\u00f6ffelhardt<br \/>\nRozm\u011br<br \/>\nPr\u016fm\u011br horn\u00ed: 7,5 cm<br \/>\nV\u00fd\u0161ka: 24,5 cm<\/p>\n","protected":false},"excerpt":{"rendered":"<p>Lit\u00e1 v\u00e1za od n\u011bmeck\u00e9ho design\u00e9ra Heinricha L\u00f6ffelhardta (1901-1979) pro zna\u010dku Schott Zwiesel. Dekor evokuje vodu a to jak barvou tak<\/p>\n","protected":false},"featured_media":13432,"template":"","meta":[],"product_brand":[153],"product_cat":[91],"product_tag":[],"class_list":{"0":"post-13431","1":"product","2":"type-product","3":"status-publish","4":"has-post-thumbnail","6":"product_brand-eterle-cz","7":"product_cat-prodane","9":"first","10":"outofstock","11":"purchasable","12":"product-type-simple"},"_links":{"self":[{"href":"https:\/\/eterle.cz\/eshop\/wp-json\/wp\/v2\/product\/13431","targetHints":{"allow":["GET"]}}],"collection":[{"href":"https:\/\/eterle.cz\/eshop\/wp-json\/wp\/v2\/product"}],"about":[{"href":"https:\/\/eterle.cz\/eshop\/wp-json\/wp\/v2\/types\/product"}],"version-history":[{"count":0,"href":"https:\/\/eterle.cz\/eshop\/wp-json\/wp\/v2\/product\/13431\/revisions"}],"wp:featuredmedia":[{"embeddable":true,"href":"https:\/\/eterle.cz\/eshop\/wp-json\/wp\/v2\/media\/13432"}],"wp:attachment":[{"href":"https:\/\/eterle.cz\/eshop\/wp-json\/wp\/v2\/media?parent=13431"}],"wp:term":[{"taxonomy":"product_brand","embeddable":true,"href":"https:\/\/eterle.cz\/eshop\/wp-json\/wp\/v2\/product_brand?post=13431"},{"taxonomy":"product_cat","embeddable":true,"href":"https:\/\/eterle.cz\/eshop\/wp-json\/wp\/v2\/product_cat?post=13431"},{"taxonomy":"product_tag","embeddable":true,"href":"https:\/\/eterle.cz\/eshop\/wp-json\/wp\/v2\/product_tag?post=13431"}],"curies":[{"name":"wp","href":"https:\/\/api.w.org\/{rel}","templated":true}]}}