{"id":13774,"date":"2023-08-01T01:56:26","date_gmt":"2023-07-31T23:56:26","guid":{"rendered":"https:\/\/eterle.cz\/eshop\/produkt\/nemy-sluha-hynek-gottwald\/"},"modified":"2025-02-16T02:54:43","modified_gmt":"2025-02-16T01:54:43","slug":"nemy-sluha-hynek-gottwald","status":"publish","type":"product","link":"https:\/\/eterle.cz\/eshop\/produkt\/nemy-sluha-hynek-gottwald\/","title":{"rendered":"N\u011bm\u00fd sluha \/ Hynek Gottwald"},"content":{"rendered":"<p>Stojan na oble\u010den\u00ed tzv. n\u011bm\u00fd sluha, kter\u00fd je vhodn\u00fd zejm\u00e9na na odlo\u017een\u00ed p\u00e1nsk\u00e9ho obleku, ale vyu\u017e\u00edt mohou jist\u011b i d\u00e1my.<\/p>\n<p>Stav: velmi dobr\u00fd p\u016fvodn\u00ed stav<br \/>\nZna\u010dka: Hynek Gottwald<br \/>\nRorm\u011br<br \/>\nV\u00fd\u0161ka: 100 cm<br \/>\n\u0160\u00ed\u0159ka: 51 cm<br \/>\nHloubka: 37 cm<\/p>\n","protected":false},"excerpt":{"rendered":"<p>Stojan na oble\u010den\u00ed tzv. n\u011bm\u00fd sluha, kter\u00fd je vhodn\u00fd zejm\u00e9na na odlo\u017een\u00ed p\u00e1nsk\u00e9ho obleku, ale vyu\u017e\u00edt mohou jist\u011b i d\u00e1my.<\/p>\n","protected":false},"featured_media":13775,"template":"","meta":[],"product_brand":[153],"product_cat":[91],"product_tag":[],"class_list":{"0":"post-13774","1":"product","2":"type-product","3":"status-publish","4":"has-post-thumbnail","6":"product_brand-eterle-cz","7":"product_cat-prodane","8":"product_shipping_class-nadrozmerne","10":"first","11":"outofstock","12":"purchasable","13":"product-type-simple"},"_links":{"self":[{"href":"https:\/\/eterle.cz\/eshop\/wp-json\/wp\/v2\/product\/13774","targetHints":{"allow":["GET"]}}],"collection":[{"href":"https:\/\/eterle.cz\/eshop\/wp-json\/wp\/v2\/product"}],"about":[{"href":"https:\/\/eterle.cz\/eshop\/wp-json\/wp\/v2\/types\/product"}],"version-history":[{"count":0,"href":"https:\/\/eterle.cz\/eshop\/wp-json\/wp\/v2\/product\/13774\/revisions"}],"wp:featuredmedia":[{"embeddable":true,"href":"https:\/\/eterle.cz\/eshop\/wp-json\/wp\/v2\/media\/13775"}],"wp:attachment":[{"href":"https:\/\/eterle.cz\/eshop\/wp-json\/wp\/v2\/media?parent=13774"}],"wp:term":[{"taxonomy":"product_brand","embeddable":true,"href":"https:\/\/eterle.cz\/eshop\/wp-json\/wp\/v2\/product_brand?post=13774"},{"taxonomy":"product_cat","embeddable":true,"href":"https:\/\/eterle.cz\/eshop\/wp-json\/wp\/v2\/product_cat?post=13774"},{"taxonomy":"product_tag","embeddable":true,"href":"https:\/\/eterle.cz\/eshop\/wp-json\/wp\/v2\/product_tag?post=13774"}],"curies":[{"name":"wp","href":"https:\/\/api.w.org\/{rel}","templated":true}]}}