{"id":13804,"date":"2023-08-01T01:57:22","date_gmt":"2023-07-31T23:57:22","guid":{"rendered":"https:\/\/eterle.cz\/eshop\/produkt\/kreslo-kovova-konstrukce\/"},"modified":"2025-06-24T01:52:37","modified_gmt":"2025-06-23T23:52:37","slug":"kreslo-kovova-konstrukce","status":"publish","type":"product","link":"https:\/\/eterle.cz\/eshop\/produkt\/kreslo-kovova-konstrukce\/","title":{"rendered":"K\u0159eslo kovov\u00e1 konstrukce"},"content":{"rendered":"<p>Neobvykl\u00e9 pom\u011brn\u011b mohutn\u00e9 k\u0159eslo s kovovou konstrukc\u00ed v kombinaci s \u0161edo-b\u00e9\u017eovou ko\u017eenkou. D\u00edky t\u011bmto dv\u011bma materi\u00e1l\u016fm a tvaru k\u0159esla mu m\u016f\u017eete d\u00e1t jak modern\u00ed, tak retro look. Z\u00e1le\u017e\u00ed s \u010d\u00edm ho zkombinujete a do jak\u00e9ho prost\u0159ed\u00ed jej zasad\u00edte. K dispozici je i jeden <span style=\"color: #000000;\"><a style=\"color: #000000;\" href=\"https:\/\/eterle.cz\/eshop\/produkt\/taburet-kostka\/\">taburet<\/a><\/span> ve stejn\u00e9 ko\u017eence.<\/p>\n<p>Stav: zachoval\u00fd p\u016fvodn\u00ed stav, k\u0159eslo m\u00e1 na sed\u00e1ku malou z\u00e1platu ve tvaru kyti\u010dky viz foto<br \/>\nRozm\u011br<br \/>\nV\u00fd\u0161ka celkov\u00e1: 84 cm<br \/>\n\u0160\u00ed\u0159ka celkov\u00e1: 61 cm<br \/>\nHloubka celkov\u00e1: 75 cm<br \/>\nV\u00fd\u0161ka sed\u00e1ku:37 cm<br \/>\nHloubka sed\u00e1ku: 56 cm<br \/>\n\u0160\u00ed\u0159ka sed\u00e1ku: 56 cm<\/p>\n","protected":false},"excerpt":{"rendered":"<p>Neobvykl\u00e9 pom\u011brn\u011b mohutn\u00e9 k\u0159eslo s kovovou konstrukc\u00ed v kombinaci s \u0161edo-b\u00e9\u017eovou ko\u017eenkou. D\u00edky t\u011bmto dv\u011bma materi\u00e1l\u016fm a tvaru k\u0159esla mu<\/p>\n","protected":false},"featured_media":13805,"template":"","meta":[],"product_brand":[153],"product_cat":[130,122],"product_tag":[],"class_list":{"0":"post-13804","1":"product","2":"type-product","3":"status-publish","4":"has-post-thumbnail","6":"product_brand-eterle-cz","7":"product_cat-nabytek","8":"product_cat-kresla-a-taburety","9":"product_shipping_class-nadrozmerne","11":"first","12":"instock","13":"purchasable","14":"product-type-simple"},"_links":{"self":[{"href":"https:\/\/eterle.cz\/eshop\/wp-json\/wp\/v2\/product\/13804","targetHints":{"allow":["GET"]}}],"collection":[{"href":"https:\/\/eterle.cz\/eshop\/wp-json\/wp\/v2\/product"}],"about":[{"href":"https:\/\/eterle.cz\/eshop\/wp-json\/wp\/v2\/types\/product"}],"version-history":[{"count":3,"href":"https:\/\/eterle.cz\/eshop\/wp-json\/wp\/v2\/product\/13804\/revisions"}],"predecessor-version":[{"id":26159,"href":"https:\/\/eterle.cz\/eshop\/wp-json\/wp\/v2\/product\/13804\/revisions\/26159"}],"wp:featuredmedia":[{"embeddable":true,"href":"https:\/\/eterle.cz\/eshop\/wp-json\/wp\/v2\/media\/13805"}],"wp:attachment":[{"href":"https:\/\/eterle.cz\/eshop\/wp-json\/wp\/v2\/media?parent=13804"}],"wp:term":[{"taxonomy":"product_brand","embeddable":true,"href":"https:\/\/eterle.cz\/eshop\/wp-json\/wp\/v2\/product_brand?post=13804"},{"taxonomy":"product_cat","embeddable":true,"href":"https:\/\/eterle.cz\/eshop\/wp-json\/wp\/v2\/product_cat?post=13804"},{"taxonomy":"product_tag","embeddable":true,"href":"https:\/\/eterle.cz\/eshop\/wp-json\/wp\/v2\/product_tag?post=13804"}],"curies":[{"name":"wp","href":"https:\/\/api.w.org\/{rel}","templated":true}]}}