{"id":13846,"date":"2023-08-01T01:58:47","date_gmt":"2023-07-31T23:58:47","guid":{"rendered":"https:\/\/eterle.cz\/eshop\/produkt\/set-jidelni-zidle-4ks\/"},"modified":"2025-05-20T19:53:39","modified_gmt":"2025-05-20T17:53:39","slug":"set-jidelni-zidle-4ks","status":"publish","type":"product","link":"https:\/\/eterle.cz\/eshop\/produkt\/set-jidelni-zidle-4ks\/","title":{"rendered":"Set j\u00eddeln\u00ed \u017eidle 4ks"},"content":{"rendered":"<p>Set j\u00eddeln\u00edch \u017eidl\u00ed jednoduch\u00e9ho a ostr\u00e9ho tvaru. Svou barevnost\u00ed a konstrukc\u00ed jsou vhodn\u00e9 pro milovn\u00edky skandin\u00e1vsj\u00e9ho stylu.<\/p>\n<p>Stav: nov\u00e9 \u010daloun\u011bn\u00ed, p\u016fvodn\u00ed zachoval\u00fd stav d\u0159eva<br \/>\nRozm\u011br<br \/>\nV\u00fd\u0161ka: 80 cm<br \/>\n\u0160\u00ed\u0159ka: 44 cm<br \/>\nHloubka: 44 cm<\/p>\n","protected":false},"excerpt":{"rendered":"<p>Set j\u00eddeln\u00edch \u017eidl\u00ed jednoduch\u00e9ho a ostr\u00e9ho tvaru. Svou barevnost\u00ed a konstrukc\u00ed jsou vhodn\u00e9 pro milovn\u00edky skandin\u00e1vsj\u00e9ho stylu. Stav: nov\u00e9 \u010daloun\u011bn\u00ed,<\/p>\n","protected":false},"featured_media":13847,"template":"","meta":[],"product_brand":[153],"product_cat":[91],"product_tag":[],"class_list":{"0":"post-13846","1":"product","2":"type-product","3":"status-publish","4":"has-post-thumbnail","6":"product_brand-eterle-cz","7":"product_cat-prodane","8":"product_shipping_class-nadrozmerne","10":"first","11":"outofstock","12":"purchasable","13":"product-type-simple"},"_links":{"self":[{"href":"https:\/\/eterle.cz\/eshop\/wp-json\/wp\/v2\/product\/13846","targetHints":{"allow":["GET"]}}],"collection":[{"href":"https:\/\/eterle.cz\/eshop\/wp-json\/wp\/v2\/product"}],"about":[{"href":"https:\/\/eterle.cz\/eshop\/wp-json\/wp\/v2\/types\/product"}],"version-history":[{"count":2,"href":"https:\/\/eterle.cz\/eshop\/wp-json\/wp\/v2\/product\/13846\/revisions"}],"predecessor-version":[{"id":24562,"href":"https:\/\/eterle.cz\/eshop\/wp-json\/wp\/v2\/product\/13846\/revisions\/24562"}],"wp:featuredmedia":[{"embeddable":true,"href":"https:\/\/eterle.cz\/eshop\/wp-json\/wp\/v2\/media\/13847"}],"wp:attachment":[{"href":"https:\/\/eterle.cz\/eshop\/wp-json\/wp\/v2\/media?parent=13846"}],"wp:term":[{"taxonomy":"product_brand","embeddable":true,"href":"https:\/\/eterle.cz\/eshop\/wp-json\/wp\/v2\/product_brand?post=13846"},{"taxonomy":"product_cat","embeddable":true,"href":"https:\/\/eterle.cz\/eshop\/wp-json\/wp\/v2\/product_cat?post=13846"},{"taxonomy":"product_tag","embeddable":true,"href":"https:\/\/eterle.cz\/eshop\/wp-json\/wp\/v2\/product_tag?post=13846"}],"curies":[{"name":"wp","href":"https:\/\/api.w.org\/{rel}","templated":true}]}}