{"id":13909,"date":"2023-08-01T02:01:01","date_gmt":"2023-08-01T00:01:01","guid":{"rendered":"https:\/\/eterle.cz\/eshop\/produkt\/proutena-lampa-na-zed\/"},"modified":"2025-02-16T02:54:36","modified_gmt":"2025-02-16T01:54:36","slug":"proutena-lampa-na-zed","status":"publish","type":"product","link":"https:\/\/eterle.cz\/eshop\/produkt\/proutena-lampa-na-zed\/","title":{"rendered":"Prout\u011bn\u00e1 lampa na ze\u010f"},"content":{"rendered":"<p>N\u00e1st\u011bnn\u00e1 lampa \u00daLUV s prout\u011bn\u00fdm st\u00ednidlem a oto\u010dn\u00fdm ramenem.<\/p>\n<p>Stav: dobr\u00fd p\u016fvodn\u00ed stav<br \/>\nRozm\u011br<br \/>\nD\u00e9lka ramene: 35 cm<br \/>\nV\u00fd\u0161ka st\u00ednidla: 20 cm<br \/>\nPr\u016fm\u011br st\u00ednidla: 27 cm<\/p>\n","protected":false},"excerpt":{"rendered":"<p>N\u00e1st\u011bnn\u00e1 lampa \u00daLUV s prout\u011bn\u00fdm st\u00ednidlem a oto\u010dn\u00fdm ramenem. Stav: dobr\u00fd p\u016fvodn\u00ed stav Rozm\u011br D\u00e9lka ramene: 35 cm V\u00fd\u0161ka st\u00ednidla:<\/p>\n","protected":false},"featured_media":13910,"template":"","meta":[],"product_brand":[153],"product_cat":[91],"product_tag":[],"class_list":{"0":"post-13909","1":"product","2":"type-product","3":"status-publish","4":"has-post-thumbnail","6":"product_brand-eterle-cz","7":"product_cat-prodane","8":"product_shipping_class-nadrozmerne","10":"first","11":"outofstock","12":"purchasable","13":"product-type-simple"},"_links":{"self":[{"href":"https:\/\/eterle.cz\/eshop\/wp-json\/wp\/v2\/product\/13909","targetHints":{"allow":["GET"]}}],"collection":[{"href":"https:\/\/eterle.cz\/eshop\/wp-json\/wp\/v2\/product"}],"about":[{"href":"https:\/\/eterle.cz\/eshop\/wp-json\/wp\/v2\/types\/product"}],"version-history":[{"count":0,"href":"https:\/\/eterle.cz\/eshop\/wp-json\/wp\/v2\/product\/13909\/revisions"}],"wp:featuredmedia":[{"embeddable":true,"href":"https:\/\/eterle.cz\/eshop\/wp-json\/wp\/v2\/media\/13910"}],"wp:attachment":[{"href":"https:\/\/eterle.cz\/eshop\/wp-json\/wp\/v2\/media?parent=13909"}],"wp:term":[{"taxonomy":"product_brand","embeddable":true,"href":"https:\/\/eterle.cz\/eshop\/wp-json\/wp\/v2\/product_brand?post=13909"},{"taxonomy":"product_cat","embeddable":true,"href":"https:\/\/eterle.cz\/eshop\/wp-json\/wp\/v2\/product_cat?post=13909"},{"taxonomy":"product_tag","embeddable":true,"href":"https:\/\/eterle.cz\/eshop\/wp-json\/wp\/v2\/product_tag?post=13909"}],"curies":[{"name":"wp","href":"https:\/\/api.w.org\/{rel}","templated":true}]}}