{"id":14006,"date":"2023-08-07T23:05:57","date_gmt":"2023-08-07T21:05:57","guid":{"rendered":"https:\/\/eterle.cz\/eshop\/produkt\/servirovaci-tac-arzberg\/"},"modified":"2026-03-09T22:09:08","modified_gmt":"2026-03-09T21:09:08","slug":"servirovaci-tac-arzberg","status":"publish","type":"product","link":"https:\/\/eterle.cz\/eshop\/produkt\/servirovaci-tac-arzberg\/","title":{"rendered":"Serv\u00edrovac\u00ed t\u00e1c \/ Arzberg"},"content":{"rendered":"<p>Serv\u00edrovac\u00ed t\u00e1c je d\u00edky sv\u00e9mu ploch\u00e9mu tvaru vhodn\u00fd na dort, ovocn\u00fd kol\u00e1\u010d i drobn\u00e9 pochutiny. Je od n\u011bmeck\u00e9 porcel\u00e1nky Arzberg a z jeho jednoduchosti ho vytrhuj\u00ed pouze hrom\u00e1dky list\u00ed v pastelov\u00fdch barv\u00e1ch.<\/p>\n<p>Stav: velmi dobr\u00fd<br \/>\nZna\u010dka: Arzberg<br \/>\nRozm\u011br<br \/>\nPr\u016fm\u011br: 23 cm<\/p>\n","protected":false},"excerpt":{"rendered":"<p>Serv\u00edrovac\u00ed t\u00e1c je d\u00edky sv\u00e9mu ploch\u00e9mu tvaru vhodn\u00fd na dort, ovocn\u00fd kol\u00e1\u010d i drobn\u00e9 pochutiny. Je od n\u011bmeck\u00e9 porcel\u00e1nky Arzberg<\/p>\n","protected":false},"featured_media":14007,"template":"","meta":[],"product_brand":[153],"product_cat":[91],"product_tag":[],"class_list":{"0":"post-14006","1":"product","2":"type-product","3":"status-publish","4":"has-post-thumbnail","6":"product_brand-eterle-cz","7":"product_cat-prodane","9":"first","10":"outofstock","11":"purchasable","12":"product-type-simple"},"_links":{"self":[{"href":"https:\/\/eterle.cz\/eshop\/wp-json\/wp\/v2\/product\/14006","targetHints":{"allow":["GET"]}}],"collection":[{"href":"https:\/\/eterle.cz\/eshop\/wp-json\/wp\/v2\/product"}],"about":[{"href":"https:\/\/eterle.cz\/eshop\/wp-json\/wp\/v2\/types\/product"}],"version-history":[{"count":1,"href":"https:\/\/eterle.cz\/eshop\/wp-json\/wp\/v2\/product\/14006\/revisions"}],"predecessor-version":[{"id":26149,"href":"https:\/\/eterle.cz\/eshop\/wp-json\/wp\/v2\/product\/14006\/revisions\/26149"}],"wp:featuredmedia":[{"embeddable":true,"href":"https:\/\/eterle.cz\/eshop\/wp-json\/wp\/v2\/media\/14007"}],"wp:attachment":[{"href":"https:\/\/eterle.cz\/eshop\/wp-json\/wp\/v2\/media?parent=14006"}],"wp:term":[{"taxonomy":"product_brand","embeddable":true,"href":"https:\/\/eterle.cz\/eshop\/wp-json\/wp\/v2\/product_brand?post=14006"},{"taxonomy":"product_cat","embeddable":true,"href":"https:\/\/eterle.cz\/eshop\/wp-json\/wp\/v2\/product_cat?post=14006"},{"taxonomy":"product_tag","embeddable":true,"href":"https:\/\/eterle.cz\/eshop\/wp-json\/wp\/v2\/product_tag?post=14006"}],"curies":[{"name":"wp","href":"https:\/\/api.w.org\/{rel}","templated":true}]}}