{"id":14037,"date":"2023-08-07T23:06:58","date_gmt":"2023-08-07T21:06:58","guid":{"rendered":"https:\/\/eterle.cz\/eshop\/produkt\/snidanova-sada-hutschenreuter\/"},"modified":"2025-02-16T02:54:28","modified_gmt":"2025-02-16T01:54:28","slug":"snidanova-sada-hutschenreuter","status":"publish","type":"product","link":"https:\/\/eterle.cz\/eshop\/produkt\/snidanova-sada-hutschenreuter\/","title":{"rendered":"Sn\u00edda\u0148ov\u00e1 sada \/ Hutschenreuter"},"content":{"rendered":"<p>Elegantn\u00ed sn\u00edda\u0148ov\u00e1 sada od n\u011bmeck\u00e9 porcel\u00e1nky Hutschenreuter byla snad jen vystavena, ale byla by \u0161koda z t\u011bchto tenou\u010dk\u00fdch \u0161\u00e1lk\u016f nep\u00edt. Vzor nejsme schopni identifikovat, jde nejsp\u00ed\u0161 o neur\u010dit\u00e9 kv\u011btiny, ale t\u0159eba ve v\u00e1s probud\u00ed fantazii a objev\u00edte v n\u011bm n\u011bco jin\u00e9ho.<\/p>\n<p>Stav: v\u00fdborn\u00fd<br \/>\nZna\u010dka: Hutschenreuter<br \/>\nRozm\u011br<br \/>\nV\u00fd\u0161ka: 7 cm<br \/>\nObjem: 150 ml<br \/>\nPr\u016fm\u011br pod\u0161\u00e1lku: 14 cm<br \/>\nPr\u016fm\u011br dezertn\u00edho tal\u00ed\u0159ku: 19 cm<\/p>\n","protected":false},"excerpt":{"rendered":"<p>Elegantn\u00ed sn\u00edda\u0148ov\u00e1 sada od n\u011bmeck\u00e9 porcel\u00e1nky Hutschenreuter byla snad jen vystavena, ale byla by \u0161koda z t\u011bchto tenou\u010dk\u00fdch \u0161\u00e1lk\u016f nep\u00edt.<\/p>\n","protected":false},"featured_media":14038,"template":"","meta":[],"product_brand":[153],"product_cat":[91],"product_tag":[],"class_list":{"0":"post-14037","1":"product","2":"type-product","3":"status-publish","4":"has-post-thumbnail","6":"product_brand-eterle-cz","7":"product_cat-prodane","9":"first","10":"outofstock","11":"purchasable","12":"product-type-simple"},"_links":{"self":[{"href":"https:\/\/eterle.cz\/eshop\/wp-json\/wp\/v2\/product\/14037","targetHints":{"allow":["GET"]}}],"collection":[{"href":"https:\/\/eterle.cz\/eshop\/wp-json\/wp\/v2\/product"}],"about":[{"href":"https:\/\/eterle.cz\/eshop\/wp-json\/wp\/v2\/types\/product"}],"version-history":[{"count":1,"href":"https:\/\/eterle.cz\/eshop\/wp-json\/wp\/v2\/product\/14037\/revisions"}],"predecessor-version":[{"id":16416,"href":"https:\/\/eterle.cz\/eshop\/wp-json\/wp\/v2\/product\/14037\/revisions\/16416"}],"wp:featuredmedia":[{"embeddable":true,"href":"https:\/\/eterle.cz\/eshop\/wp-json\/wp\/v2\/media\/14038"}],"wp:attachment":[{"href":"https:\/\/eterle.cz\/eshop\/wp-json\/wp\/v2\/media?parent=14037"}],"wp:term":[{"taxonomy":"product_brand","embeddable":true,"href":"https:\/\/eterle.cz\/eshop\/wp-json\/wp\/v2\/product_brand?post=14037"},{"taxonomy":"product_cat","embeddable":true,"href":"https:\/\/eterle.cz\/eshop\/wp-json\/wp\/v2\/product_cat?post=14037"},{"taxonomy":"product_tag","embeddable":true,"href":"https:\/\/eterle.cz\/eshop\/wp-json\/wp\/v2\/product_tag?post=14037"}],"curies":[{"name":"wp","href":"https:\/\/api.w.org\/{rel}","templated":true}]}}