{"id":14050,"date":"2023-08-07T23:07:20","date_gmt":"2023-08-07T21:07:20","guid":{"rendered":"https:\/\/eterle.cz\/eshop\/produkt\/sapo-epiag\/"},"modified":"2025-02-16T02:54:28","modified_gmt":"2025-02-16T01:54:28","slug":"sapo-epiag","status":"publish","type":"product","link":"https:\/\/eterle.cz\/eshop\/produkt\/sapo-epiag\/","title":{"rendered":"\u0160ap\u00f3 \/ Epiag"},"content":{"rendered":"<p>Art deco \u0161\u00e1lky na \u010daj s prou\u017ekem v mintov\u00e9 barv\u011b od \u010desk\u00e9 porcel\u00e1nky Epiag, kter\u00e1 vznikla v roce 1918.<\/p>\n<p>Stav: vintage s patinou. Na vnit\u0159n\u00edm lemu je m\u00edsty jakoby o\u0161oupan\u00e1 glazura<br \/>\nZna\u010dka: Epiag<br \/>\nRozm\u011br<br \/>\nV\u00fd\u0161ka: 5 cm<br \/>\nObjem: 125 cm<br \/>\nPr\u016fm\u011br pod\u0161\u00e1lku: 14 cm<\/p>\n","protected":false},"excerpt":{"rendered":"<p>Art deco \u0161\u00e1lky na \u010daj s prou\u017ekem v mintov\u00e9 barv\u011b od \u010desk\u00e9 porcel\u00e1nky Epiag, kter\u00e1 vznikla v roce 1918. Stav:<\/p>\n","protected":false},"featured_media":14051,"template":"","meta":[],"product_brand":[153],"product_cat":[91],"product_tag":[],"class_list":{"0":"post-14050","1":"product","2":"type-product","3":"status-publish","4":"has-post-thumbnail","6":"product_brand-eterle-cz","7":"product_cat-prodane","9":"first","10":"outofstock","11":"purchasable","12":"product-type-simple"},"_links":{"self":[{"href":"https:\/\/eterle.cz\/eshop\/wp-json\/wp\/v2\/product\/14050","targetHints":{"allow":["GET"]}}],"collection":[{"href":"https:\/\/eterle.cz\/eshop\/wp-json\/wp\/v2\/product"}],"about":[{"href":"https:\/\/eterle.cz\/eshop\/wp-json\/wp\/v2\/types\/product"}],"version-history":[{"count":1,"href":"https:\/\/eterle.cz\/eshop\/wp-json\/wp\/v2\/product\/14050\/revisions"}],"predecessor-version":[{"id":14407,"href":"https:\/\/eterle.cz\/eshop\/wp-json\/wp\/v2\/product\/14050\/revisions\/14407"}],"wp:featuredmedia":[{"embeddable":true,"href":"https:\/\/eterle.cz\/eshop\/wp-json\/wp\/v2\/media\/14051"}],"wp:attachment":[{"href":"https:\/\/eterle.cz\/eshop\/wp-json\/wp\/v2\/media?parent=14050"}],"wp:term":[{"taxonomy":"product_brand","embeddable":true,"href":"https:\/\/eterle.cz\/eshop\/wp-json\/wp\/v2\/product_brand?post=14050"},{"taxonomy":"product_cat","embeddable":true,"href":"https:\/\/eterle.cz\/eshop\/wp-json\/wp\/v2\/product_cat?post=14050"},{"taxonomy":"product_tag","embeddable":true,"href":"https:\/\/eterle.cz\/eshop\/wp-json\/wp\/v2\/product_tag?post=14050"}],"curies":[{"name":"wp","href":"https:\/\/api.w.org\/{rel}","templated":true}]}}