{"id":14116,"date":"2023-08-21T13:06:54","date_gmt":"2023-08-21T11:06:54","guid":{"rendered":"https:\/\/eterle.cz\/eshop\/produkt\/lustr-talir-6\/"},"modified":"2025-02-16T02:53:37","modified_gmt":"2025-02-16T01:53:37","slug":"lustr-talir-6","status":"publish","type":"product","link":"https:\/\/eterle.cz\/eshop\/produkt\/lustr-talir-6\/","title":{"rendered":"Lustr tal\u00ed\u0159"},"content":{"rendered":"<p>Sklen\u011bn\u00fd lustr z 50. let v n\u011b\u017en\u00e9 r\u016f\u017eov\u00e9 barv\u011b se zlatou linkou.<\/p>\n<p>Stav: elektroinstalace p\u016fvodn\u00ed, funk\u010dn\u00ed. Na kovov\u00e9 \u010d\u00e1sti zn\u00e1mky koroze.<br \/>\nRozm\u011br<br \/>\nV\u00fd\u0161ka celkov\u00e1: 60 cm<br \/>\nPr\u016fm\u011br lustru: 55 cm<\/p>\n","protected":false},"excerpt":{"rendered":"<p>Sklen\u011bn\u00fd lustr z 50. let v n\u011b\u017en\u00e9 r\u016f\u017eov\u00e9 barv\u011b se zlatou linkou. Stav: elektroinstalace p\u016fvodn\u00ed, funk\u010dn\u00ed. Na kovov\u00e9 \u010d\u00e1sti zn\u00e1mky<\/p>\n","protected":false},"featured_media":14117,"template":"","meta":[],"product_brand":[153],"product_cat":[91],"product_tag":[],"class_list":{"0":"post-14116","1":"product","2":"type-product","3":"status-publish","4":"has-post-thumbnail","6":"product_brand-eterle-cz","7":"product_cat-prodane","8":"product_shipping_class-nadrozmerne","10":"first","11":"outofstock","12":"purchasable","13":"product-type-simple"},"_links":{"self":[{"href":"https:\/\/eterle.cz\/eshop\/wp-json\/wp\/v2\/product\/14116","targetHints":{"allow":["GET"]}}],"collection":[{"href":"https:\/\/eterle.cz\/eshop\/wp-json\/wp\/v2\/product"}],"about":[{"href":"https:\/\/eterle.cz\/eshop\/wp-json\/wp\/v2\/types\/product"}],"version-history":[{"count":0,"href":"https:\/\/eterle.cz\/eshop\/wp-json\/wp\/v2\/product\/14116\/revisions"}],"wp:featuredmedia":[{"embeddable":true,"href":"https:\/\/eterle.cz\/eshop\/wp-json\/wp\/v2\/media\/14117"}],"wp:attachment":[{"href":"https:\/\/eterle.cz\/eshop\/wp-json\/wp\/v2\/media?parent=14116"}],"wp:term":[{"taxonomy":"product_brand","embeddable":true,"href":"https:\/\/eterle.cz\/eshop\/wp-json\/wp\/v2\/product_brand?post=14116"},{"taxonomy":"product_cat","embeddable":true,"href":"https:\/\/eterle.cz\/eshop\/wp-json\/wp\/v2\/product_cat?post=14116"},{"taxonomy":"product_tag","embeddable":true,"href":"https:\/\/eterle.cz\/eshop\/wp-json\/wp\/v2\/product_tag?post=14116"}],"curies":[{"name":"wp","href":"https:\/\/api.w.org\/{rel}","templated":true}]}}