{"id":14123,"date":"2023-08-21T13:07:08","date_gmt":"2023-08-21T11:07:08","guid":{"rendered":"https:\/\/eterle.cz\/eshop\/produkt\/prouteny-lustr\/"},"modified":"2025-02-16T02:53:37","modified_gmt":"2025-02-16T01:53:37","slug":"prouteny-lustr","status":"publish","type":"product","link":"https:\/\/eterle.cz\/eshop\/produkt\/prouteny-lustr\/","title":{"rendered":"Prout\u011bn\u00fd lustr"},"content":{"rendered":"<p>Retro prout\u011bn\u00fd lustr na textiln\u00ed \u0161\u0148\u016f\u0159e s prout\u011bnou krytkou na uchycen\u00ed u stropu. Vhodn\u00fd nad j\u00eddeln\u00ed st\u016fl do bytu, kde bude p\u016fsobit h\u0159ejiv\u00fdm dojmem, ale i kamkoliv na chalupu.<\/p>\n<p>Stav: nov\u00e1 elektroinstalace<br \/>\nRozm\u011br<br \/>\nV\u00fd\u0161ka celkov\u00e1: 30 cm<br \/>\nPr\u016fm\u011br lustru: 37 cm<br \/>\nD\u00e9lka kabelu 1m<\/p>\n","protected":false},"excerpt":{"rendered":"<p>Retro prout\u011bn\u00fd lustr na textiln\u00ed \u0161\u0148\u016f\u0159e s prout\u011bnou krytkou na uchycen\u00ed u stropu. Vhodn\u00fd nad j\u00eddeln\u00ed st\u016fl do bytu, kde<\/p>\n","protected":false},"featured_media":14124,"template":"","meta":[],"product_brand":[153],"product_cat":[91],"product_tag":[],"class_list":{"0":"post-14123","1":"product","2":"type-product","3":"status-publish","4":"has-post-thumbnail","6":"product_brand-eterle-cz","7":"product_cat-prodane","8":"product_shipping_class-nadrozmerne","10":"first","11":"outofstock","12":"purchasable","13":"product-type-simple"},"_links":{"self":[{"href":"https:\/\/eterle.cz\/eshop\/wp-json\/wp\/v2\/product\/14123","targetHints":{"allow":["GET"]}}],"collection":[{"href":"https:\/\/eterle.cz\/eshop\/wp-json\/wp\/v2\/product"}],"about":[{"href":"https:\/\/eterle.cz\/eshop\/wp-json\/wp\/v2\/types\/product"}],"version-history":[{"count":0,"href":"https:\/\/eterle.cz\/eshop\/wp-json\/wp\/v2\/product\/14123\/revisions"}],"wp:featuredmedia":[{"embeddable":true,"href":"https:\/\/eterle.cz\/eshop\/wp-json\/wp\/v2\/media\/14124"}],"wp:attachment":[{"href":"https:\/\/eterle.cz\/eshop\/wp-json\/wp\/v2\/media?parent=14123"}],"wp:term":[{"taxonomy":"product_brand","embeddable":true,"href":"https:\/\/eterle.cz\/eshop\/wp-json\/wp\/v2\/product_brand?post=14123"},{"taxonomy":"product_cat","embeddable":true,"href":"https:\/\/eterle.cz\/eshop\/wp-json\/wp\/v2\/product_cat?post=14123"},{"taxonomy":"product_tag","embeddable":true,"href":"https:\/\/eterle.cz\/eshop\/wp-json\/wp\/v2\/product_tag?post=14123"}],"curies":[{"name":"wp","href":"https:\/\/api.w.org\/{rel}","templated":true}]}}