{"id":14236,"date":"2023-08-21T13:11:15","date_gmt":"2023-08-21T11:11:15","guid":{"rendered":"https:\/\/eterle.cz\/eshop\/produkt\/stolni-lampa-2\/"},"modified":"2025-02-16T02:53:30","modified_gmt":"2025-02-16T01:53:30","slug":"stolni-lampa-2","status":"publish","type":"product","link":"https:\/\/eterle.cz\/eshop\/produkt\/stolni-lampa-2\/","title":{"rendered":"Stoln\u00ed lampa"},"content":{"rendered":"<p>Elegantn\u00ed stoln\u00ed lampa na vysok\u00e9 \u0161t\u00edhle noze p\u016fsob\u00ed subtiln\u00edm a jednoduch\u00fdm dojmem. P\u0159i bli\u017e\u0161\u00edm pohl\u00e9dnut\u00ed na ni ale \u010dlov\u011bk objev\u00ed mnoho skryt\u00fdch detail\u016f.<\/p>\n<p>Stav: elektroinstalace p\u016fvodn\u00ed, funk\u010dn\u00ed<br \/>\nRozm\u011br<br \/>\nV\u00fd\u0161ka: 76 cm<br \/>\n\u0160\u00ed\u0159ka st\u00ednidla: 44 cm<\/p>\n","protected":false},"excerpt":{"rendered":"<p>Elegantn\u00ed stoln\u00ed lampa na vysok\u00e9 \u0161t\u00edhle noze p\u016fsob\u00ed subtiln\u00edm a jednoduch\u00fdm dojmem. P\u0159i bli\u017e\u0161\u00edm pohl\u00e9dnut\u00ed na ni ale \u010dlov\u011bk objev\u00ed<\/p>\n","protected":false},"featured_media":14237,"template":"","meta":[],"product_brand":[153],"product_cat":[91],"product_tag":[],"class_list":{"0":"post-14236","1":"product","2":"type-product","3":"status-publish","4":"has-post-thumbnail","6":"product_brand-eterle-cz","7":"product_cat-prodane","8":"product_shipping_class-nadrozmerne","10":"first","11":"outofstock","12":"purchasable","13":"product-type-simple"},"_links":{"self":[{"href":"https:\/\/eterle.cz\/eshop\/wp-json\/wp\/v2\/product\/14236","targetHints":{"allow":["GET"]}}],"collection":[{"href":"https:\/\/eterle.cz\/eshop\/wp-json\/wp\/v2\/product"}],"about":[{"href":"https:\/\/eterle.cz\/eshop\/wp-json\/wp\/v2\/types\/product"}],"version-history":[{"count":1,"href":"https:\/\/eterle.cz\/eshop\/wp-json\/wp\/v2\/product\/14236\/revisions"}],"predecessor-version":[{"id":16302,"href":"https:\/\/eterle.cz\/eshop\/wp-json\/wp\/v2\/product\/14236\/revisions\/16302"}],"wp:featuredmedia":[{"embeddable":true,"href":"https:\/\/eterle.cz\/eshop\/wp-json\/wp\/v2\/media\/14237"}],"wp:attachment":[{"href":"https:\/\/eterle.cz\/eshop\/wp-json\/wp\/v2\/media?parent=14236"}],"wp:term":[{"taxonomy":"product_brand","embeddable":true,"href":"https:\/\/eterle.cz\/eshop\/wp-json\/wp\/v2\/product_brand?post=14236"},{"taxonomy":"product_cat","embeddable":true,"href":"https:\/\/eterle.cz\/eshop\/wp-json\/wp\/v2\/product_cat?post=14236"},{"taxonomy":"product_tag","embeddable":true,"href":"https:\/\/eterle.cz\/eshop\/wp-json\/wp\/v2\/product_tag?post=14236"}],"curies":[{"name":"wp","href":"https:\/\/api.w.org\/{rel}","templated":true}]}}