{"id":14338,"date":"2023-08-23T13:40:30","date_gmt":"2023-08-23T11:40:30","guid":{"rendered":"https:\/\/eterle.cz\/eshop\/produkt\/lustr-jezek-kamenicky-senov-3\/"},"modified":"2026-04-01T13:51:37","modified_gmt":"2026-04-01T11:51:37","slug":"lustr-jezek-kamenicky-senov-3","status":"publish","type":"product","link":"https:\/\/eterle.cz\/eshop\/produkt\/lustr-jezek-kamenicky-senov-3\/","title":{"rendered":"Lustr je\u017eek \/ Kamenick\u00fd \u0160enov"},"content":{"rendered":"<p>Je\u017eek je jedn\u00edm ze zn\u00e1m\u00fdch lustr\u016f vyr\u00e1b\u011bn\u00fdch ve skl\u00e1rn\u011b v Kamenick\u00e9m \u0160enov\u011b. Sedm st\u00ednidel ze siln\u00e9ho skla s plastick\u00fdmi &#8222;bodlinami&#8220; bylo impulsem pro ozna\u010den\u00ed je\u017eek. Tvarem se hod\u00ed i do prostor\u016f s n\u00edzk\u00fdm stropem.<\/p>\n<p>Stav: elektroinstalace p\u016fvodn\u00ed, funk\u010dn\u00ed; chrom m\u00edrn\u00e1 patina<br \/>\nZna\u010dka: Kamenick\u00fd \u0160enov<br \/>\nRozm\u011br<br \/>\nV\u00fd\u0161ka celkov\u00e1: 76 cm<br \/>\nV\u00fd\u0161ka ty\u010de: 56 cm<br \/>\n\u0160\u00ed\u0159ka st\u00ednidla: 13 cm<br \/>\n\u0160\u00ed\u0159ka celkov\u00e1: 45 cm<\/p>\n","protected":false},"excerpt":{"rendered":"<p>Je\u017eek je jedn\u00edm ze zn\u00e1m\u00fdch lustr\u016f vyr\u00e1b\u011bn\u00fdch ve skl\u00e1rn\u011b v Kamenick\u00e9m \u0160enov\u011b. Sedm st\u00ednidel ze siln\u00e9ho skla s plastick\u00fdmi &#8222;bodlinami&#8220;<\/p>\n","protected":false},"featured_media":14339,"template":"","meta":[],"product_brand":[153],"product_cat":[79,140],"product_tag":[],"class_list":{"0":"post-14338","1":"product","2":"type-product","3":"status-publish","4":"has-post-thumbnail","6":"product_brand-eterle-cz","7":"product_cat-svetla","8":"product_cat-lustry","9":"product_shipping_class-nadrozmerne","11":"first","12":"instock","13":"purchasable","14":"product-type-simple"},"_links":{"self":[{"href":"https:\/\/eterle.cz\/eshop\/wp-json\/wp\/v2\/product\/14338","targetHints":{"allow":["GET"]}}],"collection":[{"href":"https:\/\/eterle.cz\/eshop\/wp-json\/wp\/v2\/product"}],"about":[{"href":"https:\/\/eterle.cz\/eshop\/wp-json\/wp\/v2\/types\/product"}],"version-history":[{"count":3,"href":"https:\/\/eterle.cz\/eshop\/wp-json\/wp\/v2\/product\/14338\/revisions"}],"predecessor-version":[{"id":34375,"href":"https:\/\/eterle.cz\/eshop\/wp-json\/wp\/v2\/product\/14338\/revisions\/34375"}],"wp:featuredmedia":[{"embeddable":true,"href":"https:\/\/eterle.cz\/eshop\/wp-json\/wp\/v2\/media\/14339"}],"wp:attachment":[{"href":"https:\/\/eterle.cz\/eshop\/wp-json\/wp\/v2\/media?parent=14338"}],"wp:term":[{"taxonomy":"product_brand","embeddable":true,"href":"https:\/\/eterle.cz\/eshop\/wp-json\/wp\/v2\/product_brand?post=14338"},{"taxonomy":"product_cat","embeddable":true,"href":"https:\/\/eterle.cz\/eshop\/wp-json\/wp\/v2\/product_cat?post=14338"},{"taxonomy":"product_tag","embeddable":true,"href":"https:\/\/eterle.cz\/eshop\/wp-json\/wp\/v2\/product_tag?post=14338"}],"curies":[{"name":"wp","href":"https:\/\/api.w.org\/{rel}","templated":true}]}}