{"id":15794,"date":"2023-10-20T20:28:26","date_gmt":"2023-10-20T18:28:26","guid":{"rendered":"https:\/\/eterle.cz\/eshop\/produkt\/kreslo-po-renovaci-kozelka-a-kropacek-2\/"},"modified":"2025-06-24T01:53:50","modified_gmt":"2025-06-23T23:53:50","slug":"kreslo-po-renovaci-kozelka-a-kropacek-2","status":"publish","type":"product","link":"https:\/\/eterle.cz\/eshop\/produkt\/kreslo-po-renovaci-kozelka-a-kropacek-2\/","title":{"rendered":"K\u0159eslo po renovaci \/ Ko\u017eelka a Krop\u00e1\u010dek"},"content":{"rendered":"<p>K\u0159eslo z 50. let minul\u00e9ho stolet\u00ed dle n\u00e1vrhu Karla Ko\u017eelky a Anton\u00edna Krop\u00e1\u010dka pat\u0159\u00ed mezi sadu n\u00e1bytku, kter\u00e1 obdr\u017eela st\u0159\u00edbrnou medaili na mil\u00e1nsk\u00e9m Trienn\u00e1le v roce 1946, nejstar\u0161\u00ed a nejpresti\u017en\u011bj\u0161\u00ed mezin\u00e1rodn\u00ed p\u0159ehl\u00eddce designu a architektury. Toto ikonick\u00e9 k\u0159eslo pro\u0161lo kompletn\u00ed renovac\u00ed \u010daloun\u011bn\u00ed. Matrace je vyrobena za pou\u017eit\u00ed gumo\u017e\u00edn\u00ed (1,5 cm) a vrstven\u00e9ho molitanu (3 a 2 cm).<\/p>\n<p>Stav: d\u0159evo p\u016fvodn\u00ed stav, popruhy a matrace komplet nov\u00e9<br \/>\nZna\u010dka: Ko\u017eelka a Krop\u00e1\u010dek<br \/>\nRozm\u011br<br \/>\nV\u00fd\u0161ka: 73 cm<br \/>\n\u0160\u00ed\u0159ka: 65 cm<br \/>\nHloubka: 78 cm<br \/>\n\u0160\u00ed\u0159ka sed\u00e1ku: 50 cm<br \/>\nHloubka sed\u00e1ku: 53 cm<br \/>\nV\u00fd\u0161ka sed\u00e1ku: 39 cm<\/p>\n","protected":false},"excerpt":{"rendered":"<p>K\u0159eslo z 50. let minul\u00e9ho stolet\u00ed dle n\u00e1vrhu Karla Ko\u017eelky a Anton\u00edna Krop\u00e1\u010dka pat\u0159\u00ed mezi sadu n\u00e1bytku, kter\u00e1 obdr\u017eela st\u0159\u00edbrnou<\/p>\n","protected":false},"featured_media":14980,"template":"","meta":[],"product_brand":[153],"product_cat":[130,122],"product_tag":[],"class_list":{"0":"post-15794","1":"product","2":"type-product","3":"status-publish","4":"has-post-thumbnail","6":"product_brand-eterle-cz","7":"product_cat-nabytek","8":"product_cat-kresla-a-taburety","9":"product_shipping_class-nadrozmerne","11":"first","12":"instock","13":"purchasable","14":"product-type-simple"},"_links":{"self":[{"href":"https:\/\/eterle.cz\/eshop\/wp-json\/wp\/v2\/product\/15794","targetHints":{"allow":["GET"]}}],"collection":[{"href":"https:\/\/eterle.cz\/eshop\/wp-json\/wp\/v2\/product"}],"about":[{"href":"https:\/\/eterle.cz\/eshop\/wp-json\/wp\/v2\/types\/product"}],"version-history":[{"count":2,"href":"https:\/\/eterle.cz\/eshop\/wp-json\/wp\/v2\/product\/15794\/revisions"}],"predecessor-version":[{"id":16753,"href":"https:\/\/eterle.cz\/eshop\/wp-json\/wp\/v2\/product\/15794\/revisions\/16753"}],"wp:featuredmedia":[{"embeddable":true,"href":"https:\/\/eterle.cz\/eshop\/wp-json\/wp\/v2\/media\/14980"}],"wp:attachment":[{"href":"https:\/\/eterle.cz\/eshop\/wp-json\/wp\/v2\/media?parent=15794"}],"wp:term":[{"taxonomy":"product_brand","embeddable":true,"href":"https:\/\/eterle.cz\/eshop\/wp-json\/wp\/v2\/product_brand?post=15794"},{"taxonomy":"product_cat","embeddable":true,"href":"https:\/\/eterle.cz\/eshop\/wp-json\/wp\/v2\/product_cat?post=15794"},{"taxonomy":"product_tag","embeddable":true,"href":"https:\/\/eterle.cz\/eshop\/wp-json\/wp\/v2\/product_tag?post=15794"}],"curies":[{"name":"wp","href":"https:\/\/api.w.org\/{rel}","templated":true}]}}

Křeslo po renovaci / Koželka a Kropáček

<p>Křeslo z 50. let minulého století dle návrhu Karla Koželky a Antonína Kropáčka patří mezi sadu nábytku, která obdržela stříbrnou medaili na milánském Triennále v roce 1946, nejstarší a nejprestižnější mezinárodní přehlídce designu a architektury. Toto ikonické křeslo prošlo kompletní renovací čalounění. Matrace je vyrobena za použití gumožíní (1,5 cm) a vrstveného molitanu (3 a 2 cm).</p>
<p>Stav: dřevo původní stav, popruhy a matrace komplet nové<br />
Značka: Koželka a Kropáček<br />
Rozměr<br />
Výška: 73 cm<br />
Šířka: 65 cm<br />
Hloubka: 78 cm<br />
Šířka sedáku: 50 cm<br />
Hloubka sedáku: 53 cm<br />
Výška sedáku: 39 cm</p>

<p>Křeslo z 50. let minulého století dle návrhu Karla Koželky a Antonína Kropáčka patří mezi sadu nábytku, která obdržela stříbrnou</p>
