{"id":15800,"date":"2023-10-20T20:28:58","date_gmt":"2023-10-20T18:28:58","guid":{"rendered":"https:\/\/eterle.cz\/eshop\/produkt\/set-4-jidelnich-zidli-interier-praha\/"},"modified":"2025-11-25T09:22:43","modified_gmt":"2025-11-25T08:22:43","slug":"set-4-jidelnich-zidli-interier-praha","status":"publish","type":"product","link":"https:\/\/eterle.cz\/eshop\/produkt\/set-4-jidelnich-zidli-interier-praha\/","title":{"rendered":"Set 4 j\u00eddeln\u00edch \u017eidl\u00ed \/ Interi\u00e9r Praha"},"content":{"rendered":"<p>Set 4 j\u00eddeln\u00edch \u017eild\u00ed z 60. let minul\u00e9ho sotlet\u00ed u kter\u00fdch (pokud netou\u017e\u00edte po retro vzhledu) sta\u010d\u00ed vym\u011bnit \u010daloun\u011bn\u00ed a m\u016f\u017eete jim d\u00e1t i nov\u00fd skandin\u00e1vks\u00fd r\u00e1z.<\/p>\n<p>Stav: p\u016fvodn\u00ed zachoval\u00fd stav, jedna \u017eidle m\u00e1 prasklinku na prav\u00e9 ty\u010dce<br \/>\nZna\u010dka: Interi\u00e9r Praha<br \/>\nRozm\u011br<br \/>\nV\u00fd\u0161ka: 82 cm<br \/>\n\u0160\u00ed\u0159ka: 42 cm<br \/>\nHloubka: 48 cm<\/p>\n","protected":false},"excerpt":{"rendered":"<p>Set 4 j\u00eddeln\u00edch \u017eild\u00ed z 60. let minul\u00e9ho sotlet\u00ed u kter\u00fdch (pokud netou\u017e\u00edte po retro vzhledu) sta\u010d\u00ed vym\u011bnit \u010daloun\u011bn\u00ed a<\/p>\n","protected":false},"featured_media":15036,"template":"","meta":[],"product_brand":[153],"product_cat":[130,121],"product_tag":[],"class_list":{"0":"post-15800","1":"product","2":"type-product","3":"status-publish","4":"has-post-thumbnail","6":"product_brand-eterle-cz","7":"product_cat-nabytek","8":"product_cat-zidle","9":"product_shipping_class-nadrozmerne","11":"first","12":"instock","13":"purchasable","14":"product-type-simple"},"_links":{"self":[{"href":"https:\/\/eterle.cz\/eshop\/wp-json\/wp\/v2\/product\/15800","targetHints":{"allow":["GET"]}}],"collection":[{"href":"https:\/\/eterle.cz\/eshop\/wp-json\/wp\/v2\/product"}],"about":[{"href":"https:\/\/eterle.cz\/eshop\/wp-json\/wp\/v2\/types\/product"}],"version-history":[{"count":3,"href":"https:\/\/eterle.cz\/eshop\/wp-json\/wp\/v2\/product\/15800\/revisions"}],"predecessor-version":[{"id":31805,"href":"https:\/\/eterle.cz\/eshop\/wp-json\/wp\/v2\/product\/15800\/revisions\/31805"}],"wp:featuredmedia":[{"embeddable":true,"href":"https:\/\/eterle.cz\/eshop\/wp-json\/wp\/v2\/media\/15036"}],"wp:attachment":[{"href":"https:\/\/eterle.cz\/eshop\/wp-json\/wp\/v2\/media?parent=15800"}],"wp:term":[{"taxonomy":"product_brand","embeddable":true,"href":"https:\/\/eterle.cz\/eshop\/wp-json\/wp\/v2\/product_brand?post=15800"},{"taxonomy":"product_cat","embeddable":true,"href":"https:\/\/eterle.cz\/eshop\/wp-json\/wp\/v2\/product_cat?post=15800"},{"taxonomy":"product_tag","embeddable":true,"href":"https:\/\/eterle.cz\/eshop\/wp-json\/wp\/v2\/product_tag?post=15800"}],"curies":[{"name":"wp","href":"https:\/\/api.w.org\/{rel}","templated":true}]}}