{"id":15812,"date":"2023-10-20T20:30:05","date_gmt":"2023-10-20T18:30:05","guid":{"rendered":"https:\/\/eterle.cz\/eshop\/produkt\/stolni-lampicka-sklarny-desna\/"},"modified":"2025-02-16T02:53:06","modified_gmt":"2025-02-16T01:53:06","slug":"stolni-lampicka-sklarny-desna","status":"publish","type":"product","link":"https:\/\/eterle.cz\/eshop\/produkt\/stolni-lampicka-sklarny-desna\/","title":{"rendered":"Stoln\u00ed lampi\u010dka \/ Skl\u00e1rny Desn\u00e1"},"content":{"rendered":"<p>Stoln\u00ed lampi\u010dka v barv\u011b mo\u0159sk\u00e9 hlubiny vyrobena v 60. letech minul\u00e9ho stolet\u00ed v Jabloneck\u00fdch skl\u00e1rn\u00e1ch Desn\u00e1.<\/p>\n<p>Stav: nov\u00e1 elektroinstalace<br \/>\nZna\u010dka: Jablon\u00e9ck\u00e9 skl\u00e1rny Desn\u00e1<br \/>\nRozm\u011br<br \/>\nV\u00fd\u0161ka: 23 cm<br \/>\nPr\u016fm\u011br: 22 cm<\/p>\n","protected":false},"excerpt":{"rendered":"<p>Stoln\u00ed lampi\u010dka v barv\u011b mo\u0159sk\u00e9 hlubiny vyrobena v 60. letech minul\u00e9ho stolet\u00ed v Jabloneck\u00fdch skl\u00e1rn\u00e1ch Desn\u00e1. Stav: nov\u00e1 elektroinstalace Zna\u010dka:<\/p>\n","protected":false},"featured_media":15143,"template":"","meta":[],"product_brand":[153],"product_cat":[91],"product_tag":[],"class_list":{"0":"post-15812","1":"product","2":"type-product","3":"status-publish","4":"has-post-thumbnail","6":"product_brand-eterle-cz","7":"product_cat-prodane","8":"product_shipping_class-nadrozmerne","10":"first","11":"outofstock","12":"purchasable","13":"product-type-simple"},"_links":{"self":[{"href":"https:\/\/eterle.cz\/eshop\/wp-json\/wp\/v2\/product\/15812","targetHints":{"allow":["GET"]}}],"collection":[{"href":"https:\/\/eterle.cz\/eshop\/wp-json\/wp\/v2\/product"}],"about":[{"href":"https:\/\/eterle.cz\/eshop\/wp-json\/wp\/v2\/types\/product"}],"version-history":[{"count":1,"href":"https:\/\/eterle.cz\/eshop\/wp-json\/wp\/v2\/product\/15812\/revisions"}],"predecessor-version":[{"id":16757,"href":"https:\/\/eterle.cz\/eshop\/wp-json\/wp\/v2\/product\/15812\/revisions\/16757"}],"wp:featuredmedia":[{"embeddable":true,"href":"https:\/\/eterle.cz\/eshop\/wp-json\/wp\/v2\/media\/15143"}],"wp:attachment":[{"href":"https:\/\/eterle.cz\/eshop\/wp-json\/wp\/v2\/media?parent=15812"}],"wp:term":[{"taxonomy":"product_brand","embeddable":true,"href":"https:\/\/eterle.cz\/eshop\/wp-json\/wp\/v2\/product_brand?post=15812"},{"taxonomy":"product_cat","embeddable":true,"href":"https:\/\/eterle.cz\/eshop\/wp-json\/wp\/v2\/product_cat?post=15812"},{"taxonomy":"product_tag","embeddable":true,"href":"https:\/\/eterle.cz\/eshop\/wp-json\/wp\/v2\/product_tag?post=15812"}],"curies":[{"name":"wp","href":"https:\/\/api.w.org\/{rel}","templated":true}]}}