{"id":15833,"date":"2023-10-20T20:32:00","date_gmt":"2023-10-20T18:32:00","guid":{"rendered":"https:\/\/eterle.cz\/eshop\/produkt\/sada-6-sklenic-na-vino-2\/"},"modified":"2025-02-16T02:52:20","modified_gmt":"2025-02-16T01:52:20","slug":"sada-6-sklenic-na-vino-2","status":"publish","type":"product","link":"https:\/\/eterle.cz\/eshop\/produkt\/sada-6-sklenic-na-vino-2\/","title":{"rendered":"Sada 6 sklenic na v\u00edno"},"content":{"rendered":"<p>Tenkost\u011bnn\u00e9 sklenice na v\u00edno s jemn\u00fdm brou\u0161en\u00fdm zdoben\u00edm a  s v\u00fdraznou zlatou linkou, kter\u00e9 jim dod\u00e1v\u00e1j\u00ed na eleganci.<\/p>\n<p>Stav: velmi dobr\u00fd<br \/>\nRozm\u011br<br \/>\nV\u00fd\u0161ka: 11 cm<br \/>\nObjem: 100 ml (po okraj)<\/p>\n","protected":false},"excerpt":{"rendered":"<p>Tenkost\u011bnn\u00e9 sklenice na v\u00edno s jemn\u00fdm brou\u0161en\u00fdm zdoben\u00edm a s v\u00fdraznou zlatou linkou, kter\u00e9 jim dod\u00e1v\u00e1j\u00ed na eleganci. Stav: velmi<\/p>\n","protected":false},"featured_media":15267,"template":"","meta":[],"product_brand":[153],"product_cat":[91],"product_tag":[],"class_list":{"0":"post-15833","1":"product","2":"type-product","3":"status-publish","4":"has-post-thumbnail","6":"product_brand-eterle-cz","7":"product_cat-prodane","9":"first","10":"outofstock","11":"purchasable","12":"product-type-simple"},"_links":{"self":[{"href":"https:\/\/eterle.cz\/eshop\/wp-json\/wp\/v2\/product\/15833","targetHints":{"allow":["GET"]}}],"collection":[{"href":"https:\/\/eterle.cz\/eshop\/wp-json\/wp\/v2\/product"}],"about":[{"href":"https:\/\/eterle.cz\/eshop\/wp-json\/wp\/v2\/types\/product"}],"version-history":[{"count":0,"href":"https:\/\/eterle.cz\/eshop\/wp-json\/wp\/v2\/product\/15833\/revisions"}],"wp:featuredmedia":[{"embeddable":true,"href":"https:\/\/eterle.cz\/eshop\/wp-json\/wp\/v2\/media\/15267"}],"wp:attachment":[{"href":"https:\/\/eterle.cz\/eshop\/wp-json\/wp\/v2\/media?parent=15833"}],"wp:term":[{"taxonomy":"product_brand","embeddable":true,"href":"https:\/\/eterle.cz\/eshop\/wp-json\/wp\/v2\/product_brand?post=15833"},{"taxonomy":"product_cat","embeddable":true,"href":"https:\/\/eterle.cz\/eshop\/wp-json\/wp\/v2\/product_cat?post=15833"},{"taxonomy":"product_tag","embeddable":true,"href":"https:\/\/eterle.cz\/eshop\/wp-json\/wp\/v2\/product_tag?post=15833"}],"curies":[{"name":"wp","href":"https:\/\/api.w.org\/{rel}","templated":true}]}}