{"id":15845,"date":"2023-10-20T20:33:01","date_gmt":"2023-10-20T18:33:01","guid":{"rendered":"https:\/\/eterle.cz\/eshop\/produkt\/sada-dezertnich-talirku-pro-6-fyrklovern\/"},"modified":"2025-02-16T02:52:16","modified_gmt":"2025-02-16T01:52:16","slug":"sada-dezertnich-talirku-pro-6-fyrklovern","status":"publish","type":"product","link":"https:\/\/eterle.cz\/eshop\/produkt\/sada-dezertnich-talirku-pro-6-fyrklovern\/","title":{"rendered":"Sada dezertn\u00edch tal\u00ed\u0159k\u016f pro 6 \/ Fyrkl\u00f6vern"},"content":{"rendered":"<p>Sada dezertn\u00edch tal\u00ed\u0159\u016f se zaj\u00edmav\u00fdm dekorem  v modro-\u0161ed\u00e9 barv\u011b, kter\u00fd je pouze po obvodu tal\u00ed\u0159e. M\u00edsty jsou vyobrazeny n\u011b\u017en\u00e9 sv\u011btle zelen\u00e9 kovalinky. Tal\u00ed\u0159e poch\u00e1z\u00ed od jedn\u00e9 z p\u0159edn\u00edch seversk\u00e1ch porcel\u00e1nek Fyrkl\u00f6vern.<\/p>\n<p>Stav: nepou\u017eit\u00e9<br \/>\nZna\u010dka: Fyrkl\u00f6vern<br \/>\nRozm\u011br<br \/>\nPr\u016fm\u011br dezertn\u00edho tal\u00ed\u0159ku: 20,5 cm<\/p>\n","protected":false},"excerpt":{"rendered":"<p>Sada dezertn\u00edch tal\u00ed\u0159\u016f se zaj\u00edmav\u00fdm dekorem v modro-\u0161ed\u00e9 barv\u011b, kter\u00fd je pouze po obvodu tal\u00ed\u0159e. M\u00edsty jsou vyobrazeny n\u011b\u017en\u00e9 sv\u011btle<\/p>\n","protected":false},"featured_media":14730,"template":"","meta":[],"product_brand":[153],"product_cat":[91],"product_tag":[],"class_list":{"0":"post-15845","1":"product","2":"type-product","3":"status-publish","4":"has-post-thumbnail","6":"product_brand-eterle-cz","7":"product_cat-prodane","9":"first","10":"outofstock","11":"purchasable","12":"product-type-simple"},"_links":{"self":[{"href":"https:\/\/eterle.cz\/eshop\/wp-json\/wp\/v2\/product\/15845","targetHints":{"allow":["GET"]}}],"collection":[{"href":"https:\/\/eterle.cz\/eshop\/wp-json\/wp\/v2\/product"}],"about":[{"href":"https:\/\/eterle.cz\/eshop\/wp-json\/wp\/v2\/types\/product"}],"version-history":[{"count":0,"href":"https:\/\/eterle.cz\/eshop\/wp-json\/wp\/v2\/product\/15845\/revisions"}],"wp:featuredmedia":[{"embeddable":true,"href":"https:\/\/eterle.cz\/eshop\/wp-json\/wp\/v2\/media\/14730"}],"wp:attachment":[{"href":"https:\/\/eterle.cz\/eshop\/wp-json\/wp\/v2\/media?parent=15845"}],"wp:term":[{"taxonomy":"product_brand","embeddable":true,"href":"https:\/\/eterle.cz\/eshop\/wp-json\/wp\/v2\/product_brand?post=15845"},{"taxonomy":"product_cat","embeddable":true,"href":"https:\/\/eterle.cz\/eshop\/wp-json\/wp\/v2\/product_cat?post=15845"},{"taxonomy":"product_tag","embeddable":true,"href":"https:\/\/eterle.cz\/eshop\/wp-json\/wp\/v2\/product_tag?post=15845"}],"curies":[{"name":"wp","href":"https:\/\/api.w.org\/{rel}","templated":true}]}}