{"id":15847,"date":"2023-10-20T20:33:10","date_gmt":"2023-10-20T18:33:10","guid":{"rendered":"https:\/\/eterle.cz\/eshop\/produkt\/hrnek-s-jesterem-atelier-lesov\/"},"modified":"2025-12-20T11:55:47","modified_gmt":"2025-12-20T10:55:47","slug":"hrnek-s-jesterem-atelier-lesov","status":"publish","type":"product","link":"https:\/\/eterle.cz\/eshop\/produkt\/hrnek-s-jesterem-atelier-lesov\/","title":{"rendered":"Hrnek s je\u0161t\u011brem \/ Ateli\u00e9r Lesov"},"content":{"rendered":"<p>Hrnek s je\u0161t\u011brem z porcel\u00e1nky Ateli\u00e9r Lesov, kter\u00e1 byla zalo\u017eena v roce 1901. Pozd\u011bji v roce 1958 byla za\u010dlen\u011bna do podniku Karlovarsk\u00fd porcel\u00e1n jako v\u00fdvojov\u00e9 studio pro nov\u00e9 tvary a centrum \u0161pi\u010dkov\u00fdch design\u00e9r\u016f. Od roku 2012 je porcel\u00e1nka samostatnou manufakturou s nov\u00fdm n\u00e1zvem Atelier JM Lesov\/Thun Studio. V\u00fdhradn\u011b ru\u010dn\u00edm zp\u016fsobem v\u00fdroby a origin\u00e1ln\u00edm autorsk\u00fdm designem sv\u00fdch v\u00fdrobk\u016f se z\u00e1sadn\u011b li\u0161\u00ed od velk\u00fdch pr\u016fmyslov\u00fdch porcel\u00e1nek.<\/p>\n<p>Autorem v\u00fdtvarn\u00e9ho n\u00e1vrhu tohoto \u0161ap\u00f3 je akademick\u00fd socha\u0159 Ji\u0159\u00ed La\u0161tovi\u010dka. P\u016fvodn\u011b vznikl jako atraktivn\u00ed suven\u00fdr ur\u010den\u00fd pro n\u00e1v\u0161t\u011bvn\u00edky Barcelony a jeho inspirac\u00ed byla ka\u0161na od geni\u00e1ln\u00edho katal\u00e1nsk\u00e9ho architekta Antonio Gaud\u00ed.T\u011blo je\u0161t\u011bra pokryt\u00e9 mozaikou r\u016fznobarevn\u00fdch keramick\u00fdch st\u0159ep\u016f je vn\u00edm\u00e1no jako jeden ze symbol\u016f Barcelony. Vzhledem k velk\u00e9mu z\u00e1jmu o tento v\u00fdrobek u n\u00e1s doma i v dal\u0161\u00edch koutech sv\u011bta se za\u010dal vyr\u00e1b\u011bt na zak\u00e1zku v r\u016fzn\u00fdch obm\u011bn\u00e1ch dekoru.<\/p>\n<p>Stav: nov\u00fd<br \/>\nZna\u010dka: Ateli\u00e9r Lesov<br \/>\nRozm\u011br<br \/>\nPr\u016fm\u011br pod\u0161\u00e1lku: 15 cm<br \/>\nObjem: 300 ml<\/p>\n","protected":false},"excerpt":{"rendered":"<p>Hrnek s je\u0161t\u011brem z porcel\u00e1nky Ateli\u00e9r Lesov, kter\u00e1 byla zalo\u017eena v roce 1901. Pozd\u011bji v roce 1958 byla za\u010dlen\u011bna do<\/p>\n","protected":false},"featured_media":14741,"template":"","meta":[],"product_brand":[153],"product_cat":[91],"product_tag":[],"class_list":{"0":"post-15847","1":"product","2":"type-product","3":"status-publish","4":"has-post-thumbnail","6":"product_brand-eterle-cz","7":"product_cat-prodane","9":"first","10":"outofstock","11":"purchasable","12":"product-type-simple"},"_links":{"self":[{"href":"https:\/\/eterle.cz\/eshop\/wp-json\/wp\/v2\/product\/15847","targetHints":{"allow":["GET"]}}],"collection":[{"href":"https:\/\/eterle.cz\/eshop\/wp-json\/wp\/v2\/product"}],"about":[{"href":"https:\/\/eterle.cz\/eshop\/wp-json\/wp\/v2\/types\/product"}],"version-history":[{"count":1,"href":"https:\/\/eterle.cz\/eshop\/wp-json\/wp\/v2\/product\/15847\/revisions"}],"predecessor-version":[{"id":26296,"href":"https:\/\/eterle.cz\/eshop\/wp-json\/wp\/v2\/product\/15847\/revisions\/26296"}],"wp:featuredmedia":[{"embeddable":true,"href":"https:\/\/eterle.cz\/eshop\/wp-json\/wp\/v2\/media\/14741"}],"wp:attachment":[{"href":"https:\/\/eterle.cz\/eshop\/wp-json\/wp\/v2\/media?parent=15847"}],"wp:term":[{"taxonomy":"product_brand","embeddable":true,"href":"https:\/\/eterle.cz\/eshop\/wp-json\/wp\/v2\/product_brand?post=15847"},{"taxonomy":"product_cat","embeddable":true,"href":"https:\/\/eterle.cz\/eshop\/wp-json\/wp\/v2\/product_cat?post=15847"},{"taxonomy":"product_tag","embeddable":true,"href":"https:\/\/eterle.cz\/eshop\/wp-json\/wp\/v2\/product_tag?post=15847"}],"curies":[{"name":"wp","href":"https:\/\/api.w.org\/{rel}","templated":true}]}}

Hrnek s ještěrem / Ateliér Lesov

<p>Hrnek s ještěrem z porcelánky Ateliér Lesov, která byla založena v roce 1901. Později v roce 1958 byla začleněna do podniku Karlovarský porcelán jako vývojové studio pro nové tvary a centrum špičkových designérů. Od roku 2012 je porcelánka samostatnou manufakturou s novým názvem Atelier JM Lesov/Thun Studio. Výhradně ručním způsobem výroby a originálním autorským designem svých výrobků se zásadně liší od velkých průmyslových porcelánek.</p>
<p>Autorem výtvarného návrhu tohoto šapó je akademický sochař Jiří Laštovička. Původně vznikl jako atraktivní suvenýr určený pro návštěvníky Barcelony a jeho inspirací byla kašna od geniálního katalánského architekta Antonio Gaudí.Tělo ještěra pokryté mozaikou různobarevných keramických střepů je vnímáno jako jeden ze symbolů Barcelony. Vzhledem k velkému zájmu o tento výrobek u nás doma i v dalších koutech světa se začal vyrábět na zakázku v různých obměnách dekoru.</p>
<p>Stav: nový<br />
Značka: Ateliér Lesov<br />
Rozměr<br />
Průměr podšálku: 15 cm<br />
Objem: 300 ml</p>

<p>Hrnek s ještěrem z porcelánky Ateliér Lesov, která byla založena v roce 1901. Později v roce 1958 byla začleněna do</p>
