{"id":15850,"date":"2023-10-20T20:33:28","date_gmt":"2023-10-20T18:33:28","guid":{"rendered":"https:\/\/eterle.cz\/eshop\/produkt\/servirovaci-talir-fyrklovern\/"},"modified":"2025-06-24T01:53:45","modified_gmt":"2025-06-23T23:53:45","slug":"servirovaci-talir-fyrklovern","status":"publish","type":"product","link":"https:\/\/eterle.cz\/eshop\/produkt\/servirovaci-talir-fyrklovern\/","title":{"rendered":"Serv\u00edrovac\u00ed tal\u00ed\u0159 \/ Fyrkl\u00f6vern"},"content":{"rendered":"<p>Tal\u00ed\u0159e poch\u00e1z\u00ed od jedn\u00e9 z p\u0159edn\u00edch seversk\u00fdch porcel\u00e1nek Fyrkl\u00f6vern a autorem dekoru je Anne Rooslien. Um\u011blkyn\u011b, kter\u00e1 se ve sv\u00e9 tvorb\u011b inspiruje l\u00e1skou a hudbou. Tyto tal\u00e1\u0159e poch\u00e1zeji z \u0159ady POLSKA 100, kter\u00e1 vznikla u p\u0159\u00edle\u017eitosti st\u00e9ho v\u00fdro\u010d\u00ed znovuz\u00edsk\u00e1n\u00ed nez\u00e1vislosti Polska.<\/p>\n<p>Stav: nov\u00fd<br \/>\nZna\u010dka: Fyrkl\u00f6vern<br \/>\nRozm\u011br: 35 x 25 cm<\/p>\n","protected":false},"excerpt":{"rendered":"<p>Tal\u00ed\u0159e poch\u00e1z\u00ed od jedn\u00e9 z p\u0159edn\u00edch seversk\u00fdch porcel\u00e1nek Fyrkl\u00f6vern a autorem dekoru je Anne Rooslien. Um\u011blkyn\u011b, kter\u00e1 se ve sv\u00e9<\/p>\n","protected":false},"featured_media":14758,"template":"","meta":[],"product_brand":[153],"product_cat":[76,109],"product_tag":[],"class_list":{"0":"post-15850","1":"product","2":"type-product","3":"status-publish","4":"has-post-thumbnail","6":"product_brand-eterle-cz","7":"product_cat-porcelan","8":"product_cat-talire","10":"first","11":"instock","12":"purchasable","13":"product-type-simple"},"_links":{"self":[{"href":"https:\/\/eterle.cz\/eshop\/wp-json\/wp\/v2\/product\/15850","targetHints":{"allow":["GET"]}}],"collection":[{"href":"https:\/\/eterle.cz\/eshop\/wp-json\/wp\/v2\/product"}],"about":[{"href":"https:\/\/eterle.cz\/eshop\/wp-json\/wp\/v2\/types\/product"}],"version-history":[{"count":1,"href":"https:\/\/eterle.cz\/eshop\/wp-json\/wp\/v2\/product\/15850\/revisions"}],"predecessor-version":[{"id":26295,"href":"https:\/\/eterle.cz\/eshop\/wp-json\/wp\/v2\/product\/15850\/revisions\/26295"}],"wp:featuredmedia":[{"embeddable":true,"href":"https:\/\/eterle.cz\/eshop\/wp-json\/wp\/v2\/media\/14758"}],"wp:attachment":[{"href":"https:\/\/eterle.cz\/eshop\/wp-json\/wp\/v2\/media?parent=15850"}],"wp:term":[{"taxonomy":"product_brand","embeddable":true,"href":"https:\/\/eterle.cz\/eshop\/wp-json\/wp\/v2\/product_brand?post=15850"},{"taxonomy":"product_cat","embeddable":true,"href":"https:\/\/eterle.cz\/eshop\/wp-json\/wp\/v2\/product_cat?post=15850"},{"taxonomy":"product_tag","embeddable":true,"href":"https:\/\/eterle.cz\/eshop\/wp-json\/wp\/v2\/product_tag?post=15850"}],"curies":[{"name":"wp","href":"https:\/\/api.w.org\/{rel}","templated":true}]}}

Servírovací talíř / Fyrklövern

<p>Talíře pochází od jedné z předních severských porcelánek Fyrklövern a autorem dekoru je Anne Rooslien. Umělkyně, která se ve své tvorbě inspiruje láskou a hudbou. Tyto taláře pocházeji z řady POLSKA 100, která vznikla u příležitosti stého výročí znovuzískání nezávislosti Polska.</p>
<p>Stav: nový<br />
Značka: Fyrklövern<br />
Rozměr: 35 x 25 cm</p>

<p>Talíře pochází od jedné z předních severských porcelánek Fyrklövern a autorem dekoru je Anne Rooslien. Umělkyně, která se ve své</p>
