{"id":15855,"date":"2023-10-20T20:33:58","date_gmt":"2023-10-20T18:33:58","guid":{"rendered":"https:\/\/eterle.cz\/eshop\/produkt\/snidanova-sada-alt-tirschenreuth\/"},"modified":"2025-06-24T01:53:45","modified_gmt":"2025-06-23T23:53:45","slug":"snidanova-sada-alt-tirschenreuth","status":"publish","type":"product","link":"https:\/\/eterle.cz\/eshop\/produkt\/snidanova-sada-alt-tirschenreuth\/","title":{"rendered":"Sn\u00edda\u0148ov\u00e1 sada \/ ALT Tirschenreuth"},"content":{"rendered":"<p>N\u011b\u017en\u00e1 sn\u00edda\u0148ov\u00e1 sada z velmi tenk\u00e9ho st\u0159epu z porcel\u00e1nky ALT Tirschenreuth. Bohat\u011b zdobena jemn\u00fdm plastick\u00fdm vzorem a mnoha detaily nejen na ou\u0161ku, ale i zespoda hrne\u010dku. P\u016fsob\u00fd skute\u010dn\u011b velmi k\u0159ehce.<\/p>\n<p>Stav: nov\u00fd<br \/>\nZna\u010dka: ALT Tirschenreuth<br \/>\nRozm\u011br<br \/>\nObjem hrne\u010dk: 180 ml<br \/>\nPr\u016fm\u011br pod\u0161\u00e1lku: 15 cm<br \/>\nPr\u016fm\u011br dezertn\u00edho tal\u00ed\u0159ku: 21 cm<\/p>\n","protected":false},"excerpt":{"rendered":"<p>N\u011b\u017en\u00e1 sn\u00edda\u0148ov\u00e1 sada z velmi tenk\u00e9ho st\u0159epu z porcel\u00e1nky ALT Tirschenreuth. Bohat\u011b zdobena jemn\u00fdm plastick\u00fdm vzorem a mnoha detaily nejen<\/p>\n","protected":false},"featured_media":14780,"template":"","meta":[],"product_brand":[153],"product_cat":[76,120],"product_tag":[],"class_list":{"0":"post-15855","1":"product","2":"type-product","3":"status-publish","4":"has-post-thumbnail","6":"product_brand-eterle-cz","7":"product_cat-porcelan","8":"product_cat-hrnecky","10":"first","11":"instock","12":"purchasable","13":"product-type-simple"},"_links":{"self":[{"href":"https:\/\/eterle.cz\/eshop\/wp-json\/wp\/v2\/product\/15855","targetHints":{"allow":["GET"]}}],"collection":[{"href":"https:\/\/eterle.cz\/eshop\/wp-json\/wp\/v2\/product"}],"about":[{"href":"https:\/\/eterle.cz\/eshop\/wp-json\/wp\/v2\/types\/product"}],"version-history":[{"count":1,"href":"https:\/\/eterle.cz\/eshop\/wp-json\/wp\/v2\/product\/15855\/revisions"}],"predecessor-version":[{"id":26292,"href":"https:\/\/eterle.cz\/eshop\/wp-json\/wp\/v2\/product\/15855\/revisions\/26292"}],"wp:featuredmedia":[{"embeddable":true,"href":"https:\/\/eterle.cz\/eshop\/wp-json\/wp\/v2\/media\/14780"}],"wp:attachment":[{"href":"https:\/\/eterle.cz\/eshop\/wp-json\/wp\/v2\/media?parent=15855"}],"wp:term":[{"taxonomy":"product_brand","embeddable":true,"href":"https:\/\/eterle.cz\/eshop\/wp-json\/wp\/v2\/product_brand?post=15855"},{"taxonomy":"product_cat","embeddable":true,"href":"https:\/\/eterle.cz\/eshop\/wp-json\/wp\/v2\/product_cat?post=15855"},{"taxonomy":"product_tag","embeddable":true,"href":"https:\/\/eterle.cz\/eshop\/wp-json\/wp\/v2\/product_tag?post=15855"}],"curies":[{"name":"wp","href":"https:\/\/api.w.org\/{rel}","templated":true}]}}